{"id":10185,"date":"2024-01-12T16:58:20","date_gmt":"2024-01-12T15:58:20","guid":{"rendered":"https:\/\/jhrealestate.es\/propiedad\/ve-jhre041\/"},"modified":"2024-01-26T12:04:43","modified_gmt":"2024-01-26T11:04:43","slug":"ve-jhre041","status":"publish","type":"rem_property","link":"https:\/\/jhrealestate.es\/de\/immobilie\/ve-jhre041\/","title":{"rendered":"VE-JHRE041 &#8211; Historisches renoviertes Geb\u00e4ude zum Verkauf in einer Gesch\u00e4ftsstra\u00dfe der Altstadt von Palma, in der N\u00e4he der Plaza Mayor &#038; Cort."},"content":{"rendered":"<p>Historisches renoviertes Geb\u00e4ude zum Verkauf in einer Gesch\u00e4ftsstra\u00dfe der Altstadt von Palma, in der N\u00e4he der Plaza Mayor &amp; Cort.<\/p>\n<p>Das Geb\u00e4ude bietet eine Gesamtfl\u00e4che von etwa 1.800 qm, aufgeteilt auf 3 Etagen von jeweils etwa 500 qm, dazu kommt ein Zwischengeschoss von etwa 300 qm und eine obere Terrasse\/Dach.<\/p>\n<p>Es verf\u00fcgt \u00fcber einen direkten Zugang von einer der belebtesten Gesch\u00e4ftsstra\u00dfen von Palma Zentrum und einen weiteren Zugang durch die R\u00fcckseite des Geb\u00e4udes, der f\u00fcr die Warenlieferung genutzt werden kann.<\/p>\n<p>Die derzeitige Nutzung ist gewerblich, das Geb\u00e4ude verf\u00fcgt \u00fcber einen Aufzug, jedoch keinen Parkplatz.<\/p>\n<p>Baupl\u00e4ne des Geb\u00e4udes sind verf\u00fcgbar.<\/p>\n<p>Aufgrund von Vertraulichkeit k\u00f6nnen wir keine weiteren Informationen \u00f6ffentlich bekannt geben, aber wir werden gerne mehr Details bereitstellen, wenn ein Besichtigungstermin vereinbart wird.<\/p>\n<p>Bitte z\u00f6gern Sie nicht, uns zu kontaktieren.<\/p>\n","protected":false},"excerpt":{"rendered":"<p>PALMA CENTRO <\/p>\n","protected":false},"author":3,"featured_media":10139,"parent":0,"menu_order":0,"template":"","rem_property_cat":[],"class_list":["post-10185","rem_property","type-rem_property","status-publish","has-post-thumbnail","hentry"],"yoast_head":"<!-- This site is optimized with the Yoast SEO plugin v26.9 - https:\/\/yoast.com\/product\/yoast-seo-wordpress\/ -->\n<title>VE-JHRE041 - Historisches renoviertes Geb\u00e4ude zum Verkauf in einer Gesch\u00e4ftsstra\u00dfe der Altstadt von Palma, in der N\u00e4he der Plaza Mayor &amp; Cort. | JH Real Estate Mallorca<\/title>\n<meta name=\"robots\" content=\"index, follow, max-snippet:-1, max-image-preview:large, max-video-preview:-1\" \/>\n<link rel=\"canonical\" href=\"https:\/\/jhrealestate.es\/de\/immobilie\/ve-jhre041\/\" \/>\n<meta property=\"og:locale\" content=\"de_DE\" \/>\n<meta property=\"og:type\" content=\"article\" \/>\n<meta property=\"og:title\" content=\"VE-JHRE041 - Historisches renoviertes Geb\u00e4ude zum Verkauf in einer Gesch\u00e4ftsstra\u00dfe der Altstadt von Palma, in der N\u00e4he der Plaza Mayor &amp; Cort. | JH Real Estate Mallorca\" \/>\n<meta property=\"og:description\" content=\"PALMA CENTRO\" \/>\n<meta property=\"og:url\" content=\"https:\/\/jhrealestate.es\/de\/immobilie\/ve-jhre041\/\" \/>\n<meta property=\"og:site_name\" content=\"JH Real Estate Mallorca\" \/>\n<meta property=\"article:publisher\" content=\"https:\/\/www.facebook.com\/jh.realestatemallorca\" \/>\n<meta property=\"article:modified_time\" content=\"2024-01-26T11:04:43+00:00\" \/>\n<meta property=\"og:image\" content=\"https:\/\/jhrealestate.es\/wp-content\/uploads\/2024\/01\/VE-JHRE041-1-1024x576.jpg\" \/>\n<meta name=\"twitter:card\" content=\"summary_large_image\" \/>\n<meta name=\"twitter:label1\" content=\"Gesch\u00e4tzte Lesezeit\" \/>\n\t<meta name=\"twitter:data1\" content=\"1\u00a0Minute\" \/>\n<script type=\"application\/ld+json\" class=\"yoast-schema-graph\">{\"@context\":\"https:\/\/schema.org\",\"@graph\":[{\"@type\":[\"WebPage\",\"RealEstateListing\"],\"@id\":\"https:\/\/jhrealestate.es\/de\/immobilie\/ve-jhre041\/\",\"url\":\"https:\/\/jhrealestate.es\/de\/immobilie\/ve-jhre041\/\",\"name\":\"VE-JHRE041 - Historisches renoviertes Geb\u00e4ude zum Verkauf in einer Gesch\u00e4ftsstra\u00dfe der Altstadt von Palma, in der N\u00e4he der Plaza Mayor & Cort. | JH Real Estate Mallorca\",\"isPartOf\":{\"@id\":\"https:\/\/jhrealestate.es\/de\/#website\"},\"primaryImageOfPage\":{\"@id\":\"https:\/\/jhrealestate.es\/de\/immobilie\/ve-jhre041\/#primaryimage\"},\"image\":{\"@id\":\"https:\/\/jhrealestate.es\/de\/immobilie\/ve-jhre041\/#primaryimage\"},\"thumbnailUrl\":\"https:\/\/jhrealestate.es\/wp-content\/uploads\/2024\/01\/VE-JHRE041-1.jpg\",\"datePublished\":\"2024-01-12T15:58:20+00:00\",\"dateModified\":\"2024-01-26T11:04:43+00:00\",\"breadcrumb\":{\"@id\":\"https:\/\/jhrealestate.es\/de\/immobilie\/ve-jhre041\/#breadcrumb\"},\"inLanguage\":\"de\",\"potentialAction\":[{\"@type\":\"ReadAction\",\"target\":[\"https:\/\/jhrealestate.es\/de\/immobilie\/ve-jhre041\/\"]}]},{\"@type\":\"ImageObject\",\"inLanguage\":\"de\",\"@id\":\"https:\/\/jhrealestate.es\/de\/immobilie\/ve-jhre041\/#primaryimage\",\"url\":\"https:\/\/jhrealestate.es\/wp-content\/uploads\/2024\/01\/VE-JHRE041-1.jpg\",\"contentUrl\":\"https:\/\/jhrealestate.es\/wp-content\/uploads\/2024\/01\/VE-JHRE041-1.jpg\",\"width\":1600,\"height\":900},{\"@type\":\"BreadcrumbList\",\"@id\":\"https:\/\/jhrealestate.es\/de\/immobilie\/ve-jhre041\/#breadcrumb\",\"itemListElement\":[{\"@type\":\"ListItem\",\"position\":1,\"name\":\"Portada\",\"item\":\"https:\/\/jhrealestate.es\/de\/\"},{\"@type\":\"ListItem\",\"position\":2,\"name\":\"Immobilien\",\"item\":\"https:\/\/jhrealestate.es\/de\/immobilie\/\"},{\"@type\":\"ListItem\",\"position\":3,\"name\":\"VE-JHRE041 &#8211; Historisches renoviertes Geb\u00e4ude zum Verkauf in einer Gesch\u00e4ftsstra\u00dfe der Altstadt von Palma, in der N\u00e4he der Plaza Mayor &#038; Cort.\"}]},{\"@type\":\"WebSite\",\"@id\":\"https:\/\/jhrealestate.es\/de\/#website\",\"url\":\"https:\/\/jhrealestate.es\/de\/\",\"name\":\"JH Real Estate Mallorca\",\"description\":\"Real Estate en Mallorca\",\"publisher\":{\"@id\":\"https:\/\/jhrealestate.es\/de\/#organization\"},\"potentialAction\":[{\"@type\":\"SearchAction\",\"target\":{\"@type\":\"EntryPoint\",\"urlTemplate\":\"https:\/\/jhrealestate.es\/de\/?s={search_term_string}\"},\"query-input\":{\"@type\":\"PropertyValueSpecification\",\"valueRequired\":true,\"valueName\":\"search_term_string\"}}],\"inLanguage\":\"de\"},{\"@type\":\"Organization\",\"@id\":\"https:\/\/jhrealestate.es\/de\/#organization\",\"name\":\"JH Real Estate Mallorca\",\"url\":\"https:\/\/jhrealestate.es\/de\/\",\"logo\":{\"@type\":\"ImageObject\",\"inLanguage\":\"de\",\"@id\":\"https:\/\/jhrealestate.es\/de\/#\/schema\/logo\/image\/\",\"url\":\"https:\/\/jhrealestate.es\/wp-content\/uploads\/2021\/11\/Logo-JHRE.png\",\"contentUrl\":\"https:\/\/jhrealestate.es\/wp-content\/uploads\/2021\/11\/Logo-JHRE.png\",\"width\":252,\"height\":200,\"caption\":\"JH Real Estate Mallorca\"},\"image\":{\"@id\":\"https:\/\/jhrealestate.es\/de\/#\/schema\/logo\/image\/\"},\"sameAs\":[\"https:\/\/www.facebook.com\/jh.realestatemallorca\",\"https:\/\/www.instagram.com\/jh.realestatemallorca\",\"https:\/\/www.youtube.com\/channel\/UCwlku0kp0G8CPBZ61xelIHw\",\"https:\/\/www.linkedin.com\/in\/joseheredia1973\/\"]}]}<\/script>\n<!-- \/ Yoast SEO plugin. -->","yoast_head_json":{"title":"VE-JHRE041 - Historisches renoviertes Geb\u00e4ude zum Verkauf in einer Gesch\u00e4ftsstra\u00dfe der Altstadt von Palma, in der N\u00e4he der Plaza Mayor & Cort. | JH Real Estate Mallorca","robots":{"index":"index","follow":"follow","max-snippet":"max-snippet:-1","max-image-preview":"max-image-preview:large","max-video-preview":"max-video-preview:-1"},"canonical":"https:\/\/jhrealestate.es\/de\/immobilie\/ve-jhre041\/","og_locale":"de_DE","og_type":"article","og_title":"VE-JHRE041 - Historisches renoviertes Geb\u00e4ude zum Verkauf in einer Gesch\u00e4ftsstra\u00dfe der Altstadt von Palma, in der N\u00e4he der Plaza Mayor & Cort. | JH Real Estate Mallorca","og_description":"PALMA CENTRO","og_url":"https:\/\/jhrealestate.es\/de\/immobilie\/ve-jhre041\/","og_site_name":"JH Real Estate Mallorca","article_publisher":"https:\/\/www.facebook.com\/jh.realestatemallorca","article_modified_time":"2024-01-26T11:04:43+00:00","og_image":[{"url":"https:\/\/jhrealestate.es\/wp-content\/uploads\/2024\/01\/VE-JHRE041-1-1024x576.jpg","type":"","width":"","height":""}],"twitter_card":"summary_large_image","twitter_misc":{"Gesch\u00e4tzte Lesezeit":"1\u00a0Minute"},"schema":{"@context":"https:\/\/schema.org","@graph":[{"@type":["WebPage","RealEstateListing"],"@id":"https:\/\/jhrealestate.es\/de\/immobilie\/ve-jhre041\/","url":"https:\/\/jhrealestate.es\/de\/immobilie\/ve-jhre041\/","name":"VE-JHRE041 - Historisches renoviertes Geb\u00e4ude zum Verkauf in einer Gesch\u00e4ftsstra\u00dfe der Altstadt von Palma, in der N\u00e4he der Plaza Mayor & Cort. | JH Real Estate Mallorca","isPartOf":{"@id":"https:\/\/jhrealestate.es\/de\/#website"},"primaryImageOfPage":{"@id":"https:\/\/jhrealestate.es\/de\/immobilie\/ve-jhre041\/#primaryimage"},"image":{"@id":"https:\/\/jhrealestate.es\/de\/immobilie\/ve-jhre041\/#primaryimage"},"thumbnailUrl":"https:\/\/jhrealestate.es\/wp-content\/uploads\/2024\/01\/VE-JHRE041-1.jpg","datePublished":"2024-01-12T15:58:20+00:00","dateModified":"2024-01-26T11:04:43+00:00","breadcrumb":{"@id":"https:\/\/jhrealestate.es\/de\/immobilie\/ve-jhre041\/#breadcrumb"},"inLanguage":"de","potentialAction":[{"@type":"ReadAction","target":["https:\/\/jhrealestate.es\/de\/immobilie\/ve-jhre041\/"]}]},{"@type":"ImageObject","inLanguage":"de","@id":"https:\/\/jhrealestate.es\/de\/immobilie\/ve-jhre041\/#primaryimage","url":"https:\/\/jhrealestate.es\/wp-content\/uploads\/2024\/01\/VE-JHRE041-1.jpg","contentUrl":"https:\/\/jhrealestate.es\/wp-content\/uploads\/2024\/01\/VE-JHRE041-1.jpg","width":1600,"height":900},{"@type":"BreadcrumbList","@id":"https:\/\/jhrealestate.es\/de\/immobilie\/ve-jhre041\/#breadcrumb","itemListElement":[{"@type":"ListItem","position":1,"name":"Portada","item":"https:\/\/jhrealestate.es\/de\/"},{"@type":"ListItem","position":2,"name":"Immobilien","item":"https:\/\/jhrealestate.es\/de\/immobilie\/"},{"@type":"ListItem","position":3,"name":"VE-JHRE041 &#8211; Historisches renoviertes Geb\u00e4ude zum Verkauf in einer Gesch\u00e4ftsstra\u00dfe der Altstadt von Palma, in der N\u00e4he der Plaza Mayor &#038; Cort."}]},{"@type":"WebSite","@id":"https:\/\/jhrealestate.es\/de\/#website","url":"https:\/\/jhrealestate.es\/de\/","name":"JH Real Estate Mallorca","description":"Real Estate en Mallorca","publisher":{"@id":"https:\/\/jhrealestate.es\/de\/#organization"},"potentialAction":[{"@type":"SearchAction","target":{"@type":"EntryPoint","urlTemplate":"https:\/\/jhrealestate.es\/de\/?s={search_term_string}"},"query-input":{"@type":"PropertyValueSpecification","valueRequired":true,"valueName":"search_term_string"}}],"inLanguage":"de"},{"@type":"Organization","@id":"https:\/\/jhrealestate.es\/de\/#organization","name":"JH Real Estate Mallorca","url":"https:\/\/jhrealestate.es\/de\/","logo":{"@type":"ImageObject","inLanguage":"de","@id":"https:\/\/jhrealestate.es\/de\/#\/schema\/logo\/image\/","url":"https:\/\/jhrealestate.es\/wp-content\/uploads\/2021\/11\/Logo-JHRE.png","contentUrl":"https:\/\/jhrealestate.es\/wp-content\/uploads\/2021\/11\/Logo-JHRE.png","width":252,"height":200,"caption":"JH Real Estate Mallorca"},"image":{"@id":"https:\/\/jhrealestate.es\/de\/#\/schema\/logo\/image\/"},"sameAs":["https:\/\/www.facebook.com\/jh.realestatemallorca","https:\/\/www.instagram.com\/jh.realestatemallorca","https:\/\/www.youtube.com\/channel\/UCwlku0kp0G8CPBZ61xelIHw","https:\/\/www.linkedin.com\/in\/joseheredia1973\/"]}]}},"_links":{"self":[{"href":"https:\/\/jhrealestate.es\/de\/wp-json\/wp\/v2\/properties\/10185","targetHints":{"allow":["GET"]}}],"collection":[{"href":"https:\/\/jhrealestate.es\/de\/wp-json\/wp\/v2\/properties"}],"about":[{"href":"https:\/\/jhrealestate.es\/de\/wp-json\/wp\/v2\/types\/rem_property"}],"author":[{"embeddable":true,"href":"https:\/\/jhrealestate.es\/de\/wp-json\/wp\/v2\/users\/3"}],"wp:featuredmedia":[{"embeddable":true,"href":"https:\/\/jhrealestate.es\/de\/wp-json\/wp\/v2\/media\/10139"}],"wp:attachment":[{"href":"https:\/\/jhrealestate.es\/de\/wp-json\/wp\/v2\/media?parent=10185"}],"wp:term":[{"taxonomy":"rem_property_cat","embeddable":true,"href":"https:\/\/jhrealestate.es\/de\/wp-json\/wp\/v2\/rem_property_cat?post=10185"}],"curies":[{"name":"wp","href":"https:\/\/api.w.org\/{rel}","templated":true}]}}

VE-JHRE041 &#8211; Historisches renoviertes Gebäude zum Verkauf in einer Geschäftsstraße der Altstadt von Palma, in der Nähe der Plaza Mayor &#038; Cort.

<p>Historisches renoviertes Gebäude zum Verkauf in einer Geschäftsstraße der Altstadt von Palma, in der Nähe der Plaza Mayor &amp; Cort.</p>
<p>Das Gebäude bietet eine Gesamtfläche von etwa 1.800 qm, aufgeteilt auf 3 Etagen von jeweils etwa 500 qm, dazu kommt ein Zwischengeschoss von etwa 300 qm und eine obere Terrasse/Dach.</p>
<p>Es verfügt über einen direkten Zugang von einer der belebtesten Geschäftsstraßen von Palma Zentrum und einen weiteren Zugang durch die Rückseite des Gebäudes, der für die Warenlieferung genutzt werden kann.</p>
<p>Die derzeitige Nutzung ist gewerblich, das Gebäude verfügt über einen Aufzug, jedoch keinen Parkplatz.</p>
<p>Baupläne des Gebäudes sind verfügbar.</p>
<p>Aufgrund von Vertraulichkeit können wir keine weiteren Informationen öffentlich bekannt geben, aber wir werden gerne mehr Details bereitstellen, wenn ein Besichtigungstermin vereinbart wird.</p>
<p>Bitte zögern Sie nicht, uns zu kontaktieren.</p>

<!-- This site is optimized with the Yoast SEO plugin v26.9 - https://yoast.com/product/yoast-seo-wordpress/ -->
<title>VE-JHRE041 - Historisches renoviertes Gebäude zum Verkauf in einer Geschäftsstraße der Altstadt von Palma, in der Nähe der Plaza Mayor &amp; Cort. | JH Real Estate Mallorca</title>
<meta name="robots" content="index, follow, max-snippet:-1, max-image-preview:large, max-video-preview:-1" />
<link rel="canonical" href="https://jhrealestate.es/de/immobilie/ve-jhre041/" />
<meta property="og:locale" content="de_DE" />
<meta property="og:type" content="article" />
<meta property="og:title" content="VE-JHRE041 - Historisches renoviertes Gebäude zum Verkauf in einer Geschäftsstraße der Altstadt von Palma, in der Nähe der Plaza Mayor &amp; Cort. | JH Real Estate Mallorca" />
<meta property="og:description" content="PALMA CENTRO" />
<meta property="og:url" content="https://jhrealestate.es/de/immobilie/ve-jhre041/" />
<meta property="og:site_name" content="JH Real Estate Mallorca" />
<meta property="article:publisher" content="https://www.facebook.com/jh.realestatemallorca" />
<meta property="article:modified_time" content="2024-01-26T11:04:43+00:00" />
<meta property="og:image" content="https://jhrealestate.es/wp-content/uploads/2024/01/VE-JHRE041-1-1024x576.jpg" />
<meta name="twitter:card" content="summary_large_image" />
<meta name="twitter:label1" content="Geschätzte Lesezeit" />
	<meta name="twitter:data1" content="1 Minute" />
<script type="application/ld+json" class="yoast-schema-graph">{"@context":"https://schema.org","@graph":[{"@type":["WebPage","RealEstateListing"],"@id":"https://jhrealestate.es/de/immobilie/ve-jhre041/","url":"https://jhrealestate.es/de/immobilie/ve-jhre041/","name":"VE-JHRE041 - Historisches renoviertes Gebäude zum Verkauf in einer Geschäftsstraße der Altstadt von Palma, in der Nähe der Plaza Mayor & Cort. | JH Real Estate Mallorca","isPartOf":{"@id":"https://jhrealestate.es/de/#website"},"primaryImageOfPage":{"@id":"https://jhrealestate.es/de/immobilie/ve-jhre041/#primaryimage"},"image":{"@id":"https://jhrealestate.es/de/immobilie/ve-jhre041/#primaryimage"},"thumbnailUrl":"https://jhrealestate.es/wp-content/uploads/2024/01/VE-JHRE041-1.jpg","datePublished":"2024-01-12T15:58:20+00:00","dateModified":"2024-01-26T11:04:43+00:00","breadcrumb":{"@id":"https://jhrealestate.es/de/immobilie/ve-jhre041/#breadcrumb"},"inLanguage":"de","potentialAction":[{"@type":"ReadAction","target":["https://jhrealestate.es/de/immobilie/ve-jhre041/"]}]},{"@type":"ImageObject","inLanguage":"de","@id":"https://jhrealestate.es/de/immobilie/ve-jhre041/#primaryimage","url":"https://jhrealestate.es/wp-content/uploads/2024/01/VE-JHRE041-1.jpg","contentUrl":"https://jhrealestate.es/wp-content/uploads/2024/01/VE-JHRE041-1.jpg","width":1600,"height":900},{"@type":"BreadcrumbList","@id":"https://jhrealestate.es/de/immobilie/ve-jhre041/#breadcrumb","itemListElement":[{"@type":"ListItem","position":1,"name":"Portada","item":"https://jhrealestate.es/de/"},{"@type":"ListItem","position":2,"name":"Immobilien","item":"https://jhrealestate.es/de/immobilie/"},{"@type":"ListItem","position":3,"name":"VE-JHRE041 &#8211; Historisches renoviertes Gebäude zum Verkauf in einer Geschäftsstraße der Altstadt von Palma, in der Nähe der Plaza Mayor &#038; Cort."}]},{"@type":"WebSite","@id":"https://jhrealestate.es/de/#website","url":"https://jhrealestate.es/de/","name":"JH Real Estate Mallorca","description":"Real Estate en Mallorca","publisher":{"@id":"https://jhrealestate.es/de/#organization"},"potentialAction":[{"@type":"SearchAction","target":{"@type":"EntryPoint","urlTemplate":"https://jhrealestate.es/de/?s={search_term_string}"},"query-input":{"@type":"PropertyValueSpecification","valueRequired":true,"valueName":"search_term_string"}}],"inLanguage":"de"},{"@type":"Organization","@id":"https://jhrealestate.es/de/#organization","name":"JH Real Estate Mallorca","url":"https://jhrealestate.es/de/","logo":{"@type":"ImageObject","inLanguage":"de","@id":"https://jhrealestate.es/de/#/schema/logo/image/","url":"https://jhrealestate.es/wp-content/uploads/2021/11/Logo-JHRE.png","contentUrl":"https://jhrealestate.es/wp-content/uploads/2021/11/Logo-JHRE.png","width":252,"height":200,"caption":"JH Real Estate Mallorca"},"image":{"@id":"https://jhrealestate.es/de/#/schema/logo/image/"},"sameAs":["https://www.facebook.com/jh.realestatemallorca","https://www.instagram.com/jh.realestatemallorca","https://www.youtube.com/channel/UCwlku0kp0G8CPBZ61xelIHw","https://www.linkedin.com/in/joseheredia1973/"]}]}</script>
<!-- / Yoast SEO plugin. -->

VE-JHRE041 - Historisches renoviertes Gebäude zum Verkauf in einer Geschäftsstraße der Altstadt von Palma, in der Nähe der Plaza Mayor & Cort. | JH Real Estate Mallorca
