{"id":11797,"date":"2014-08-12T15:12:17","date_gmt":"2014-08-12T13:12:17","guid":{"rendered":"https:\/\/jhrealestate.es\/propiedad\/ve-jhre050\/"},"modified":"2024-10-07T10:06:39","modified_gmt":"2024-10-07T08:06:39","slug":"ve-jhre050","status":"publish","type":"rem_property","link":"https:\/\/jhrealestate.es\/de\/immobilie\/ve-jhre050\/","title":{"rendered":"VE-JHRE050 &#8211; Ger\u00e4umige renovierte Wohnung mit 3 Schlafzimmern in der N\u00e4he von Palmaplanas, Ocimax und Consell de Mallorca"},"content":{"rendered":"<p>Die Wohnung befindet sich im 3. Stock eines sehr ruhigen Wohnkomplexes mit allen Arten von Dienstleistungen in unmittelbarer N\u00e4he. Sie hat eine Gesamtfl\u00e4che von 121 m\u00b2, die wie folgt verteilt ist:<\/p>\n<p>\u2022 3 Doppelschlafzimmer (alle nach au\u00dfen gerichtet und mit Einbauschr\u00e4nken)<br \/>\u2022 Gro\u00dfes, helles Wohnzimmer von ca. 30 m\u00b2 mit Zugang zu einem kleinen Balkon<br \/>\u2022 Vollst\u00e4ndig renovierte, m\u00f6blierte und ausgestattete K\u00fcche mit Zugang zu einem Hauswirtschaftsraum mit Waschmaschine, Gastherme und Stauraum<br \/>\u2022 2 voll ausgestattete Badezimmer, beide mit Dusche<br \/>\u2022 Ger\u00e4umiger Eingangsbereich mit Einbauschrank<br \/>\u2022 Gro\u00dfz\u00fcgiger offener Raum, der als B\u00fcro oder viertes Schlafzimmer genutzt werden kann<br \/>\u2022 Klimaanlage mit W\u00e4rmepumpe in beiden Seiten der Wohnung<br \/>\u2022 Laminatb\u00f6den, Fliesenb\u00f6den in der K\u00fcche und den Badezimmern<br \/>\u2022 Geb\u00e4ude mit Aufzug<br \/>\u2022 Niedrige Gemeinschaftskosten<br \/>\u2022 S\u00fcdausrichtung<br \/>\u2022 Doppelt verglaste Fenster zur Stra\u00dfenseite<br \/>\u2022 Die Wohnung verf\u00fcgt NICHT \u00fcber einen Parkplatz<\/p>\n<p>In der Umgebung finden Sie ein breites Angebot an Dienstleistungen wie Einkaufs- und Freizeitzentren, Superm\u00e4rkte, Schulen, Gesundheitszentren und Gesch\u00e4fte. Schnelle Anbindung an das Zentrum von Palma (10 Minuten) und die Via de Cintura. Bushaltestellen in weniger als 100 m Entfernung. Der Au\u00dfenbereich des Geb\u00e4udes verf\u00fcgt \u00fcber eine gro\u00dfe Gartenanlage. <br \/>Baujahr 1980.<\/p>\n<p>Z\u00f6gern Sie nicht, uns zu kontaktieren, um einen Besichtigungstermin f\u00fcr dieses fabelhafte Penthouse zu vereinbaren.<\/p>\n<p>HAFTUNGSAUSSCHLUSS: Die bereitgestellten Informationen wurden mit gr\u00f6\u00dftm\u00f6glicher Genauigkeit pr\u00e4sentiert. JH Real Estate Mallorca \u00fcbernimmt jedoch keine Verantwortung f\u00fcr deren Richtigkeit oder m\u00f6gliche Auslassungen, daher stellt dies kein vertragliches Dokument dar. Ebenso \u00fcbernehmen wir keine Verantwortung f\u00fcr die Verwendung der hier enthaltenen Informationen durch Dritte.<\/p>\n<p>M\u00f6bel, Steuern und \u00dcbertragungskosten sind nicht im Preis enthalten.<\/p>\n","protected":false},"excerpt":{"rendered":"<p>PALMA &#8211; OCIMAX<\/p>\n","protected":false},"author":3,"featured_media":11703,"parent":0,"menu_order":0,"template":"","rem_property_cat":[],"class_list":["post-11797","rem_property","type-rem_property","status-publish","has-post-thumbnail","hentry"],"yoast_head":"<!-- This site is optimized with the Yoast SEO plugin v26.9 - https:\/\/yoast.com\/product\/yoast-seo-wordpress\/ -->\n<title>VE-JHRE050 - Ger\u00e4umige renovierte Wohnung mit 3 Schlafzimmern in der N\u00e4he von Palmaplanas, Ocimax und Consell de Mallorca | JH Real Estate Mallorca<\/title>\n<meta name=\"robots\" content=\"index, follow, max-snippet:-1, max-image-preview:large, max-video-preview:-1\" \/>\n<link rel=\"canonical\" href=\"https:\/\/jhrealestate.es\/de\/immobilie\/ve-jhre050\/\" \/>\n<meta property=\"og:locale\" content=\"de_DE\" \/>\n<meta property=\"og:type\" content=\"article\" \/>\n<meta property=\"og:title\" content=\"VE-JHRE050 - Ger\u00e4umige renovierte Wohnung mit 3 Schlafzimmern in der N\u00e4he von Palmaplanas, Ocimax und Consell de Mallorca | JH Real Estate Mallorca\" \/>\n<meta property=\"og:description\" content=\"PALMA - OCIMAX\" \/>\n<meta property=\"og:url\" content=\"https:\/\/jhrealestate.es\/de\/immobilie\/ve-jhre050\/\" \/>\n<meta property=\"og:site_name\" content=\"JH Real Estate Mallorca\" \/>\n<meta property=\"article:publisher\" content=\"https:\/\/www.facebook.com\/jh.realestatemallorca\" \/>\n<meta property=\"article:modified_time\" content=\"2024-10-07T08:06:39+00:00\" \/>\n<meta property=\"og:image\" content=\"https:\/\/jhrealestate.es\/wp-content\/uploads\/2024\/08\/VE-JHRE050-1-1-1024x576.jpg\" \/>\n<meta name=\"twitter:card\" content=\"summary_large_image\" \/>\n<meta name=\"twitter:label1\" content=\"Gesch\u00e4tzte Lesezeit\" \/>\n\t<meta name=\"twitter:data1\" content=\"1\u00a0Minute\" \/>\n<script type=\"application\/ld+json\" class=\"yoast-schema-graph\">{\"@context\":\"https:\/\/schema.org\",\"@graph\":[{\"@type\":[\"WebPage\",\"RealEstateListing\"],\"@id\":\"https:\/\/jhrealestate.es\/de\/immobilie\/ve-jhre050\/\",\"url\":\"https:\/\/jhrealestate.es\/de\/immobilie\/ve-jhre050\/\",\"name\":\"VE-JHRE050 - Ger\u00e4umige renovierte Wohnung mit 3 Schlafzimmern in der N\u00e4he von Palmaplanas, Ocimax und Consell de Mallorca | JH Real Estate Mallorca\",\"isPartOf\":{\"@id\":\"https:\/\/jhrealestate.es\/de\/#website\"},\"primaryImageOfPage\":{\"@id\":\"https:\/\/jhrealestate.es\/de\/immobilie\/ve-jhre050\/#primaryimage\"},\"image\":{\"@id\":\"https:\/\/jhrealestate.es\/de\/immobilie\/ve-jhre050\/#primaryimage\"},\"thumbnailUrl\":\"https:\/\/jhrealestate.es\/wp-content\/uploads\/2024\/08\/VE-JHRE050-1.jpg\",\"datePublished\":\"2014-08-12T13:12:17+00:00\",\"dateModified\":\"2024-10-07T08:06:39+00:00\",\"breadcrumb\":{\"@id\":\"https:\/\/jhrealestate.es\/de\/immobilie\/ve-jhre050\/#breadcrumb\"},\"inLanguage\":\"de\",\"potentialAction\":[{\"@type\":\"ReadAction\",\"target\":[\"https:\/\/jhrealestate.es\/de\/immobilie\/ve-jhre050\/\"]}]},{\"@type\":\"ImageObject\",\"inLanguage\":\"de\",\"@id\":\"https:\/\/jhrealestate.es\/de\/immobilie\/ve-jhre050\/#primaryimage\",\"url\":\"https:\/\/jhrealestate.es\/wp-content\/uploads\/2024\/08\/VE-JHRE050-1.jpg\",\"contentUrl\":\"https:\/\/jhrealestate.es\/wp-content\/uploads\/2024\/08\/VE-JHRE050-1.jpg\",\"width\":1600,\"height\":900},{\"@type\":\"BreadcrumbList\",\"@id\":\"https:\/\/jhrealestate.es\/de\/immobilie\/ve-jhre050\/#breadcrumb\",\"itemListElement\":[{\"@type\":\"ListItem\",\"position\":1,\"name\":\"Portada\",\"item\":\"https:\/\/jhrealestate.es\/de\/\"},{\"@type\":\"ListItem\",\"position\":2,\"name\":\"Immobilien\",\"item\":\"https:\/\/jhrealestate.es\/de\/immobilie\/\"},{\"@type\":\"ListItem\",\"position\":3,\"name\":\"VE-JHRE050 &#8211; Ger\u00e4umige renovierte Wohnung mit 3 Schlafzimmern in der N\u00e4he von Palmaplanas, Ocimax und Consell de Mallorca\"}]},{\"@type\":\"WebSite\",\"@id\":\"https:\/\/jhrealestate.es\/de\/#website\",\"url\":\"https:\/\/jhrealestate.es\/de\/\",\"name\":\"JH Real Estate Mallorca\",\"description\":\"Real Estate en Mallorca\",\"publisher\":{\"@id\":\"https:\/\/jhrealestate.es\/de\/#organization\"},\"potentialAction\":[{\"@type\":\"SearchAction\",\"target\":{\"@type\":\"EntryPoint\",\"urlTemplate\":\"https:\/\/jhrealestate.es\/de\/?s={search_term_string}\"},\"query-input\":{\"@type\":\"PropertyValueSpecification\",\"valueRequired\":true,\"valueName\":\"search_term_string\"}}],\"inLanguage\":\"de\"},{\"@type\":\"Organization\",\"@id\":\"https:\/\/jhrealestate.es\/de\/#organization\",\"name\":\"JH Real Estate Mallorca\",\"url\":\"https:\/\/jhrealestate.es\/de\/\",\"logo\":{\"@type\":\"ImageObject\",\"inLanguage\":\"de\",\"@id\":\"https:\/\/jhrealestate.es\/de\/#\/schema\/logo\/image\/\",\"url\":\"https:\/\/jhrealestate.es\/wp-content\/uploads\/2021\/11\/Logo-JHRE.png\",\"contentUrl\":\"https:\/\/jhrealestate.es\/wp-content\/uploads\/2021\/11\/Logo-JHRE.png\",\"width\":252,\"height\":200,\"caption\":\"JH Real Estate Mallorca\"},\"image\":{\"@id\":\"https:\/\/jhrealestate.es\/de\/#\/schema\/logo\/image\/\"},\"sameAs\":[\"https:\/\/www.facebook.com\/jh.realestatemallorca\",\"https:\/\/www.instagram.com\/jh.realestatemallorca\",\"https:\/\/www.youtube.com\/channel\/UCwlku0kp0G8CPBZ61xelIHw\",\"https:\/\/www.linkedin.com\/in\/joseheredia1973\/\"]}]}<\/script>\n<!-- \/ Yoast SEO plugin. -->","yoast_head_json":{"title":"VE-JHRE050 - Ger\u00e4umige renovierte Wohnung mit 3 Schlafzimmern in der N\u00e4he von Palmaplanas, Ocimax und Consell de Mallorca | JH Real Estate Mallorca","robots":{"index":"index","follow":"follow","max-snippet":"max-snippet:-1","max-image-preview":"max-image-preview:large","max-video-preview":"max-video-preview:-1"},"canonical":"https:\/\/jhrealestate.es\/de\/immobilie\/ve-jhre050\/","og_locale":"de_DE","og_type":"article","og_title":"VE-JHRE050 - Ger\u00e4umige renovierte Wohnung mit 3 Schlafzimmern in der N\u00e4he von Palmaplanas, Ocimax und Consell de Mallorca | JH Real Estate Mallorca","og_description":"PALMA - OCIMAX","og_url":"https:\/\/jhrealestate.es\/de\/immobilie\/ve-jhre050\/","og_site_name":"JH Real Estate Mallorca","article_publisher":"https:\/\/www.facebook.com\/jh.realestatemallorca","article_modified_time":"2024-10-07T08:06:39+00:00","og_image":[{"url":"https:\/\/jhrealestate.es\/wp-content\/uploads\/2024\/08\/VE-JHRE050-1-1-1024x576.jpg","type":"","width":"","height":""}],"twitter_card":"summary_large_image","twitter_misc":{"Gesch\u00e4tzte Lesezeit":"1\u00a0Minute"},"schema":{"@context":"https:\/\/schema.org","@graph":[{"@type":["WebPage","RealEstateListing"],"@id":"https:\/\/jhrealestate.es\/de\/immobilie\/ve-jhre050\/","url":"https:\/\/jhrealestate.es\/de\/immobilie\/ve-jhre050\/","name":"VE-JHRE050 - Ger\u00e4umige renovierte Wohnung mit 3 Schlafzimmern in der N\u00e4he von Palmaplanas, Ocimax und Consell de Mallorca | JH Real Estate Mallorca","isPartOf":{"@id":"https:\/\/jhrealestate.es\/de\/#website"},"primaryImageOfPage":{"@id":"https:\/\/jhrealestate.es\/de\/immobilie\/ve-jhre050\/#primaryimage"},"image":{"@id":"https:\/\/jhrealestate.es\/de\/immobilie\/ve-jhre050\/#primaryimage"},"thumbnailUrl":"https:\/\/jhrealestate.es\/wp-content\/uploads\/2024\/08\/VE-JHRE050-1.jpg","datePublished":"2014-08-12T13:12:17+00:00","dateModified":"2024-10-07T08:06:39+00:00","breadcrumb":{"@id":"https:\/\/jhrealestate.es\/de\/immobilie\/ve-jhre050\/#breadcrumb"},"inLanguage":"de","potentialAction":[{"@type":"ReadAction","target":["https:\/\/jhrealestate.es\/de\/immobilie\/ve-jhre050\/"]}]},{"@type":"ImageObject","inLanguage":"de","@id":"https:\/\/jhrealestate.es\/de\/immobilie\/ve-jhre050\/#primaryimage","url":"https:\/\/jhrealestate.es\/wp-content\/uploads\/2024\/08\/VE-JHRE050-1.jpg","contentUrl":"https:\/\/jhrealestate.es\/wp-content\/uploads\/2024\/08\/VE-JHRE050-1.jpg","width":1600,"height":900},{"@type":"BreadcrumbList","@id":"https:\/\/jhrealestate.es\/de\/immobilie\/ve-jhre050\/#breadcrumb","itemListElement":[{"@type":"ListItem","position":1,"name":"Portada","item":"https:\/\/jhrealestate.es\/de\/"},{"@type":"ListItem","position":2,"name":"Immobilien","item":"https:\/\/jhrealestate.es\/de\/immobilie\/"},{"@type":"ListItem","position":3,"name":"VE-JHRE050 &#8211; Ger\u00e4umige renovierte Wohnung mit 3 Schlafzimmern in der N\u00e4he von Palmaplanas, Ocimax und Consell de Mallorca"}]},{"@type":"WebSite","@id":"https:\/\/jhrealestate.es\/de\/#website","url":"https:\/\/jhrealestate.es\/de\/","name":"JH Real Estate Mallorca","description":"Real Estate en Mallorca","publisher":{"@id":"https:\/\/jhrealestate.es\/de\/#organization"},"potentialAction":[{"@type":"SearchAction","target":{"@type":"EntryPoint","urlTemplate":"https:\/\/jhrealestate.es\/de\/?s={search_term_string}"},"query-input":{"@type":"PropertyValueSpecification","valueRequired":true,"valueName":"search_term_string"}}],"inLanguage":"de"},{"@type":"Organization","@id":"https:\/\/jhrealestate.es\/de\/#organization","name":"JH Real Estate Mallorca","url":"https:\/\/jhrealestate.es\/de\/","logo":{"@type":"ImageObject","inLanguage":"de","@id":"https:\/\/jhrealestate.es\/de\/#\/schema\/logo\/image\/","url":"https:\/\/jhrealestate.es\/wp-content\/uploads\/2021\/11\/Logo-JHRE.png","contentUrl":"https:\/\/jhrealestate.es\/wp-content\/uploads\/2021\/11\/Logo-JHRE.png","width":252,"height":200,"caption":"JH Real Estate Mallorca"},"image":{"@id":"https:\/\/jhrealestate.es\/de\/#\/schema\/logo\/image\/"},"sameAs":["https:\/\/www.facebook.com\/jh.realestatemallorca","https:\/\/www.instagram.com\/jh.realestatemallorca","https:\/\/www.youtube.com\/channel\/UCwlku0kp0G8CPBZ61xelIHw","https:\/\/www.linkedin.com\/in\/joseheredia1973\/"]}]}},"_links":{"self":[{"href":"https:\/\/jhrealestate.es\/de\/wp-json\/wp\/v2\/properties\/11797","targetHints":{"allow":["GET"]}}],"collection":[{"href":"https:\/\/jhrealestate.es\/de\/wp-json\/wp\/v2\/properties"}],"about":[{"href":"https:\/\/jhrealestate.es\/de\/wp-json\/wp\/v2\/types\/rem_property"}],"author":[{"embeddable":true,"href":"https:\/\/jhrealestate.es\/de\/wp-json\/wp\/v2\/users\/3"}],"wp:featuredmedia":[{"embeddable":true,"href":"https:\/\/jhrealestate.es\/de\/wp-json\/wp\/v2\/media\/11703"}],"wp:attachment":[{"href":"https:\/\/jhrealestate.es\/de\/wp-json\/wp\/v2\/media?parent=11797"}],"wp:term":[{"taxonomy":"rem_property_cat","embeddable":true,"href":"https:\/\/jhrealestate.es\/de\/wp-json\/wp\/v2\/rem_property_cat?post=11797"}],"curies":[{"name":"wp","href":"https:\/\/api.w.org\/{rel}","templated":true}]}}

VE-JHRE050 &#8211; Geräumige renovierte Wohnung mit 3 Schlafzimmern in der Nähe von Palmaplanas, Ocimax und Consell de Mallorca

<p>Die Wohnung befindet sich im 3. Stock eines sehr ruhigen Wohnkomplexes mit allen Arten von Dienstleistungen in unmittelbarer Nähe. Sie hat eine Gesamtfläche von 121 m², die wie folgt verteilt ist:</p>
<p>• 3 Doppelschlafzimmer (alle nach außen gerichtet und mit Einbauschränken)<br />• Großes, helles Wohnzimmer von ca. 30 m² mit Zugang zu einem kleinen Balkon<br />• Vollständig renovierte, möblierte und ausgestattete Küche mit Zugang zu einem Hauswirtschaftsraum mit Waschmaschine, Gastherme und Stauraum<br />• 2 voll ausgestattete Badezimmer, beide mit Dusche<br />• Geräumiger Eingangsbereich mit Einbauschrank<br />• Großzügiger offener Raum, der als Büro oder viertes Schlafzimmer genutzt werden kann<br />• Klimaanlage mit Wärmepumpe in beiden Seiten der Wohnung<br />• Laminatböden, Fliesenböden in der Küche und den Badezimmern<br />• Gebäude mit Aufzug<br />• Niedrige Gemeinschaftskosten<br />• Südausrichtung<br />• Doppelt verglaste Fenster zur Straßenseite<br />• Die Wohnung verfügt NICHT über einen Parkplatz</p>
<p>In der Umgebung finden Sie ein breites Angebot an Dienstleistungen wie Einkaufs- und Freizeitzentren, Supermärkte, Schulen, Gesundheitszentren und Geschäfte. Schnelle Anbindung an das Zentrum von Palma (10 Minuten) und die Via de Cintura. Bushaltestellen in weniger als 100 m Entfernung. Der Außenbereich des Gebäudes verfügt über eine große Gartenanlage. <br />Baujahr 1980.</p>
<p>Zögern Sie nicht, uns zu kontaktieren, um einen Besichtigungstermin für dieses fabelhafte Penthouse zu vereinbaren.</p>
<p>HAFTUNGSAUSSCHLUSS: Die bereitgestellten Informationen wurden mit größtmöglicher Genauigkeit präsentiert. JH Real Estate Mallorca übernimmt jedoch keine Verantwortung für deren Richtigkeit oder mögliche Auslassungen, daher stellt dies kein vertragliches Dokument dar. Ebenso übernehmen wir keine Verantwortung für die Verwendung der hier enthaltenen Informationen durch Dritte.</p>
<p>Möbel, Steuern und Übertragungskosten sind nicht im Preis enthalten.</p>

<!-- This site is optimized with the Yoast SEO plugin v26.9 - https://yoast.com/product/yoast-seo-wordpress/ -->
<title>VE-JHRE050 - Geräumige renovierte Wohnung mit 3 Schlafzimmern in der Nähe von Palmaplanas, Ocimax und Consell de Mallorca | JH Real Estate Mallorca</title>
<meta name="robots" content="index, follow, max-snippet:-1, max-image-preview:large, max-video-preview:-1" />
<link rel="canonical" href="https://jhrealestate.es/de/immobilie/ve-jhre050/" />
<meta property="og:locale" content="de_DE" />
<meta property="og:type" content="article" />
<meta property="og:title" content="VE-JHRE050 - Geräumige renovierte Wohnung mit 3 Schlafzimmern in der Nähe von Palmaplanas, Ocimax und Consell de Mallorca | JH Real Estate Mallorca" />
<meta property="og:description" content="PALMA - OCIMAX" />
<meta property="og:url" content="https://jhrealestate.es/de/immobilie/ve-jhre050/" />
<meta property="og:site_name" content="JH Real Estate Mallorca" />
<meta property="article:publisher" content="https://www.facebook.com/jh.realestatemallorca" />
<meta property="article:modified_time" content="2024-10-07T08:06:39+00:00" />
<meta property="og:image" content="https://jhrealestate.es/wp-content/uploads/2024/08/VE-JHRE050-1-1-1024x576.jpg" />
<meta name="twitter:card" content="summary_large_image" />
<meta name="twitter:label1" content="Geschätzte Lesezeit" />
	<meta name="twitter:data1" content="1 Minute" />
<script type="application/ld+json" class="yoast-schema-graph">{"@context":"https://schema.org","@graph":[{"@type":["WebPage","RealEstateListing"],"@id":"https://jhrealestate.es/de/immobilie/ve-jhre050/","url":"https://jhrealestate.es/de/immobilie/ve-jhre050/","name":"VE-JHRE050 - Geräumige renovierte Wohnung mit 3 Schlafzimmern in der Nähe von Palmaplanas, Ocimax und Consell de Mallorca | JH Real Estate Mallorca","isPartOf":{"@id":"https://jhrealestate.es/de/#website"},"primaryImageOfPage":{"@id":"https://jhrealestate.es/de/immobilie/ve-jhre050/#primaryimage"},"image":{"@id":"https://jhrealestate.es/de/immobilie/ve-jhre050/#primaryimage"},"thumbnailUrl":"https://jhrealestate.es/wp-content/uploads/2024/08/VE-JHRE050-1.jpg","datePublished":"2014-08-12T13:12:17+00:00","dateModified":"2024-10-07T08:06:39+00:00","breadcrumb":{"@id":"https://jhrealestate.es/de/immobilie/ve-jhre050/#breadcrumb"},"inLanguage":"de","potentialAction":[{"@type":"ReadAction","target":["https://jhrealestate.es/de/immobilie/ve-jhre050/"]}]},{"@type":"ImageObject","inLanguage":"de","@id":"https://jhrealestate.es/de/immobilie/ve-jhre050/#primaryimage","url":"https://jhrealestate.es/wp-content/uploads/2024/08/VE-JHRE050-1.jpg","contentUrl":"https://jhrealestate.es/wp-content/uploads/2024/08/VE-JHRE050-1.jpg","width":1600,"height":900},{"@type":"BreadcrumbList","@id":"https://jhrealestate.es/de/immobilie/ve-jhre050/#breadcrumb","itemListElement":[{"@type":"ListItem","position":1,"name":"Portada","item":"https://jhrealestate.es/de/"},{"@type":"ListItem","position":2,"name":"Immobilien","item":"https://jhrealestate.es/de/immobilie/"},{"@type":"ListItem","position":3,"name":"VE-JHRE050 &#8211; Geräumige renovierte Wohnung mit 3 Schlafzimmern in der Nähe von Palmaplanas, Ocimax und Consell de Mallorca"}]},{"@type":"WebSite","@id":"https://jhrealestate.es/de/#website","url":"https://jhrealestate.es/de/","name":"JH Real Estate Mallorca","description":"Real Estate en Mallorca","publisher":{"@id":"https://jhrealestate.es/de/#organization"},"potentialAction":[{"@type":"SearchAction","target":{"@type":"EntryPoint","urlTemplate":"https://jhrealestate.es/de/?s={search_term_string}"},"query-input":{"@type":"PropertyValueSpecification","valueRequired":true,"valueName":"search_term_string"}}],"inLanguage":"de"},{"@type":"Organization","@id":"https://jhrealestate.es/de/#organization","name":"JH Real Estate Mallorca","url":"https://jhrealestate.es/de/","logo":{"@type":"ImageObject","inLanguage":"de","@id":"https://jhrealestate.es/de/#/schema/logo/image/","url":"https://jhrealestate.es/wp-content/uploads/2021/11/Logo-JHRE.png","contentUrl":"https://jhrealestate.es/wp-content/uploads/2021/11/Logo-JHRE.png","width":252,"height":200,"caption":"JH Real Estate Mallorca"},"image":{"@id":"https://jhrealestate.es/de/#/schema/logo/image/"},"sameAs":["https://www.facebook.com/jh.realestatemallorca","https://www.instagram.com/jh.realestatemallorca","https://www.youtube.com/channel/UCwlku0kp0G8CPBZ61xelIHw","https://www.linkedin.com/in/joseheredia1973/"]}]}</script>
<!-- / Yoast SEO plugin. -->

VE-JHRE050 - Geräumige renovierte Wohnung mit 3 Schlafzimmern in der Nähe von Palmaplanas, Ocimax und Consell de Mallorca | JH Real Estate Mallorca
