{"id":12588,"date":"2024-12-28T11:44:05","date_gmt":"2024-12-28T10:44:05","guid":{"rendered":"https:\/\/jhrealestate.es\/propiedad\/al-jhre057\/"},"modified":"2025-01-15T19:26:27","modified_gmt":"2025-01-15T18:26:27","slug":"al-jhre057","status":"publish","type":"rem_property","link":"https:\/\/jhrealestate.es\/de\/immobilie\/al-jhre057\/","title":{"rendered":"AL-JHRE057 &#8211; Fantastische, renovierte Wohnung mit 2 Schlafzimmern im Stadtteil Santa Catalina"},"content":{"rendered":"<p>Die Wohnung hat eine Gesamtwohnfl\u00e4che von ca. 89 m\u00b2 und bietet: <\/p>\n<p>\u2022\u00a0 \u00a0Sehr helles Wohn-\/Esszimmer <br \/>\u2022\u00a0 \u00a02 Doppelzimmer mit Einbauschr\u00e4nken <br \/>\u2022\u00a0 \u00a0Separate, komplett ausgestattete K\u00fcche (K\u00fchlschrank, Backofen, Glaskeramikkochfeld, Geschirrsp\u00fcler und Waschmaschine) <br \/>\u2022\u00a0 \u00a02 komplette Badezimmer mit Duschkabine (1 davon au\u00dfenliegend) <br \/>\u2022\u00a0 \u00a0Klimaanlage (kalt\/warm) in beiden Schlafzimmern <br \/>\u2022\u00a0 \u00a0Wei\u00dfe Aluminiumfensterrahmen mit Doppelverglasung in beiden Schlafzimmern <br \/>\u2022\u00a0 \u00a0KEINE Terrasse <br \/>\u2022\u00a0 \u00a0M\u00f6glichkeit, einen Parkplatz in 150 m Entfernung f\u00fcr 150 EUR\/Monat zus\u00e4tzlich zu mieten <br \/>\u2022\u00a0 \u00a0Haustiere nicht erlaubt <br \/>\u2022\u00a0 \u00a0Geb\u00e4ude mit Aufzug <br \/>\u2022\u00a0 \u00a0Baujahr \u2013 1966<\/p>\n<p>Die Wohnung wird VOLL M\u00d6BLIERT vermietet. Es k\u00f6nnen leichte Abweichungen bei den M\u00f6beln und Dekorationselementen auftreten, da die Wohnung derzeit vermietet ist. <br \/>Die Miete umfasst die Gemeinschaftskosten und die Wasserkosten. Stromkosten und die j\u00e4hrliche M\u00fcllgeb\u00fchr gehen zulasten der Mieter. <\/p>\n<p>Bedingungen: 1 Monatsmiete als Kaution<br \/>Wir suchen nach Mietern mit guten Referenzen und Garantien.<br \/>Eine einmalige Gelegenheit, in einer der begehrtesten Gegenden von Palma zu leben, mit allen Annehmlichkeiten in Ihrer N\u00e4he.<\/p>\n","protected":false},"excerpt":{"rendered":"<p>PALMA CENTRO &#8211; SANTA CATALINA<\/p>\n","protected":false},"author":3,"featured_media":12538,"parent":0,"menu_order":0,"template":"","rem_property_cat":[],"class_list":["post-12588","rem_property","type-rem_property","status-publish","has-post-thumbnail","hentry"],"yoast_head":"<!-- This site is optimized with the Yoast SEO plugin v26.9 - https:\/\/yoast.com\/product\/yoast-seo-wordpress\/ -->\n<title>AL-JHRE057 - Fantastische, renovierte Wohnung mit 2 Schlafzimmern im Stadtteil Santa Catalina | JH Real Estate Mallorca<\/title>\n<meta name=\"robots\" content=\"index, follow, max-snippet:-1, max-image-preview:large, max-video-preview:-1\" \/>\n<link rel=\"canonical\" href=\"https:\/\/jhrealestate.es\/de\/immobilie\/al-jhre057\/\" \/>\n<meta property=\"og:locale\" content=\"de_DE\" \/>\n<meta property=\"og:type\" content=\"article\" \/>\n<meta property=\"og:title\" content=\"AL-JHRE057 - Fantastische, renovierte Wohnung mit 2 Schlafzimmern im Stadtteil Santa Catalina | JH Real Estate Mallorca\" \/>\n<meta property=\"og:description\" content=\"PALMA CENTRO - SANTA CATALINA\" \/>\n<meta property=\"og:url\" content=\"https:\/\/jhrealestate.es\/de\/immobilie\/al-jhre057\/\" \/>\n<meta property=\"og:site_name\" content=\"JH Real Estate Mallorca\" \/>\n<meta property=\"article:publisher\" content=\"https:\/\/www.facebook.com\/jh.realestatemallorca\" \/>\n<meta property=\"article:modified_time\" content=\"2025-01-15T18:26:27+00:00\" \/>\n<meta property=\"og:image\" content=\"https:\/\/jhrealestate.es\/wp-content\/uploads\/2024\/12\/AL-JHRE057-1-1024x576.jpg\" \/>\n<meta name=\"twitter:card\" content=\"summary_large_image\" \/>\n<meta name=\"twitter:label1\" content=\"Gesch\u00e4tzte Lesezeit\" \/>\n\t<meta name=\"twitter:data1\" content=\"1\u00a0Minute\" \/>\n<script type=\"application\/ld+json\" class=\"yoast-schema-graph\">{\"@context\":\"https:\/\/schema.org\",\"@graph\":[{\"@type\":[\"WebPage\",\"RealEstateListing\"],\"@id\":\"https:\/\/jhrealestate.es\/de\/immobilie\/al-jhre057\/\",\"url\":\"https:\/\/jhrealestate.es\/de\/immobilie\/al-jhre057\/\",\"name\":\"AL-JHRE057 - Fantastische, renovierte Wohnung mit 2 Schlafzimmern im Stadtteil Santa Catalina | JH Real Estate Mallorca\",\"isPartOf\":{\"@id\":\"https:\/\/jhrealestate.es\/de\/#website\"},\"primaryImageOfPage\":{\"@id\":\"https:\/\/jhrealestate.es\/de\/immobilie\/al-jhre057\/#primaryimage\"},\"image\":{\"@id\":\"https:\/\/jhrealestate.es\/de\/immobilie\/al-jhre057\/#primaryimage\"},\"thumbnailUrl\":\"https:\/\/jhrealestate.es\/wp-content\/uploads\/2024\/12\/AL-JHRE057-1.jpg\",\"datePublished\":\"2024-12-28T10:44:05+00:00\",\"dateModified\":\"2025-01-15T18:26:27+00:00\",\"breadcrumb\":{\"@id\":\"https:\/\/jhrealestate.es\/de\/immobilie\/al-jhre057\/#breadcrumb\"},\"inLanguage\":\"de\",\"potentialAction\":[{\"@type\":\"ReadAction\",\"target\":[\"https:\/\/jhrealestate.es\/de\/immobilie\/al-jhre057\/\"]}]},{\"@type\":\"ImageObject\",\"inLanguage\":\"de\",\"@id\":\"https:\/\/jhrealestate.es\/de\/immobilie\/al-jhre057\/#primaryimage\",\"url\":\"https:\/\/jhrealestate.es\/wp-content\/uploads\/2024\/12\/AL-JHRE057-1.jpg\",\"contentUrl\":\"https:\/\/jhrealestate.es\/wp-content\/uploads\/2024\/12\/AL-JHRE057-1.jpg\",\"width\":1600,\"height\":900},{\"@type\":\"BreadcrumbList\",\"@id\":\"https:\/\/jhrealestate.es\/de\/immobilie\/al-jhre057\/#breadcrumb\",\"itemListElement\":[{\"@type\":\"ListItem\",\"position\":1,\"name\":\"Portada\",\"item\":\"https:\/\/jhrealestate.es\/de\/\"},{\"@type\":\"ListItem\",\"position\":2,\"name\":\"Immobilien\",\"item\":\"https:\/\/jhrealestate.es\/de\/immobilie\/\"},{\"@type\":\"ListItem\",\"position\":3,\"name\":\"AL-JHRE057 &#8211; Fantastische, renovierte Wohnung mit 2 Schlafzimmern im Stadtteil Santa Catalina\"}]},{\"@type\":\"WebSite\",\"@id\":\"https:\/\/jhrealestate.es\/de\/#website\",\"url\":\"https:\/\/jhrealestate.es\/de\/\",\"name\":\"JH Real Estate Mallorca\",\"description\":\"Real Estate en Mallorca\",\"publisher\":{\"@id\":\"https:\/\/jhrealestate.es\/de\/#organization\"},\"potentialAction\":[{\"@type\":\"SearchAction\",\"target\":{\"@type\":\"EntryPoint\",\"urlTemplate\":\"https:\/\/jhrealestate.es\/de\/?s={search_term_string}\"},\"query-input\":{\"@type\":\"PropertyValueSpecification\",\"valueRequired\":true,\"valueName\":\"search_term_string\"}}],\"inLanguage\":\"de\"},{\"@type\":\"Organization\",\"@id\":\"https:\/\/jhrealestate.es\/de\/#organization\",\"name\":\"JH Real Estate Mallorca\",\"url\":\"https:\/\/jhrealestate.es\/de\/\",\"logo\":{\"@type\":\"ImageObject\",\"inLanguage\":\"de\",\"@id\":\"https:\/\/jhrealestate.es\/de\/#\/schema\/logo\/image\/\",\"url\":\"https:\/\/jhrealestate.es\/wp-content\/uploads\/2021\/11\/Logo-JHRE.png\",\"contentUrl\":\"https:\/\/jhrealestate.es\/wp-content\/uploads\/2021\/11\/Logo-JHRE.png\",\"width\":252,\"height\":200,\"caption\":\"JH Real Estate Mallorca\"},\"image\":{\"@id\":\"https:\/\/jhrealestate.es\/de\/#\/schema\/logo\/image\/\"},\"sameAs\":[\"https:\/\/www.facebook.com\/jh.realestatemallorca\",\"https:\/\/www.instagram.com\/jh.realestatemallorca\",\"https:\/\/www.youtube.com\/channel\/UCwlku0kp0G8CPBZ61xelIHw\",\"https:\/\/www.linkedin.com\/in\/joseheredia1973\/\"]}]}<\/script>\n<!-- \/ Yoast SEO plugin. -->","yoast_head_json":{"title":"AL-JHRE057 - Fantastische, renovierte Wohnung mit 2 Schlafzimmern im Stadtteil Santa Catalina | JH Real Estate Mallorca","robots":{"index":"index","follow":"follow","max-snippet":"max-snippet:-1","max-image-preview":"max-image-preview:large","max-video-preview":"max-video-preview:-1"},"canonical":"https:\/\/jhrealestate.es\/de\/immobilie\/al-jhre057\/","og_locale":"de_DE","og_type":"article","og_title":"AL-JHRE057 - Fantastische, renovierte Wohnung mit 2 Schlafzimmern im Stadtteil Santa Catalina | JH Real Estate Mallorca","og_description":"PALMA CENTRO - SANTA CATALINA","og_url":"https:\/\/jhrealestate.es\/de\/immobilie\/al-jhre057\/","og_site_name":"JH Real Estate Mallorca","article_publisher":"https:\/\/www.facebook.com\/jh.realestatemallorca","article_modified_time":"2025-01-15T18:26:27+00:00","og_image":[{"url":"https:\/\/jhrealestate.es\/wp-content\/uploads\/2024\/12\/AL-JHRE057-1-1024x576.jpg","type":"","width":"","height":""}],"twitter_card":"summary_large_image","twitter_misc":{"Gesch\u00e4tzte Lesezeit":"1\u00a0Minute"},"schema":{"@context":"https:\/\/schema.org","@graph":[{"@type":["WebPage","RealEstateListing"],"@id":"https:\/\/jhrealestate.es\/de\/immobilie\/al-jhre057\/","url":"https:\/\/jhrealestate.es\/de\/immobilie\/al-jhre057\/","name":"AL-JHRE057 - Fantastische, renovierte Wohnung mit 2 Schlafzimmern im Stadtteil Santa Catalina | JH Real Estate Mallorca","isPartOf":{"@id":"https:\/\/jhrealestate.es\/de\/#website"},"primaryImageOfPage":{"@id":"https:\/\/jhrealestate.es\/de\/immobilie\/al-jhre057\/#primaryimage"},"image":{"@id":"https:\/\/jhrealestate.es\/de\/immobilie\/al-jhre057\/#primaryimage"},"thumbnailUrl":"https:\/\/jhrealestate.es\/wp-content\/uploads\/2024\/12\/AL-JHRE057-1.jpg","datePublished":"2024-12-28T10:44:05+00:00","dateModified":"2025-01-15T18:26:27+00:00","breadcrumb":{"@id":"https:\/\/jhrealestate.es\/de\/immobilie\/al-jhre057\/#breadcrumb"},"inLanguage":"de","potentialAction":[{"@type":"ReadAction","target":["https:\/\/jhrealestate.es\/de\/immobilie\/al-jhre057\/"]}]},{"@type":"ImageObject","inLanguage":"de","@id":"https:\/\/jhrealestate.es\/de\/immobilie\/al-jhre057\/#primaryimage","url":"https:\/\/jhrealestate.es\/wp-content\/uploads\/2024\/12\/AL-JHRE057-1.jpg","contentUrl":"https:\/\/jhrealestate.es\/wp-content\/uploads\/2024\/12\/AL-JHRE057-1.jpg","width":1600,"height":900},{"@type":"BreadcrumbList","@id":"https:\/\/jhrealestate.es\/de\/immobilie\/al-jhre057\/#breadcrumb","itemListElement":[{"@type":"ListItem","position":1,"name":"Portada","item":"https:\/\/jhrealestate.es\/de\/"},{"@type":"ListItem","position":2,"name":"Immobilien","item":"https:\/\/jhrealestate.es\/de\/immobilie\/"},{"@type":"ListItem","position":3,"name":"AL-JHRE057 &#8211; Fantastische, renovierte Wohnung mit 2 Schlafzimmern im Stadtteil Santa Catalina"}]},{"@type":"WebSite","@id":"https:\/\/jhrealestate.es\/de\/#website","url":"https:\/\/jhrealestate.es\/de\/","name":"JH Real Estate Mallorca","description":"Real Estate en Mallorca","publisher":{"@id":"https:\/\/jhrealestate.es\/de\/#organization"},"potentialAction":[{"@type":"SearchAction","target":{"@type":"EntryPoint","urlTemplate":"https:\/\/jhrealestate.es\/de\/?s={search_term_string}"},"query-input":{"@type":"PropertyValueSpecification","valueRequired":true,"valueName":"search_term_string"}}],"inLanguage":"de"},{"@type":"Organization","@id":"https:\/\/jhrealestate.es\/de\/#organization","name":"JH Real Estate Mallorca","url":"https:\/\/jhrealestate.es\/de\/","logo":{"@type":"ImageObject","inLanguage":"de","@id":"https:\/\/jhrealestate.es\/de\/#\/schema\/logo\/image\/","url":"https:\/\/jhrealestate.es\/wp-content\/uploads\/2021\/11\/Logo-JHRE.png","contentUrl":"https:\/\/jhrealestate.es\/wp-content\/uploads\/2021\/11\/Logo-JHRE.png","width":252,"height":200,"caption":"JH Real Estate Mallorca"},"image":{"@id":"https:\/\/jhrealestate.es\/de\/#\/schema\/logo\/image\/"},"sameAs":["https:\/\/www.facebook.com\/jh.realestatemallorca","https:\/\/www.instagram.com\/jh.realestatemallorca","https:\/\/www.youtube.com\/channel\/UCwlku0kp0G8CPBZ61xelIHw","https:\/\/www.linkedin.com\/in\/joseheredia1973\/"]}]}},"_links":{"self":[{"href":"https:\/\/jhrealestate.es\/de\/wp-json\/wp\/v2\/properties\/12588","targetHints":{"allow":["GET"]}}],"collection":[{"href":"https:\/\/jhrealestate.es\/de\/wp-json\/wp\/v2\/properties"}],"about":[{"href":"https:\/\/jhrealestate.es\/de\/wp-json\/wp\/v2\/types\/rem_property"}],"author":[{"embeddable":true,"href":"https:\/\/jhrealestate.es\/de\/wp-json\/wp\/v2\/users\/3"}],"wp:featuredmedia":[{"embeddable":true,"href":"https:\/\/jhrealestate.es\/de\/wp-json\/wp\/v2\/media\/12538"}],"wp:attachment":[{"href":"https:\/\/jhrealestate.es\/de\/wp-json\/wp\/v2\/media?parent=12588"}],"wp:term":[{"taxonomy":"rem_property_cat","embeddable":true,"href":"https:\/\/jhrealestate.es\/de\/wp-json\/wp\/v2\/rem_property_cat?post=12588"}],"curies":[{"name":"wp","href":"https:\/\/api.w.org\/{rel}","templated":true}]}}

<p>Die Wohnung hat eine Gesamtwohnfläche von ca. 89 m² und bietet: </p>
<p>•   Sehr helles Wohn-/Esszimmer <br />•   2 Doppelzimmer mit Einbauschränken <br />•   Separate, komplett ausgestattete Küche (Kühlschrank, Backofen, Glaskeramikkochfeld, Geschirrspüler und Waschmaschine) <br />•   2 komplette Badezimmer mit Duschkabine (1 davon außenliegend) <br />•   Klimaanlage (kalt/warm) in beiden Schlafzimmern <br />•   Weiße Aluminiumfensterrahmen mit Doppelverglasung in beiden Schlafzimmern <br />•   KEINE Terrasse <br />•   Möglichkeit, einen Parkplatz in 150 m Entfernung für 150 EUR/Monat zusätzlich zu mieten <br />•   Haustiere nicht erlaubt <br />•   Gebäude mit Aufzug <br />•   Baujahr – 1966</p>
<p>Die Wohnung wird VOLL MÖBLIERT vermietet. Es können leichte Abweichungen bei den Möbeln und Dekorationselementen auftreten, da die Wohnung derzeit vermietet ist. <br />Die Miete umfasst die Gemeinschaftskosten und die Wasserkosten. Stromkosten und die jährliche Müllgebühr gehen zulasten der Mieter. </p>
<p>Bedingungen: 1 Monatsmiete als Kaution<br />Wir suchen nach Mietern mit guten Referenzen und Garantien.<br />Eine einmalige Gelegenheit, in einer der begehrtesten Gegenden von Palma zu leben, mit allen Annehmlichkeiten in Ihrer Nähe.</p>

<!-- This site is optimized with the Yoast SEO plugin v26.9 - https://yoast.com/product/yoast-seo-wordpress/ -->
<title>AL-JHRE057 - Fantastische, renovierte Wohnung mit 2 Schlafzimmern im Stadtteil Santa Catalina | JH Real Estate Mallorca</title>
<meta name="robots" content="index, follow, max-snippet:-1, max-image-preview:large, max-video-preview:-1" />
<link rel="canonical" href="https://jhrealestate.es/de/immobilie/al-jhre057/" />
<meta property="og:locale" content="de_DE" />
<meta property="og:type" content="article" />
<meta property="og:title" content="AL-JHRE057 - Fantastische, renovierte Wohnung mit 2 Schlafzimmern im Stadtteil Santa Catalina | JH Real Estate Mallorca" />
<meta property="og:description" content="PALMA CENTRO - SANTA CATALINA" />
<meta property="og:url" content="https://jhrealestate.es/de/immobilie/al-jhre057/" />
<meta property="og:site_name" content="JH Real Estate Mallorca" />
<meta property="article:publisher" content="https://www.facebook.com/jh.realestatemallorca" />
<meta property="article:modified_time" content="2025-01-15T18:26:27+00:00" />
<meta property="og:image" content="https://jhrealestate.es/wp-content/uploads/2024/12/AL-JHRE057-1-1024x576.jpg" />
<meta name="twitter:card" content="summary_large_image" />
<meta name="twitter:label1" content="Geschätzte Lesezeit" />
	<meta name="twitter:data1" content="1 Minute" />
<script type="application/ld+json" class="yoast-schema-graph">{"@context":"https://schema.org","@graph":[{"@type":["WebPage","RealEstateListing"],"@id":"https://jhrealestate.es/de/immobilie/al-jhre057/","url":"https://jhrealestate.es/de/immobilie/al-jhre057/","name":"AL-JHRE057 - Fantastische, renovierte Wohnung mit 2 Schlafzimmern im Stadtteil Santa Catalina | JH Real Estate Mallorca","isPartOf":{"@id":"https://jhrealestate.es/de/#website"},"primaryImageOfPage":{"@id":"https://jhrealestate.es/de/immobilie/al-jhre057/#primaryimage"},"image":{"@id":"https://jhrealestate.es/de/immobilie/al-jhre057/#primaryimage"},"thumbnailUrl":"https://jhrealestate.es/wp-content/uploads/2024/12/AL-JHRE057-1.jpg","datePublished":"2024-12-28T10:44:05+00:00","dateModified":"2025-01-15T18:26:27+00:00","breadcrumb":{"@id":"https://jhrealestate.es/de/immobilie/al-jhre057/#breadcrumb"},"inLanguage":"de","potentialAction":[{"@type":"ReadAction","target":["https://jhrealestate.es/de/immobilie/al-jhre057/"]}]},{"@type":"ImageObject","inLanguage":"de","@id":"https://jhrealestate.es/de/immobilie/al-jhre057/#primaryimage","url":"https://jhrealestate.es/wp-content/uploads/2024/12/AL-JHRE057-1.jpg","contentUrl":"https://jhrealestate.es/wp-content/uploads/2024/12/AL-JHRE057-1.jpg","width":1600,"height":900},{"@type":"BreadcrumbList","@id":"https://jhrealestate.es/de/immobilie/al-jhre057/#breadcrumb","itemListElement":[{"@type":"ListItem","position":1,"name":"Portada","item":"https://jhrealestate.es/de/"},{"@type":"ListItem","position":2,"name":"Immobilien","item":"https://jhrealestate.es/de/immobilie/"},{"@type":"ListItem","position":3,"name":"AL-JHRE057 &#8211; Fantastische, renovierte Wohnung mit 2 Schlafzimmern im Stadtteil Santa Catalina"}]},{"@type":"WebSite","@id":"https://jhrealestate.es/de/#website","url":"https://jhrealestate.es/de/","name":"JH Real Estate Mallorca","description":"Real Estate en Mallorca","publisher":{"@id":"https://jhrealestate.es/de/#organization"},"potentialAction":[{"@type":"SearchAction","target":{"@type":"EntryPoint","urlTemplate":"https://jhrealestate.es/de/?s={search_term_string}"},"query-input":{"@type":"PropertyValueSpecification","valueRequired":true,"valueName":"search_term_string"}}],"inLanguage":"de"},{"@type":"Organization","@id":"https://jhrealestate.es/de/#organization","name":"JH Real Estate Mallorca","url":"https://jhrealestate.es/de/","logo":{"@type":"ImageObject","inLanguage":"de","@id":"https://jhrealestate.es/de/#/schema/logo/image/","url":"https://jhrealestate.es/wp-content/uploads/2021/11/Logo-JHRE.png","contentUrl":"https://jhrealestate.es/wp-content/uploads/2021/11/Logo-JHRE.png","width":252,"height":200,"caption":"JH Real Estate Mallorca"},"image":{"@id":"https://jhrealestate.es/de/#/schema/logo/image/"},"sameAs":["https://www.facebook.com/jh.realestatemallorca","https://www.instagram.com/jh.realestatemallorca","https://www.youtube.com/channel/UCwlku0kp0G8CPBZ61xelIHw","https://www.linkedin.com/in/joseheredia1973/"]}]}</script>
<!-- / Yoast SEO plugin. -->
