{"id":3162,"date":"2022-05-24T19:13:41","date_gmt":"2022-05-24T17:13:41","guid":{"rendered":"https:\/\/jhrealestate.es\/property\/ve-jhre017-erdgeschoss-wohnung-mit-privatem-garten-4-schlafzimmern-und-gemeinschaftspool\/"},"modified":"2023-07-24T18:11:48","modified_gmt":"2023-07-24T16:11:48","slug":"ve-jhre017","status":"publish","type":"rem_property","link":"https:\/\/jhrealestate.es\/de\/immobilie\/ve-jhre017\/","title":{"rendered":"VE-JHRE017 &#8211; Erdgeschoss-Wohnung mit privatem Garten, 4 Schlafzimmern und Gemeinschaftspool."},"content":{"rendered":"<p>Die Wohnung hat eine Baufl\u00e4che von 123 m\u00b2 und befindet sich in einer Wohnanlage des Viertels Sant Agusti &#8211; Palma, 5 Minuten von Palma-Zentrum entfernt.<\/p>\n<p>\u2022 Wohnzimmer mit viel Licht und Ausgang zur Terrasse<br \/>\n\u2022 4 Doppelzimmer, alle nach au\u00dfen mit Einbauschr\u00e4nken: zwei davon mit Zugang zur Terrasse. Sehr ger\u00e4umiges Hauptschlafzimmer (14 m2) mit Bad en Suite (Badewanne\/Dusche)<br \/>\n\u2022 2. gemeinsames Badezimmer mit Duschbad<br \/>\n\u2022 Gro\u00dfe voll ausgestattete K\u00fcche mit Zugang zu einer Terrasse und zum Hauswirtschaftsraum.<br \/>\n\u2022 Im Au\u00dfenbereich: 18,5 m2 gro\u00dfe Veranda mit gem\u00fctlicher Terrasse, Liegewiese und Grillecke. 43 m2 privater Garten<br \/>\n\u2022 Seine optimale S\u00fcdostausrichtung bietet Ihnen den ganzen Tag Licht und viel Ruhe.<br \/>\n\u2022 Kanal Klimaanlage (Kalt\/warm) im ganzen Haus<br \/>\n\u2022 Laminatboden in Schlaf- und Wohnzimmer, Fliesen in Bad und K\u00fcche.<br \/>\n\u2022 Aluminiumschreinerei mit Doppelverglasung Climalit<\/p>\n<p>Die Wohnanlage verf\u00fcgt \u00fcber einen Aufzug und gro\u00dfz\u00fcgige Gemeinschaftsr\u00e4ume mit gro\u00dfem Gemeinschaftspool auf 2 Ebenen umgeben von einer sehr gepflegten Gartenanlage. In der Umgebung finden Sie verschiedene Superm\u00e4rkte, ein Sportzentrum und Schulen (franz\u00f6sisches Lyc\u00e9e 5 min, 15 min mit dem Fahrrad). Einfacher Zugang zur Autobahn.<br \/>\nEin Tiefgaragenstellplatz und ein 7 m2 Abstellraum sind im Preis inbegriffen. M\u00f6glichkeit einen 2ten Parkplatz zu kaufen.<br \/>\nIdeal f\u00fcr Familien, die in einer sorgf\u00e4ltigen und ruhigen Umgebung in der N\u00e4he von Palma wohnen m\u00f6chten.<\/p>\n","protected":false},"excerpt":{"rendered":"<p>PALMA &#8211; SANT AGUSTI <\/p>\n","protected":false},"author":3,"featured_media":6024,"parent":0,"menu_order":0,"template":"","rem_property_cat":[38],"class_list":["post-3162","rem_property","type-rem_property","status-publish","has-post-thumbnail","hentry","rem_property_cat-zum-verkaufen"],"yoast_head":"<!-- This site is optimized with the Yoast SEO plugin v26.9 - https:\/\/yoast.com\/product\/yoast-seo-wordpress\/ -->\n<title>VE-JHRE017 - Erdgeschoss-Wohnung mit privatem Garten, 4 Schlafzimmern und Gemeinschaftspool. | JH Real Estate Mallorca<\/title>\n<meta name=\"robots\" content=\"index, follow, max-snippet:-1, max-image-preview:large, max-video-preview:-1\" \/>\n<link rel=\"canonical\" href=\"https:\/\/jhrealestate.es\/de\/immobilie\/ve-jhre017\/\" \/>\n<meta property=\"og:locale\" content=\"de_DE\" \/>\n<meta property=\"og:type\" content=\"article\" \/>\n<meta property=\"og:title\" content=\"VE-JHRE017 - Erdgeschoss-Wohnung mit privatem Garten, 4 Schlafzimmern und Gemeinschaftspool. | JH Real Estate Mallorca\" \/>\n<meta property=\"og:description\" content=\"PALMA - SANT AGUSTI\" \/>\n<meta property=\"og:url\" content=\"https:\/\/jhrealestate.es\/de\/immobilie\/ve-jhre017\/\" \/>\n<meta property=\"og:site_name\" content=\"JH Real Estate Mallorca\" \/>\n<meta property=\"article:publisher\" content=\"https:\/\/www.facebook.com\/jh.realestatemallorca\" \/>\n<meta property=\"article:modified_time\" content=\"2023-07-24T16:11:48+00:00\" \/>\n<meta property=\"og:image\" content=\"https:\/\/jhrealestate.es\/wp-content\/uploads\/2022\/05\/VE-JHRE017-15-3-1024x768.jpg\" \/>\n<meta name=\"twitter:card\" content=\"summary_large_image\" \/>\n<meta name=\"twitter:label1\" content=\"Gesch\u00e4tzte Lesezeit\" \/>\n\t<meta name=\"twitter:data1\" content=\"1\u00a0Minute\" \/>\n<script type=\"application\/ld+json\" class=\"yoast-schema-graph\">{\"@context\":\"https:\/\/schema.org\",\"@graph\":[{\"@type\":[\"WebPage\",\"RealEstateListing\"],\"@id\":\"https:\/\/jhrealestate.es\/de\/immobilie\/ve-jhre017\/\",\"url\":\"https:\/\/jhrealestate.es\/de\/immobilie\/ve-jhre017\/\",\"name\":\"VE-JHRE017 - Erdgeschoss-Wohnung mit privatem Garten, 4 Schlafzimmern und Gemeinschaftspool. | JH Real Estate Mallorca\",\"isPartOf\":{\"@id\":\"https:\/\/jhrealestate.es\/de\/#website\"},\"primaryImageOfPage\":{\"@id\":\"https:\/\/jhrealestate.es\/de\/immobilie\/ve-jhre017\/#primaryimage\"},\"image\":{\"@id\":\"https:\/\/jhrealestate.es\/de\/immobilie\/ve-jhre017\/#primaryimage\"},\"thumbnailUrl\":\"https:\/\/jhrealestate.es\/wp-content\/uploads\/2022\/05\/VE-JHRE017-15-4.jpg\",\"datePublished\":\"2022-05-24T17:13:41+00:00\",\"dateModified\":\"2023-07-24T16:11:48+00:00\",\"breadcrumb\":{\"@id\":\"https:\/\/jhrealestate.es\/de\/immobilie\/ve-jhre017\/#breadcrumb\"},\"inLanguage\":\"de\",\"potentialAction\":[{\"@type\":\"ReadAction\",\"target\":[\"https:\/\/jhrealestate.es\/de\/immobilie\/ve-jhre017\/\"]}]},{\"@type\":\"ImageObject\",\"inLanguage\":\"de\",\"@id\":\"https:\/\/jhrealestate.es\/de\/immobilie\/ve-jhre017\/#primaryimage\",\"url\":\"https:\/\/jhrealestate.es\/wp-content\/uploads\/2022\/05\/VE-JHRE017-15-4.jpg\",\"contentUrl\":\"https:\/\/jhrealestate.es\/wp-content\/uploads\/2022\/05\/VE-JHRE017-15-4.jpg\",\"width\":1600,\"height\":900},{\"@type\":\"BreadcrumbList\",\"@id\":\"https:\/\/jhrealestate.es\/de\/immobilie\/ve-jhre017\/#breadcrumb\",\"itemListElement\":[{\"@type\":\"ListItem\",\"position\":1,\"name\":\"Portada\",\"item\":\"https:\/\/jhrealestate.es\/de\/\"},{\"@type\":\"ListItem\",\"position\":2,\"name\":\"Immobilien\",\"item\":\"https:\/\/jhrealestate.es\/de\/immobilie\/\"},{\"@type\":\"ListItem\",\"position\":3,\"name\":\"VE-JHRE017 &#8211; Erdgeschoss-Wohnung mit privatem Garten, 4 Schlafzimmern und Gemeinschaftspool.\"}]},{\"@type\":\"WebSite\",\"@id\":\"https:\/\/jhrealestate.es\/de\/#website\",\"url\":\"https:\/\/jhrealestate.es\/de\/\",\"name\":\"JH Real Estate Mallorca\",\"description\":\"Real Estate en Mallorca\",\"publisher\":{\"@id\":\"https:\/\/jhrealestate.es\/de\/#organization\"},\"potentialAction\":[{\"@type\":\"SearchAction\",\"target\":{\"@type\":\"EntryPoint\",\"urlTemplate\":\"https:\/\/jhrealestate.es\/de\/?s={search_term_string}\"},\"query-input\":{\"@type\":\"PropertyValueSpecification\",\"valueRequired\":true,\"valueName\":\"search_term_string\"}}],\"inLanguage\":\"de\"},{\"@type\":\"Organization\",\"@id\":\"https:\/\/jhrealestate.es\/de\/#organization\",\"name\":\"JH Real Estate Mallorca\",\"url\":\"https:\/\/jhrealestate.es\/de\/\",\"logo\":{\"@type\":\"ImageObject\",\"inLanguage\":\"de\",\"@id\":\"https:\/\/jhrealestate.es\/de\/#\/schema\/logo\/image\/\",\"url\":\"https:\/\/jhrealestate.es\/wp-content\/uploads\/2021\/11\/Logo-JHRE.png\",\"contentUrl\":\"https:\/\/jhrealestate.es\/wp-content\/uploads\/2021\/11\/Logo-JHRE.png\",\"width\":252,\"height\":200,\"caption\":\"JH Real Estate Mallorca\"},\"image\":{\"@id\":\"https:\/\/jhrealestate.es\/de\/#\/schema\/logo\/image\/\"},\"sameAs\":[\"https:\/\/www.facebook.com\/jh.realestatemallorca\",\"https:\/\/www.instagram.com\/jh.realestatemallorca\",\"https:\/\/www.youtube.com\/channel\/UCwlku0kp0G8CPBZ61xelIHw\",\"https:\/\/www.linkedin.com\/in\/joseheredia1973\/\"]}]}<\/script>\n<!-- \/ Yoast SEO plugin. -->","yoast_head_json":{"title":"VE-JHRE017 - Erdgeschoss-Wohnung mit privatem Garten, 4 Schlafzimmern und Gemeinschaftspool. | JH Real Estate Mallorca","robots":{"index":"index","follow":"follow","max-snippet":"max-snippet:-1","max-image-preview":"max-image-preview:large","max-video-preview":"max-video-preview:-1"},"canonical":"https:\/\/jhrealestate.es\/de\/immobilie\/ve-jhre017\/","og_locale":"de_DE","og_type":"article","og_title":"VE-JHRE017 - Erdgeschoss-Wohnung mit privatem Garten, 4 Schlafzimmern und Gemeinschaftspool. | JH Real Estate Mallorca","og_description":"PALMA - SANT AGUSTI","og_url":"https:\/\/jhrealestate.es\/de\/immobilie\/ve-jhre017\/","og_site_name":"JH Real Estate Mallorca","article_publisher":"https:\/\/www.facebook.com\/jh.realestatemallorca","article_modified_time":"2023-07-24T16:11:48+00:00","og_image":[{"url":"https:\/\/jhrealestate.es\/wp-content\/uploads\/2022\/05\/VE-JHRE017-15-3-1024x768.jpg","type":"","width":"","height":""}],"twitter_card":"summary_large_image","twitter_misc":{"Gesch\u00e4tzte Lesezeit":"1\u00a0Minute"},"schema":{"@context":"https:\/\/schema.org","@graph":[{"@type":["WebPage","RealEstateListing"],"@id":"https:\/\/jhrealestate.es\/de\/immobilie\/ve-jhre017\/","url":"https:\/\/jhrealestate.es\/de\/immobilie\/ve-jhre017\/","name":"VE-JHRE017 - Erdgeschoss-Wohnung mit privatem Garten, 4 Schlafzimmern und Gemeinschaftspool. | JH Real Estate Mallorca","isPartOf":{"@id":"https:\/\/jhrealestate.es\/de\/#website"},"primaryImageOfPage":{"@id":"https:\/\/jhrealestate.es\/de\/immobilie\/ve-jhre017\/#primaryimage"},"image":{"@id":"https:\/\/jhrealestate.es\/de\/immobilie\/ve-jhre017\/#primaryimage"},"thumbnailUrl":"https:\/\/jhrealestate.es\/wp-content\/uploads\/2022\/05\/VE-JHRE017-15-4.jpg","datePublished":"2022-05-24T17:13:41+00:00","dateModified":"2023-07-24T16:11:48+00:00","breadcrumb":{"@id":"https:\/\/jhrealestate.es\/de\/immobilie\/ve-jhre017\/#breadcrumb"},"inLanguage":"de","potentialAction":[{"@type":"ReadAction","target":["https:\/\/jhrealestate.es\/de\/immobilie\/ve-jhre017\/"]}]},{"@type":"ImageObject","inLanguage":"de","@id":"https:\/\/jhrealestate.es\/de\/immobilie\/ve-jhre017\/#primaryimage","url":"https:\/\/jhrealestate.es\/wp-content\/uploads\/2022\/05\/VE-JHRE017-15-4.jpg","contentUrl":"https:\/\/jhrealestate.es\/wp-content\/uploads\/2022\/05\/VE-JHRE017-15-4.jpg","width":1600,"height":900},{"@type":"BreadcrumbList","@id":"https:\/\/jhrealestate.es\/de\/immobilie\/ve-jhre017\/#breadcrumb","itemListElement":[{"@type":"ListItem","position":1,"name":"Portada","item":"https:\/\/jhrealestate.es\/de\/"},{"@type":"ListItem","position":2,"name":"Immobilien","item":"https:\/\/jhrealestate.es\/de\/immobilie\/"},{"@type":"ListItem","position":3,"name":"VE-JHRE017 &#8211; Erdgeschoss-Wohnung mit privatem Garten, 4 Schlafzimmern und Gemeinschaftspool."}]},{"@type":"WebSite","@id":"https:\/\/jhrealestate.es\/de\/#website","url":"https:\/\/jhrealestate.es\/de\/","name":"JH Real Estate Mallorca","description":"Real Estate en Mallorca","publisher":{"@id":"https:\/\/jhrealestate.es\/de\/#organization"},"potentialAction":[{"@type":"SearchAction","target":{"@type":"EntryPoint","urlTemplate":"https:\/\/jhrealestate.es\/de\/?s={search_term_string}"},"query-input":{"@type":"PropertyValueSpecification","valueRequired":true,"valueName":"search_term_string"}}],"inLanguage":"de"},{"@type":"Organization","@id":"https:\/\/jhrealestate.es\/de\/#organization","name":"JH Real Estate Mallorca","url":"https:\/\/jhrealestate.es\/de\/","logo":{"@type":"ImageObject","inLanguage":"de","@id":"https:\/\/jhrealestate.es\/de\/#\/schema\/logo\/image\/","url":"https:\/\/jhrealestate.es\/wp-content\/uploads\/2021\/11\/Logo-JHRE.png","contentUrl":"https:\/\/jhrealestate.es\/wp-content\/uploads\/2021\/11\/Logo-JHRE.png","width":252,"height":200,"caption":"JH Real Estate Mallorca"},"image":{"@id":"https:\/\/jhrealestate.es\/de\/#\/schema\/logo\/image\/"},"sameAs":["https:\/\/www.facebook.com\/jh.realestatemallorca","https:\/\/www.instagram.com\/jh.realestatemallorca","https:\/\/www.youtube.com\/channel\/UCwlku0kp0G8CPBZ61xelIHw","https:\/\/www.linkedin.com\/in\/joseheredia1973\/"]}]}},"_links":{"self":[{"href":"https:\/\/jhrealestate.es\/de\/wp-json\/wp\/v2\/properties\/3162","targetHints":{"allow":["GET"]}}],"collection":[{"href":"https:\/\/jhrealestate.es\/de\/wp-json\/wp\/v2\/properties"}],"about":[{"href":"https:\/\/jhrealestate.es\/de\/wp-json\/wp\/v2\/types\/rem_property"}],"author":[{"embeddable":true,"href":"https:\/\/jhrealestate.es\/de\/wp-json\/wp\/v2\/users\/3"}],"wp:featuredmedia":[{"embeddable":true,"href":"https:\/\/jhrealestate.es\/de\/wp-json\/wp\/v2\/media\/6024"}],"wp:attachment":[{"href":"https:\/\/jhrealestate.es\/de\/wp-json\/wp\/v2\/media?parent=3162"}],"wp:term":[{"taxonomy":"rem_property_cat","embeddable":true,"href":"https:\/\/jhrealestate.es\/de\/wp-json\/wp\/v2\/rem_property_cat?post=3162"}],"curies":[{"name":"wp","href":"https:\/\/api.w.org\/{rel}","templated":true}]}}

<p>Die Wohnung hat eine Baufläche von 123 m² und befindet sich in einer Wohnanlage des Viertels Sant Agusti &#8211; Palma, 5 Minuten von Palma-Zentrum entfernt.</p>
<p>• Wohnzimmer mit viel Licht und Ausgang zur Terrasse<br />
• 4 Doppelzimmer, alle nach außen mit Einbauschränken: zwei davon mit Zugang zur Terrasse. Sehr geräumiges Hauptschlafzimmer (14 m2) mit Bad en Suite (Badewanne/Dusche)<br />
• 2. gemeinsames Badezimmer mit Duschbad<br />
• Große voll ausgestattete Küche mit Zugang zu einer Terrasse und zum Hauswirtschaftsraum.<br />
• Im Außenbereich: 18,5 m2 große Veranda mit gemütlicher Terrasse, Liegewiese und Grillecke. 43 m2 privater Garten<br />
• Seine optimale Südostausrichtung bietet Ihnen den ganzen Tag Licht und viel Ruhe.<br />
• Kanal Klimaanlage (Kalt/warm) im ganzen Haus<br />
• Laminatboden in Schlaf- und Wohnzimmer, Fliesen in Bad und Küche.<br />
• Aluminiumschreinerei mit Doppelverglasung Climalit</p>
<p>Die Wohnanlage verfügt über einen Aufzug und großzügige Gemeinschaftsräume mit großem Gemeinschaftspool auf 2 Ebenen umgeben von einer sehr gepflegten Gartenanlage. In der Umgebung finden Sie verschiedene Supermärkte, ein Sportzentrum und Schulen (französisches Lycée 5 min, 15 min mit dem Fahrrad). Einfacher Zugang zur Autobahn.<br />
Ein Tiefgaragenstellplatz und ein 7 m2 Abstellraum sind im Preis inbegriffen. Möglichkeit einen 2ten Parkplatz zu kaufen.<br />
Ideal für Familien, die in einer sorgfältigen und ruhigen Umgebung in der Nähe von Palma wohnen möchten.</p>

<!-- This site is optimized with the Yoast SEO plugin v26.9 - https://yoast.com/product/yoast-seo-wordpress/ -->
<title>VE-JHRE017 - Erdgeschoss-Wohnung mit privatem Garten, 4 Schlafzimmern und Gemeinschaftspool. | JH Real Estate Mallorca</title>
<meta name="robots" content="index, follow, max-snippet:-1, max-image-preview:large, max-video-preview:-1" />
<link rel="canonical" href="https://jhrealestate.es/de/immobilie/ve-jhre017/" />
<meta property="og:locale" content="de_DE" />
<meta property="og:type" content="article" />
<meta property="og:title" content="VE-JHRE017 - Erdgeschoss-Wohnung mit privatem Garten, 4 Schlafzimmern und Gemeinschaftspool. | JH Real Estate Mallorca" />
<meta property="og:description" content="PALMA - SANT AGUSTI" />
<meta property="og:url" content="https://jhrealestate.es/de/immobilie/ve-jhre017/" />
<meta property="og:site_name" content="JH Real Estate Mallorca" />
<meta property="article:publisher" content="https://www.facebook.com/jh.realestatemallorca" />
<meta property="article:modified_time" content="2023-07-24T16:11:48+00:00" />
<meta property="og:image" content="https://jhrealestate.es/wp-content/uploads/2022/05/VE-JHRE017-15-3-1024x768.jpg" />
<meta name="twitter:card" content="summary_large_image" />
<meta name="twitter:label1" content="Geschätzte Lesezeit" />
	<meta name="twitter:data1" content="1 Minute" />
<script type="application/ld+json" class="yoast-schema-graph">{"@context":"https://schema.org","@graph":[{"@type":["WebPage","RealEstateListing"],"@id":"https://jhrealestate.es/de/immobilie/ve-jhre017/","url":"https://jhrealestate.es/de/immobilie/ve-jhre017/","name":"VE-JHRE017 - Erdgeschoss-Wohnung mit privatem Garten, 4 Schlafzimmern und Gemeinschaftspool. | JH Real Estate Mallorca","isPartOf":{"@id":"https://jhrealestate.es/de/#website"},"primaryImageOfPage":{"@id":"https://jhrealestate.es/de/immobilie/ve-jhre017/#primaryimage"},"image":{"@id":"https://jhrealestate.es/de/immobilie/ve-jhre017/#primaryimage"},"thumbnailUrl":"https://jhrealestate.es/wp-content/uploads/2022/05/VE-JHRE017-15-4.jpg","datePublished":"2022-05-24T17:13:41+00:00","dateModified":"2023-07-24T16:11:48+00:00","breadcrumb":{"@id":"https://jhrealestate.es/de/immobilie/ve-jhre017/#breadcrumb"},"inLanguage":"de","potentialAction":[{"@type":"ReadAction","target":["https://jhrealestate.es/de/immobilie/ve-jhre017/"]}]},{"@type":"ImageObject","inLanguage":"de","@id":"https://jhrealestate.es/de/immobilie/ve-jhre017/#primaryimage","url":"https://jhrealestate.es/wp-content/uploads/2022/05/VE-JHRE017-15-4.jpg","contentUrl":"https://jhrealestate.es/wp-content/uploads/2022/05/VE-JHRE017-15-4.jpg","width":1600,"height":900},{"@type":"BreadcrumbList","@id":"https://jhrealestate.es/de/immobilie/ve-jhre017/#breadcrumb","itemListElement":[{"@type":"ListItem","position":1,"name":"Portada","item":"https://jhrealestate.es/de/"},{"@type":"ListItem","position":2,"name":"Immobilien","item":"https://jhrealestate.es/de/immobilie/"},{"@type":"ListItem","position":3,"name":"VE-JHRE017 &#8211; Erdgeschoss-Wohnung mit privatem Garten, 4 Schlafzimmern und Gemeinschaftspool."}]},{"@type":"WebSite","@id":"https://jhrealestate.es/de/#website","url":"https://jhrealestate.es/de/","name":"JH Real Estate Mallorca","description":"Real Estate en Mallorca","publisher":{"@id":"https://jhrealestate.es/de/#organization"},"potentialAction":[{"@type":"SearchAction","target":{"@type":"EntryPoint","urlTemplate":"https://jhrealestate.es/de/?s={search_term_string}"},"query-input":{"@type":"PropertyValueSpecification","valueRequired":true,"valueName":"search_term_string"}}],"inLanguage":"de"},{"@type":"Organization","@id":"https://jhrealestate.es/de/#organization","name":"JH Real Estate Mallorca","url":"https://jhrealestate.es/de/","logo":{"@type":"ImageObject","inLanguage":"de","@id":"https://jhrealestate.es/de/#/schema/logo/image/","url":"https://jhrealestate.es/wp-content/uploads/2021/11/Logo-JHRE.png","contentUrl":"https://jhrealestate.es/wp-content/uploads/2021/11/Logo-JHRE.png","width":252,"height":200,"caption":"JH Real Estate Mallorca"},"image":{"@id":"https://jhrealestate.es/de/#/schema/logo/image/"},"sameAs":["https://www.facebook.com/jh.realestatemallorca","https://www.instagram.com/jh.realestatemallorca","https://www.youtube.com/channel/UCwlku0kp0G8CPBZ61xelIHw","https://www.linkedin.com/in/joseheredia1973/"]}]}</script>
<!-- / Yoast SEO plugin. -->
