{"id":4344,"date":"2022-07-23T10:21:39","date_gmt":"2022-07-23T08:21:39","guid":{"rendered":"https:\/\/jhrealestate.es\/property\/al-jhre025-geraeumige-wohnung-im-viertel-son-armadans-mit-4-schlafzimmern-2-terrassen-und-parkplatz\/"},"modified":"2023-07-24T16:54:06","modified_gmt":"2023-07-24T14:54:06","slug":"al-jhre025","status":"publish","type":"rem_property","link":"https:\/\/jhrealestate.es\/de\/immobilie\/al-jhre025\/","title":{"rendered":"AL-JHRE025 &#8211; Ger\u00e4umige Wohnung im Viertel Son Armadans mit 4 Schlafzimmern, 2 Terrassen und Parkplatz."},"content":{"rendered":"<p>Die Wohnung hat eine Gesamtfl\u00e4che von 147 qm und bietet:<br \/>\n\u2022\u00a0 4 Schlafzimmer mit Einbauschr\u00e4nken<br \/>\n\u2022\u00a0 Gro\u00dfes helles Wohn-Esszimmer auf 2 Ebenen mit Zugang zu den 2 Terrassen.<br \/>\n\u2022\u00a0 2 komplette Badezimmer (beide mit Badewanne\/Dusche)<br \/>\n\u2022\u00a0 Parkettboden (Fliesen in K\u00fcche und B\u00e4dern)<br \/>\n\u2022\u00a0 Unabh\u00e4ngige m\u00f6blierte und ausgestattete K\u00fcche (K\u00fchlschrank, Geschirrsp\u00fcler, Backofen, Vitro, Mikrowelle) mit Speisekammer<br \/>\n\u2022\u00a0 Hauswirtschaftsraum mit Waschmaschine, Trockner, Weink\u00fchlschrank, Lagerschr\u00e4nke<br \/>\n\u2022\u00a0 Climalit-Au\u00dfenschreinerei mit Doppelverglasung (nicht im Speisesaal)<br \/>\n\u2022\u00a0 Beheizung durch Gasradiatoren<br \/>\n\u2022\u00a0 Es wird mit den M\u00f6beln wie auf den Bildern zu sehen sind vermietet<br \/>\n\u2022\u00a0 3te Etage mit Aufzug<br \/>\n\u2022\u00a0 Baujahr: 1977<br \/>\n\u2022\u00a0 Gro\u00dfer Garagenplatz (1 Auto + 1 Motorrad)<br \/>\nDie Wohnung liegt in einem ruhigen Wohnviertel von Palma mit allen Dienstleistungen in der N\u00e4he, nicht weit vom Paseo Maritimo und dem Viertel Santa Catalina entfernt. Bushaltestelle 50m, Supermarkt 300m.<br \/>\nGemeinschaftskosten und Wasser sind in der Monatsmiete enthalten. Strom, Gas und j\u00e4hrliche M\u00fcllgeb\u00fchr werden von den Mietern bezahlt.<br \/>\nGemeinschaft von nur 8 Nachbarn (1 Nachbar pro Etage) sehr ruhig mit sehr gepflegter Gartenanlage.<br \/>\nKonditionen: 1 Monat Kaution + 1 Monat Zusatzgarantie + 1 Monat Maklerprovision (+21% IVA)<br \/>\nWir suchen nach langfristigen Mietern mit guten Referenzen und Garantien.<\/p>\n","protected":false},"excerpt":{"rendered":"<p>PALMA &#8211; SON ARMADANS<\/p>\n","protected":false},"author":3,"featured_media":5955,"parent":0,"menu_order":0,"template":"","rem_property_cat":[41],"class_list":["post-4344","rem_property","type-rem_property","status-publish","has-post-thumbnail","hentry","rem_property_cat-zum-vermieten"],"yoast_head":"<!-- This site is optimized with the Yoast SEO plugin v26.9 - https:\/\/yoast.com\/product\/yoast-seo-wordpress\/ -->\n<title>AL-JHRE025 - Ger\u00e4umige Wohnung im Viertel Son Armadans mit 4 Schlafzimmern, 2 Terrassen und Parkplatz. | JH Real Estate Mallorca<\/title>\n<meta name=\"robots\" content=\"index, follow, max-snippet:-1, max-image-preview:large, max-video-preview:-1\" \/>\n<link rel=\"canonical\" href=\"https:\/\/jhrealestate.es\/de\/immobilie\/al-jhre025\/\" \/>\n<meta property=\"og:locale\" content=\"de_DE\" \/>\n<meta property=\"og:type\" content=\"article\" \/>\n<meta property=\"og:title\" content=\"AL-JHRE025 - Ger\u00e4umige Wohnung im Viertel Son Armadans mit 4 Schlafzimmern, 2 Terrassen und Parkplatz. | JH Real Estate Mallorca\" \/>\n<meta property=\"og:description\" content=\"PALMA - SON ARMADANS\" \/>\n<meta property=\"og:url\" content=\"https:\/\/jhrealestate.es\/de\/immobilie\/al-jhre025\/\" \/>\n<meta property=\"og:site_name\" content=\"JH Real Estate Mallorca\" \/>\n<meta property=\"article:publisher\" content=\"https:\/\/www.facebook.com\/jh.realestatemallorca\" \/>\n<meta property=\"article:modified_time\" content=\"2023-07-24T14:54:06+00:00\" \/>\n<meta property=\"og:image\" content=\"https:\/\/jhrealestate.es\/wp-content\/uploads\/2022\/07\/AL-JHRE025-1-1-1024x576.jpg\" \/>\n<meta name=\"twitter:card\" content=\"summary_large_image\" \/>\n<meta name=\"twitter:label1\" content=\"Gesch\u00e4tzte Lesezeit\" \/>\n\t<meta name=\"twitter:data1\" content=\"1\u00a0Minute\" \/>\n<script type=\"application\/ld+json\" class=\"yoast-schema-graph\">{\"@context\":\"https:\/\/schema.org\",\"@graph\":[{\"@type\":[\"WebPage\",\"RealEstateListing\"],\"@id\":\"https:\/\/jhrealestate.es\/de\/immobilie\/al-jhre025\/\",\"url\":\"https:\/\/jhrealestate.es\/de\/immobilie\/al-jhre025\/\",\"name\":\"AL-JHRE025 - Ger\u00e4umige Wohnung im Viertel Son Armadans mit 4 Schlafzimmern, 2 Terrassen und Parkplatz. | JH Real Estate Mallorca\",\"isPartOf\":{\"@id\":\"https:\/\/jhrealestate.es\/de\/#website\"},\"primaryImageOfPage\":{\"@id\":\"https:\/\/jhrealestate.es\/de\/immobilie\/al-jhre025\/#primaryimage\"},\"image\":{\"@id\":\"https:\/\/jhrealestate.es\/de\/immobilie\/al-jhre025\/#primaryimage\"},\"thumbnailUrl\":\"https:\/\/jhrealestate.es\/wp-content\/uploads\/2022\/07\/AL-JHRE025-1-1.jpg\",\"datePublished\":\"2022-07-23T08:21:39+00:00\",\"dateModified\":\"2023-07-24T14:54:06+00:00\",\"breadcrumb\":{\"@id\":\"https:\/\/jhrealestate.es\/de\/immobilie\/al-jhre025\/#breadcrumb\"},\"inLanguage\":\"de\",\"potentialAction\":[{\"@type\":\"ReadAction\",\"target\":[\"https:\/\/jhrealestate.es\/de\/immobilie\/al-jhre025\/\"]}]},{\"@type\":\"ImageObject\",\"inLanguage\":\"de\",\"@id\":\"https:\/\/jhrealestate.es\/de\/immobilie\/al-jhre025\/#primaryimage\",\"url\":\"https:\/\/jhrealestate.es\/wp-content\/uploads\/2022\/07\/AL-JHRE025-1-1.jpg\",\"contentUrl\":\"https:\/\/jhrealestate.es\/wp-content\/uploads\/2022\/07\/AL-JHRE025-1-1.jpg\",\"width\":1600,\"height\":900},{\"@type\":\"BreadcrumbList\",\"@id\":\"https:\/\/jhrealestate.es\/de\/immobilie\/al-jhre025\/#breadcrumb\",\"itemListElement\":[{\"@type\":\"ListItem\",\"position\":1,\"name\":\"Portada\",\"item\":\"https:\/\/jhrealestate.es\/de\/\"},{\"@type\":\"ListItem\",\"position\":2,\"name\":\"Immobilien\",\"item\":\"https:\/\/jhrealestate.es\/de\/immobilie\/\"},{\"@type\":\"ListItem\",\"position\":3,\"name\":\"AL-JHRE025 &#8211; Ger\u00e4umige Wohnung im Viertel Son Armadans mit 4 Schlafzimmern, 2 Terrassen und Parkplatz.\"}]},{\"@type\":\"WebSite\",\"@id\":\"https:\/\/jhrealestate.es\/de\/#website\",\"url\":\"https:\/\/jhrealestate.es\/de\/\",\"name\":\"JH Real Estate Mallorca\",\"description\":\"Real Estate en Mallorca\",\"publisher\":{\"@id\":\"https:\/\/jhrealestate.es\/de\/#organization\"},\"potentialAction\":[{\"@type\":\"SearchAction\",\"target\":{\"@type\":\"EntryPoint\",\"urlTemplate\":\"https:\/\/jhrealestate.es\/de\/?s={search_term_string}\"},\"query-input\":{\"@type\":\"PropertyValueSpecification\",\"valueRequired\":true,\"valueName\":\"search_term_string\"}}],\"inLanguage\":\"de\"},{\"@type\":\"Organization\",\"@id\":\"https:\/\/jhrealestate.es\/de\/#organization\",\"name\":\"JH Real Estate Mallorca\",\"url\":\"https:\/\/jhrealestate.es\/de\/\",\"logo\":{\"@type\":\"ImageObject\",\"inLanguage\":\"de\",\"@id\":\"https:\/\/jhrealestate.es\/de\/#\/schema\/logo\/image\/\",\"url\":\"https:\/\/jhrealestate.es\/wp-content\/uploads\/2021\/11\/Logo-JHRE.png\",\"contentUrl\":\"https:\/\/jhrealestate.es\/wp-content\/uploads\/2021\/11\/Logo-JHRE.png\",\"width\":252,\"height\":200,\"caption\":\"JH Real Estate Mallorca\"},\"image\":{\"@id\":\"https:\/\/jhrealestate.es\/de\/#\/schema\/logo\/image\/\"},\"sameAs\":[\"https:\/\/www.facebook.com\/jh.realestatemallorca\",\"https:\/\/www.instagram.com\/jh.realestatemallorca\",\"https:\/\/www.youtube.com\/channel\/UCwlku0kp0G8CPBZ61xelIHw\",\"https:\/\/www.linkedin.com\/in\/joseheredia1973\/\"]}]}<\/script>\n<!-- \/ Yoast SEO plugin. -->","yoast_head_json":{"title":"AL-JHRE025 - Ger\u00e4umige Wohnung im Viertel Son Armadans mit 4 Schlafzimmern, 2 Terrassen und Parkplatz. | JH Real Estate Mallorca","robots":{"index":"index","follow":"follow","max-snippet":"max-snippet:-1","max-image-preview":"max-image-preview:large","max-video-preview":"max-video-preview:-1"},"canonical":"https:\/\/jhrealestate.es\/de\/immobilie\/al-jhre025\/","og_locale":"de_DE","og_type":"article","og_title":"AL-JHRE025 - Ger\u00e4umige Wohnung im Viertel Son Armadans mit 4 Schlafzimmern, 2 Terrassen und Parkplatz. | JH Real Estate Mallorca","og_description":"PALMA - SON ARMADANS","og_url":"https:\/\/jhrealestate.es\/de\/immobilie\/al-jhre025\/","og_site_name":"JH Real Estate Mallorca","article_publisher":"https:\/\/www.facebook.com\/jh.realestatemallorca","article_modified_time":"2023-07-24T14:54:06+00:00","og_image":[{"url":"https:\/\/jhrealestate.es\/wp-content\/uploads\/2022\/07\/AL-JHRE025-1-1-1024x576.jpg","type":"","width":"","height":""}],"twitter_card":"summary_large_image","twitter_misc":{"Gesch\u00e4tzte Lesezeit":"1\u00a0Minute"},"schema":{"@context":"https:\/\/schema.org","@graph":[{"@type":["WebPage","RealEstateListing"],"@id":"https:\/\/jhrealestate.es\/de\/immobilie\/al-jhre025\/","url":"https:\/\/jhrealestate.es\/de\/immobilie\/al-jhre025\/","name":"AL-JHRE025 - Ger\u00e4umige Wohnung im Viertel Son Armadans mit 4 Schlafzimmern, 2 Terrassen und Parkplatz. | JH Real Estate Mallorca","isPartOf":{"@id":"https:\/\/jhrealestate.es\/de\/#website"},"primaryImageOfPage":{"@id":"https:\/\/jhrealestate.es\/de\/immobilie\/al-jhre025\/#primaryimage"},"image":{"@id":"https:\/\/jhrealestate.es\/de\/immobilie\/al-jhre025\/#primaryimage"},"thumbnailUrl":"https:\/\/jhrealestate.es\/wp-content\/uploads\/2022\/07\/AL-JHRE025-1-1.jpg","datePublished":"2022-07-23T08:21:39+00:00","dateModified":"2023-07-24T14:54:06+00:00","breadcrumb":{"@id":"https:\/\/jhrealestate.es\/de\/immobilie\/al-jhre025\/#breadcrumb"},"inLanguage":"de","potentialAction":[{"@type":"ReadAction","target":["https:\/\/jhrealestate.es\/de\/immobilie\/al-jhre025\/"]}]},{"@type":"ImageObject","inLanguage":"de","@id":"https:\/\/jhrealestate.es\/de\/immobilie\/al-jhre025\/#primaryimage","url":"https:\/\/jhrealestate.es\/wp-content\/uploads\/2022\/07\/AL-JHRE025-1-1.jpg","contentUrl":"https:\/\/jhrealestate.es\/wp-content\/uploads\/2022\/07\/AL-JHRE025-1-1.jpg","width":1600,"height":900},{"@type":"BreadcrumbList","@id":"https:\/\/jhrealestate.es\/de\/immobilie\/al-jhre025\/#breadcrumb","itemListElement":[{"@type":"ListItem","position":1,"name":"Portada","item":"https:\/\/jhrealestate.es\/de\/"},{"@type":"ListItem","position":2,"name":"Immobilien","item":"https:\/\/jhrealestate.es\/de\/immobilie\/"},{"@type":"ListItem","position":3,"name":"AL-JHRE025 &#8211; Ger\u00e4umige Wohnung im Viertel Son Armadans mit 4 Schlafzimmern, 2 Terrassen und Parkplatz."}]},{"@type":"WebSite","@id":"https:\/\/jhrealestate.es\/de\/#website","url":"https:\/\/jhrealestate.es\/de\/","name":"JH Real Estate Mallorca","description":"Real Estate en Mallorca","publisher":{"@id":"https:\/\/jhrealestate.es\/de\/#organization"},"potentialAction":[{"@type":"SearchAction","target":{"@type":"EntryPoint","urlTemplate":"https:\/\/jhrealestate.es\/de\/?s={search_term_string}"},"query-input":{"@type":"PropertyValueSpecification","valueRequired":true,"valueName":"search_term_string"}}],"inLanguage":"de"},{"@type":"Organization","@id":"https:\/\/jhrealestate.es\/de\/#organization","name":"JH Real Estate Mallorca","url":"https:\/\/jhrealestate.es\/de\/","logo":{"@type":"ImageObject","inLanguage":"de","@id":"https:\/\/jhrealestate.es\/de\/#\/schema\/logo\/image\/","url":"https:\/\/jhrealestate.es\/wp-content\/uploads\/2021\/11\/Logo-JHRE.png","contentUrl":"https:\/\/jhrealestate.es\/wp-content\/uploads\/2021\/11\/Logo-JHRE.png","width":252,"height":200,"caption":"JH Real Estate Mallorca"},"image":{"@id":"https:\/\/jhrealestate.es\/de\/#\/schema\/logo\/image\/"},"sameAs":["https:\/\/www.facebook.com\/jh.realestatemallorca","https:\/\/www.instagram.com\/jh.realestatemallorca","https:\/\/www.youtube.com\/channel\/UCwlku0kp0G8CPBZ61xelIHw","https:\/\/www.linkedin.com\/in\/joseheredia1973\/"]}]}},"_links":{"self":[{"href":"https:\/\/jhrealestate.es\/de\/wp-json\/wp\/v2\/properties\/4344","targetHints":{"allow":["GET"]}}],"collection":[{"href":"https:\/\/jhrealestate.es\/de\/wp-json\/wp\/v2\/properties"}],"about":[{"href":"https:\/\/jhrealestate.es\/de\/wp-json\/wp\/v2\/types\/rem_property"}],"author":[{"embeddable":true,"href":"https:\/\/jhrealestate.es\/de\/wp-json\/wp\/v2\/users\/3"}],"wp:featuredmedia":[{"embeddable":true,"href":"https:\/\/jhrealestate.es\/de\/wp-json\/wp\/v2\/media\/5955"}],"wp:attachment":[{"href":"https:\/\/jhrealestate.es\/de\/wp-json\/wp\/v2\/media?parent=4344"}],"wp:term":[{"taxonomy":"rem_property_cat","embeddable":true,"href":"https:\/\/jhrealestate.es\/de\/wp-json\/wp\/v2\/rem_property_cat?post=4344"}],"curies":[{"name":"wp","href":"https:\/\/api.w.org\/{rel}","templated":true}]}}

AL-JHRE025 &#8211; Geräumige Wohnung im Viertel Son Armadans mit 4 Schlafzimmern, 2 Terrassen und Parkplatz.

<p>Die Wohnung hat eine Gesamtfläche von 147 qm und bietet:<br />
•  4 Schlafzimmer mit Einbauschränken<br />
•  Großes helles Wohn-Esszimmer auf 2 Ebenen mit Zugang zu den 2 Terrassen.<br />
•  2 komplette Badezimmer (beide mit Badewanne/Dusche)<br />
•  Parkettboden (Fliesen in Küche und Bädern)<br />
•  Unabhängige möblierte und ausgestattete Küche (Kühlschrank, Geschirrspüler, Backofen, Vitro, Mikrowelle) mit Speisekammer<br />
•  Hauswirtschaftsraum mit Waschmaschine, Trockner, Weinkühlschrank, Lagerschränke<br />
•  Climalit-Außenschreinerei mit Doppelverglasung (nicht im Speisesaal)<br />
•  Beheizung durch Gasradiatoren<br />
•  Es wird mit den Möbeln wie auf den Bildern zu sehen sind vermietet<br />
•  3te Etage mit Aufzug<br />
•  Baujahr: 1977<br />
•  Großer Garagenplatz (1 Auto + 1 Motorrad)<br />
Die Wohnung liegt in einem ruhigen Wohnviertel von Palma mit allen Dienstleistungen in der Nähe, nicht weit vom Paseo Maritimo und dem Viertel Santa Catalina entfernt. Bushaltestelle 50m, Supermarkt 300m.<br />
Gemeinschaftskosten und Wasser sind in der Monatsmiete enthalten. Strom, Gas und jährliche Müllgebühr werden von den Mietern bezahlt.<br />
Gemeinschaft von nur 8 Nachbarn (1 Nachbar pro Etage) sehr ruhig mit sehr gepflegter Gartenanlage.<br />
Konditionen: 1 Monat Kaution + 1 Monat Zusatzgarantie + 1 Monat Maklerprovision (+21% IVA)<br />
Wir suchen nach langfristigen Mietern mit guten Referenzen und Garantien.</p>

<!-- This site is optimized with the Yoast SEO plugin v26.9 - https://yoast.com/product/yoast-seo-wordpress/ -->
<title>AL-JHRE025 - Geräumige Wohnung im Viertel Son Armadans mit 4 Schlafzimmern, 2 Terrassen und Parkplatz. | JH Real Estate Mallorca</title>
<meta name="robots" content="index, follow, max-snippet:-1, max-image-preview:large, max-video-preview:-1" />
<link rel="canonical" href="https://jhrealestate.es/de/immobilie/al-jhre025/" />
<meta property="og:locale" content="de_DE" />
<meta property="og:type" content="article" />
<meta property="og:title" content="AL-JHRE025 - Geräumige Wohnung im Viertel Son Armadans mit 4 Schlafzimmern, 2 Terrassen und Parkplatz. | JH Real Estate Mallorca" />
<meta property="og:description" content="PALMA - SON ARMADANS" />
<meta property="og:url" content="https://jhrealestate.es/de/immobilie/al-jhre025/" />
<meta property="og:site_name" content="JH Real Estate Mallorca" />
<meta property="article:publisher" content="https://www.facebook.com/jh.realestatemallorca" />
<meta property="article:modified_time" content="2023-07-24T14:54:06+00:00" />
<meta property="og:image" content="https://jhrealestate.es/wp-content/uploads/2022/07/AL-JHRE025-1-1-1024x576.jpg" />
<meta name="twitter:card" content="summary_large_image" />
<meta name="twitter:label1" content="Geschätzte Lesezeit" />
	<meta name="twitter:data1" content="1 Minute" />
<script type="application/ld+json" class="yoast-schema-graph">{"@context":"https://schema.org","@graph":[{"@type":["WebPage","RealEstateListing"],"@id":"https://jhrealestate.es/de/immobilie/al-jhre025/","url":"https://jhrealestate.es/de/immobilie/al-jhre025/","name":"AL-JHRE025 - Geräumige Wohnung im Viertel Son Armadans mit 4 Schlafzimmern, 2 Terrassen und Parkplatz. | JH Real Estate Mallorca","isPartOf":{"@id":"https://jhrealestate.es/de/#website"},"primaryImageOfPage":{"@id":"https://jhrealestate.es/de/immobilie/al-jhre025/#primaryimage"},"image":{"@id":"https://jhrealestate.es/de/immobilie/al-jhre025/#primaryimage"},"thumbnailUrl":"https://jhrealestate.es/wp-content/uploads/2022/07/AL-JHRE025-1-1.jpg","datePublished":"2022-07-23T08:21:39+00:00","dateModified":"2023-07-24T14:54:06+00:00","breadcrumb":{"@id":"https://jhrealestate.es/de/immobilie/al-jhre025/#breadcrumb"},"inLanguage":"de","potentialAction":[{"@type":"ReadAction","target":["https://jhrealestate.es/de/immobilie/al-jhre025/"]}]},{"@type":"ImageObject","inLanguage":"de","@id":"https://jhrealestate.es/de/immobilie/al-jhre025/#primaryimage","url":"https://jhrealestate.es/wp-content/uploads/2022/07/AL-JHRE025-1-1.jpg","contentUrl":"https://jhrealestate.es/wp-content/uploads/2022/07/AL-JHRE025-1-1.jpg","width":1600,"height":900},{"@type":"BreadcrumbList","@id":"https://jhrealestate.es/de/immobilie/al-jhre025/#breadcrumb","itemListElement":[{"@type":"ListItem","position":1,"name":"Portada","item":"https://jhrealestate.es/de/"},{"@type":"ListItem","position":2,"name":"Immobilien","item":"https://jhrealestate.es/de/immobilie/"},{"@type":"ListItem","position":3,"name":"AL-JHRE025 &#8211; Geräumige Wohnung im Viertel Son Armadans mit 4 Schlafzimmern, 2 Terrassen und Parkplatz."}]},{"@type":"WebSite","@id":"https://jhrealestate.es/de/#website","url":"https://jhrealestate.es/de/","name":"JH Real Estate Mallorca","description":"Real Estate en Mallorca","publisher":{"@id":"https://jhrealestate.es/de/#organization"},"potentialAction":[{"@type":"SearchAction","target":{"@type":"EntryPoint","urlTemplate":"https://jhrealestate.es/de/?s={search_term_string}"},"query-input":{"@type":"PropertyValueSpecification","valueRequired":true,"valueName":"search_term_string"}}],"inLanguage":"de"},{"@type":"Organization","@id":"https://jhrealestate.es/de/#organization","name":"JH Real Estate Mallorca","url":"https://jhrealestate.es/de/","logo":{"@type":"ImageObject","inLanguage":"de","@id":"https://jhrealestate.es/de/#/schema/logo/image/","url":"https://jhrealestate.es/wp-content/uploads/2021/11/Logo-JHRE.png","contentUrl":"https://jhrealestate.es/wp-content/uploads/2021/11/Logo-JHRE.png","width":252,"height":200,"caption":"JH Real Estate Mallorca"},"image":{"@id":"https://jhrealestate.es/de/#/schema/logo/image/"},"sameAs":["https://www.facebook.com/jh.realestatemallorca","https://www.instagram.com/jh.realestatemallorca","https://www.youtube.com/channel/UCwlku0kp0G8CPBZ61xelIHw","https://www.linkedin.com/in/joseheredia1973/"]}]}</script>
<!-- / Yoast SEO plugin. -->

AL-JHRE025 - Geräumige Wohnung im Viertel Son Armadans mit 4 Schlafzimmern, 2 Terrassen und Parkplatz. | JH Real Estate Mallorca
