{"id":4965,"date":"2024-11-10T11:28:53","date_gmt":"2024-11-10T10:28:53","guid":{"rendered":"https:\/\/jhrealestate.es\/propiedad\/al-jhre028-piso-de-un-dormitorio-con-amplia-terraza-en-1a-linea-de-mar\/"},"modified":"2025-03-26T00:12:03","modified_gmt":"2025-03-25T23:12:03","slug":"al-jhre028","status":"publish","type":"rem_property","link":"https:\/\/jhrealestate.es\/de\/immobilie\/al-jhre028\/","title":{"rendered":"AL-JHRE028 &#8211; Ein-Zimmer-Dachwohnung mit Panoramablick auf das Meer und Terrasse in erster Meereslinie"},"content":{"rendered":"<p>EXKLUSIV<\/p>\n<p>Die Wohnung befindet sich in einer kleinen Gemeinschaft direkt am Meer, direkt am Meer in einer ruhigen Gegend von Santa Ponsa und hat eine Baufl\u00e4che von 65 qm. Sie verf\u00fcgt \u00fcber eine gro\u00dfe Terrasse, auf der Sie Fr\u00fchst\u00fcck und Abendessen mit herrlichem Blick auf die Bucht von Santa Ponsa genie\u00dfen werden.<\/p>\n<p>Die Wohnung bietet:<br \/>\u2022 Sehr helles Wohn-Esszimmer mit Schlafsofa, Fernseher, Deckenventilator und direktem Zugang zur Terrasse.<br \/>\u2022 K\u00fcrzlich renovierte K\u00fcche mit K\u00fchlschrank, Backofen, Cerankochfeld und Mikrowelle. Eine Auswahl an K\u00fcchenutensilien, Geschirr und Kleinger\u00e4ten steht den Mietern zur Verf\u00fcgung.<br \/>\u2022 Waschk\u00fcche mit Waschmaschine und W\u00e4schest\u00e4nder.<br \/>\u2022 12 qm gro\u00dfes Schlafzimmer mit Einbauschr\u00e4nken, Deckenventilator und Meerblick<br \/>\u2022 Gro\u00dfes, komplett eingerichtetes Badezimmer mit Badewanne\/Dusche<br \/>\u2022 Holzoptik doppelt verglaste Aluminiumfenster und Alu-Jalousien<br \/>\u2022 Direkter Zugang zum Meer <br \/>\u2022 GEB\u00c4UDE OHNE AUFZUG<br \/>\u2022 WIRD M\u00d6BLIERT UND FRISCH GESTRICHEN VERMIETET<\/p>\n<p>Die Miete beinhaltet Gemeindegeb\u00fchren, Wasser, Internet und einen Parkplatz von Oktober bis Ende Mai. Gas, Strom und j\u00e4hrliche M\u00fcllgeb\u00fchr werden von den Mietern bezahlt.<\/p>\n<p>In der Umgebung finden Sie ein breites Angebot an Dienstleistungen. Der Hauptstrand von Santa Ponsa ist 5 Gehminuten entfernt, und der kleine Strand Es Cal\u00f3 den Pellicer ist weniger als 200 m entfernt. Palma ist 15 Autominuten entfernt, der Flughafen 25 Minuten.<\/p>\n<p>Wir suchen nach Mietern mit guten Referenzen und Garantien.<br \/>Bitte Bedingungen erfragen.<\/p>\n","protected":false},"excerpt":{"rendered":"<p>SANTA PONSA <\/p>\n","protected":false},"author":3,"featured_media":5868,"parent":0,"menu_order":0,"template":"","rem_property_cat":[41],"class_list":["post-4965","rem_property","type-rem_property","status-publish","has-post-thumbnail","hentry","rem_property_cat-zum-vermieten"],"yoast_head":"<!-- This site is optimized with the Yoast SEO plugin v26.9 - https:\/\/yoast.com\/product\/yoast-seo-wordpress\/ -->\n<title>AL-JHRE028 - Ein-Zimmer-Dachwohnung mit Panoramablick auf das Meer und Terrasse in erster Meereslinie | JH Real Estate Mallorca<\/title>\n<meta name=\"robots\" content=\"index, follow, max-snippet:-1, max-image-preview:large, max-video-preview:-1\" \/>\n<link rel=\"canonical\" href=\"https:\/\/jhrealestate.es\/de\/immobilie\/al-jhre028\/\" \/>\n<meta property=\"og:locale\" content=\"de_DE\" \/>\n<meta property=\"og:type\" content=\"article\" \/>\n<meta property=\"og:title\" content=\"AL-JHRE028 - Ein-Zimmer-Dachwohnung mit Panoramablick auf das Meer und Terrasse in erster Meereslinie | JH Real Estate Mallorca\" \/>\n<meta property=\"og:description\" content=\"SANTA PONSA\" \/>\n<meta property=\"og:url\" content=\"https:\/\/jhrealestate.es\/de\/immobilie\/al-jhre028\/\" \/>\n<meta property=\"og:site_name\" content=\"JH Real Estate Mallorca\" \/>\n<meta property=\"article:publisher\" content=\"https:\/\/www.facebook.com\/jh.realestatemallorca\" \/>\n<meta property=\"article:modified_time\" content=\"2025-03-25T23:12:03+00:00\" \/>\n<meta property=\"og:image\" content=\"https:\/\/jhrealestate.es\/wp-content\/uploads\/2022\/11\/AL-JHRE028-1-1024x576.jpeg\" \/>\n<meta name=\"twitter:card\" content=\"summary_large_image\" \/>\n<meta name=\"twitter:label1\" content=\"Gesch\u00e4tzte Lesezeit\" \/>\n\t<meta name=\"twitter:data1\" content=\"1\u00a0Minute\" \/>\n<script type=\"application\/ld+json\" class=\"yoast-schema-graph\">{\"@context\":\"https:\/\/schema.org\",\"@graph\":[{\"@type\":[\"WebPage\",\"RealEstateListing\"],\"@id\":\"https:\/\/jhrealestate.es\/de\/immobilie\/al-jhre028\/\",\"url\":\"https:\/\/jhrealestate.es\/de\/immobilie\/al-jhre028\/\",\"name\":\"AL-JHRE028 - Ein-Zimmer-Dachwohnung mit Panoramablick auf das Meer und Terrasse in erster Meereslinie | JH Real Estate Mallorca\",\"isPartOf\":{\"@id\":\"https:\/\/jhrealestate.es\/de\/#website\"},\"primaryImageOfPage\":{\"@id\":\"https:\/\/jhrealestate.es\/de\/immobilie\/al-jhre028\/#primaryimage\"},\"image\":{\"@id\":\"https:\/\/jhrealestate.es\/de\/immobilie\/al-jhre028\/#primaryimage\"},\"thumbnailUrl\":\"https:\/\/jhrealestate.es\/wp-content\/uploads\/2022\/11\/AL-JHRE028-1.jpeg\",\"datePublished\":\"2024-11-10T10:28:53+00:00\",\"dateModified\":\"2025-03-25T23:12:03+00:00\",\"breadcrumb\":{\"@id\":\"https:\/\/jhrealestate.es\/de\/immobilie\/al-jhre028\/#breadcrumb\"},\"inLanguage\":\"de\",\"potentialAction\":[{\"@type\":\"ReadAction\",\"target\":[\"https:\/\/jhrealestate.es\/de\/immobilie\/al-jhre028\/\"]}]},{\"@type\":\"ImageObject\",\"inLanguage\":\"de\",\"@id\":\"https:\/\/jhrealestate.es\/de\/immobilie\/al-jhre028\/#primaryimage\",\"url\":\"https:\/\/jhrealestate.es\/wp-content\/uploads\/2022\/11\/AL-JHRE028-1.jpeg\",\"contentUrl\":\"https:\/\/jhrealestate.es\/wp-content\/uploads\/2022\/11\/AL-JHRE028-1.jpeg\",\"width\":1600,\"height\":900},{\"@type\":\"BreadcrumbList\",\"@id\":\"https:\/\/jhrealestate.es\/de\/immobilie\/al-jhre028\/#breadcrumb\",\"itemListElement\":[{\"@type\":\"ListItem\",\"position\":1,\"name\":\"Portada\",\"item\":\"https:\/\/jhrealestate.es\/de\/\"},{\"@type\":\"ListItem\",\"position\":2,\"name\":\"Immobilien\",\"item\":\"https:\/\/jhrealestate.es\/de\/immobilie\/\"},{\"@type\":\"ListItem\",\"position\":3,\"name\":\"AL-JHRE028 &#8211; Ein-Zimmer-Dachwohnung mit Panoramablick auf das Meer und Terrasse in erster Meereslinie\"}]},{\"@type\":\"WebSite\",\"@id\":\"https:\/\/jhrealestate.es\/de\/#website\",\"url\":\"https:\/\/jhrealestate.es\/de\/\",\"name\":\"JH Real Estate Mallorca\",\"description\":\"Real Estate en Mallorca\",\"publisher\":{\"@id\":\"https:\/\/jhrealestate.es\/de\/#organization\"},\"potentialAction\":[{\"@type\":\"SearchAction\",\"target\":{\"@type\":\"EntryPoint\",\"urlTemplate\":\"https:\/\/jhrealestate.es\/de\/?s={search_term_string}\"},\"query-input\":{\"@type\":\"PropertyValueSpecification\",\"valueRequired\":true,\"valueName\":\"search_term_string\"}}],\"inLanguage\":\"de\"},{\"@type\":\"Organization\",\"@id\":\"https:\/\/jhrealestate.es\/de\/#organization\",\"name\":\"JH Real Estate Mallorca\",\"url\":\"https:\/\/jhrealestate.es\/de\/\",\"logo\":{\"@type\":\"ImageObject\",\"inLanguage\":\"de\",\"@id\":\"https:\/\/jhrealestate.es\/de\/#\/schema\/logo\/image\/\",\"url\":\"https:\/\/jhrealestate.es\/wp-content\/uploads\/2021\/11\/Logo-JHRE.png\",\"contentUrl\":\"https:\/\/jhrealestate.es\/wp-content\/uploads\/2021\/11\/Logo-JHRE.png\",\"width\":252,\"height\":200,\"caption\":\"JH Real Estate Mallorca\"},\"image\":{\"@id\":\"https:\/\/jhrealestate.es\/de\/#\/schema\/logo\/image\/\"},\"sameAs\":[\"https:\/\/www.facebook.com\/jh.realestatemallorca\",\"https:\/\/www.instagram.com\/jh.realestatemallorca\",\"https:\/\/www.youtube.com\/channel\/UCwlku0kp0G8CPBZ61xelIHw\",\"https:\/\/www.linkedin.com\/in\/joseheredia1973\/\"]}]}<\/script>\n<!-- \/ Yoast SEO plugin. -->","yoast_head_json":{"title":"AL-JHRE028 - Ein-Zimmer-Dachwohnung mit Panoramablick auf das Meer und Terrasse in erster Meereslinie | JH Real Estate Mallorca","robots":{"index":"index","follow":"follow","max-snippet":"max-snippet:-1","max-image-preview":"max-image-preview:large","max-video-preview":"max-video-preview:-1"},"canonical":"https:\/\/jhrealestate.es\/de\/immobilie\/al-jhre028\/","og_locale":"de_DE","og_type":"article","og_title":"AL-JHRE028 - Ein-Zimmer-Dachwohnung mit Panoramablick auf das Meer und Terrasse in erster Meereslinie | JH Real Estate Mallorca","og_description":"SANTA PONSA","og_url":"https:\/\/jhrealestate.es\/de\/immobilie\/al-jhre028\/","og_site_name":"JH Real Estate Mallorca","article_publisher":"https:\/\/www.facebook.com\/jh.realestatemallorca","article_modified_time":"2025-03-25T23:12:03+00:00","og_image":[{"url":"https:\/\/jhrealestate.es\/wp-content\/uploads\/2022\/11\/AL-JHRE028-1-1024x576.jpeg","type":"","width":"","height":""}],"twitter_card":"summary_large_image","twitter_misc":{"Gesch\u00e4tzte Lesezeit":"1\u00a0Minute"},"schema":{"@context":"https:\/\/schema.org","@graph":[{"@type":["WebPage","RealEstateListing"],"@id":"https:\/\/jhrealestate.es\/de\/immobilie\/al-jhre028\/","url":"https:\/\/jhrealestate.es\/de\/immobilie\/al-jhre028\/","name":"AL-JHRE028 - Ein-Zimmer-Dachwohnung mit Panoramablick auf das Meer und Terrasse in erster Meereslinie | JH Real Estate Mallorca","isPartOf":{"@id":"https:\/\/jhrealestate.es\/de\/#website"},"primaryImageOfPage":{"@id":"https:\/\/jhrealestate.es\/de\/immobilie\/al-jhre028\/#primaryimage"},"image":{"@id":"https:\/\/jhrealestate.es\/de\/immobilie\/al-jhre028\/#primaryimage"},"thumbnailUrl":"https:\/\/jhrealestate.es\/wp-content\/uploads\/2022\/11\/AL-JHRE028-1.jpeg","datePublished":"2024-11-10T10:28:53+00:00","dateModified":"2025-03-25T23:12:03+00:00","breadcrumb":{"@id":"https:\/\/jhrealestate.es\/de\/immobilie\/al-jhre028\/#breadcrumb"},"inLanguage":"de","potentialAction":[{"@type":"ReadAction","target":["https:\/\/jhrealestate.es\/de\/immobilie\/al-jhre028\/"]}]},{"@type":"ImageObject","inLanguage":"de","@id":"https:\/\/jhrealestate.es\/de\/immobilie\/al-jhre028\/#primaryimage","url":"https:\/\/jhrealestate.es\/wp-content\/uploads\/2022\/11\/AL-JHRE028-1.jpeg","contentUrl":"https:\/\/jhrealestate.es\/wp-content\/uploads\/2022\/11\/AL-JHRE028-1.jpeg","width":1600,"height":900},{"@type":"BreadcrumbList","@id":"https:\/\/jhrealestate.es\/de\/immobilie\/al-jhre028\/#breadcrumb","itemListElement":[{"@type":"ListItem","position":1,"name":"Portada","item":"https:\/\/jhrealestate.es\/de\/"},{"@type":"ListItem","position":2,"name":"Immobilien","item":"https:\/\/jhrealestate.es\/de\/immobilie\/"},{"@type":"ListItem","position":3,"name":"AL-JHRE028 &#8211; Ein-Zimmer-Dachwohnung mit Panoramablick auf das Meer und Terrasse in erster Meereslinie"}]},{"@type":"WebSite","@id":"https:\/\/jhrealestate.es\/de\/#website","url":"https:\/\/jhrealestate.es\/de\/","name":"JH Real Estate Mallorca","description":"Real Estate en Mallorca","publisher":{"@id":"https:\/\/jhrealestate.es\/de\/#organization"},"potentialAction":[{"@type":"SearchAction","target":{"@type":"EntryPoint","urlTemplate":"https:\/\/jhrealestate.es\/de\/?s={search_term_string}"},"query-input":{"@type":"PropertyValueSpecification","valueRequired":true,"valueName":"search_term_string"}}],"inLanguage":"de"},{"@type":"Organization","@id":"https:\/\/jhrealestate.es\/de\/#organization","name":"JH Real Estate Mallorca","url":"https:\/\/jhrealestate.es\/de\/","logo":{"@type":"ImageObject","inLanguage":"de","@id":"https:\/\/jhrealestate.es\/de\/#\/schema\/logo\/image\/","url":"https:\/\/jhrealestate.es\/wp-content\/uploads\/2021\/11\/Logo-JHRE.png","contentUrl":"https:\/\/jhrealestate.es\/wp-content\/uploads\/2021\/11\/Logo-JHRE.png","width":252,"height":200,"caption":"JH Real Estate Mallorca"},"image":{"@id":"https:\/\/jhrealestate.es\/de\/#\/schema\/logo\/image\/"},"sameAs":["https:\/\/www.facebook.com\/jh.realestatemallorca","https:\/\/www.instagram.com\/jh.realestatemallorca","https:\/\/www.youtube.com\/channel\/UCwlku0kp0G8CPBZ61xelIHw","https:\/\/www.linkedin.com\/in\/joseheredia1973\/"]}]}},"_links":{"self":[{"href":"https:\/\/jhrealestate.es\/de\/wp-json\/wp\/v2\/properties\/4965","targetHints":{"allow":["GET"]}}],"collection":[{"href":"https:\/\/jhrealestate.es\/de\/wp-json\/wp\/v2\/properties"}],"about":[{"href":"https:\/\/jhrealestate.es\/de\/wp-json\/wp\/v2\/types\/rem_property"}],"author":[{"embeddable":true,"href":"https:\/\/jhrealestate.es\/de\/wp-json\/wp\/v2\/users\/3"}],"wp:featuredmedia":[{"embeddable":true,"href":"https:\/\/jhrealestate.es\/de\/wp-json\/wp\/v2\/media\/5868"}],"wp:attachment":[{"href":"https:\/\/jhrealestate.es\/de\/wp-json\/wp\/v2\/media?parent=4965"}],"wp:term":[{"taxonomy":"rem_property_cat","embeddable":true,"href":"https:\/\/jhrealestate.es\/de\/wp-json\/wp\/v2\/rem_property_cat?post=4965"}],"curies":[{"name":"wp","href":"https:\/\/api.w.org\/{rel}","templated":true}]}}

<p>EXKLUSIV</p>
<p>Die Wohnung befindet sich in einer kleinen Gemeinschaft direkt am Meer, direkt am Meer in einer ruhigen Gegend von Santa Ponsa und hat eine Baufläche von 65 qm. Sie verfügt über eine große Terrasse, auf der Sie Frühstück und Abendessen mit herrlichem Blick auf die Bucht von Santa Ponsa genießen werden.</p>
<p>Die Wohnung bietet:<br />• Sehr helles Wohn-Esszimmer mit Schlafsofa, Fernseher, Deckenventilator und direktem Zugang zur Terrasse.<br />• Kürzlich renovierte Küche mit Kühlschrank, Backofen, Cerankochfeld und Mikrowelle. Eine Auswahl an Küchenutensilien, Geschirr und Kleingeräten steht den Mietern zur Verfügung.<br />• Waschküche mit Waschmaschine und Wäscheständer.<br />• 12 qm großes Schlafzimmer mit Einbauschränken, Deckenventilator und Meerblick<br />• Großes, komplett eingerichtetes Badezimmer mit Badewanne/Dusche<br />• Holzoptik doppelt verglaste Aluminiumfenster und Alu-Jalousien<br />• Direkter Zugang zum Meer <br />• GEBÄUDE OHNE AUFZUG<br />• WIRD MÖBLIERT UND FRISCH GESTRICHEN VERMIETET</p>
<p>Die Miete beinhaltet Gemeindegebühren, Wasser, Internet und einen Parkplatz von Oktober bis Ende Mai. Gas, Strom und jährliche Müllgebühr werden von den Mietern bezahlt.</p>
<p>In der Umgebung finden Sie ein breites Angebot an Dienstleistungen. Der Hauptstrand von Santa Ponsa ist 5 Gehminuten entfernt, und der kleine Strand Es Caló den Pellicer ist weniger als 200 m entfernt. Palma ist 15 Autominuten entfernt, der Flughafen 25 Minuten.</p>
<p>Wir suchen nach Mietern mit guten Referenzen und Garantien.<br />Bitte Bedingungen erfragen.</p>

<!-- This site is optimized with the Yoast SEO plugin v26.9 - https://yoast.com/product/yoast-seo-wordpress/ -->
<title>AL-JHRE028 - Ein-Zimmer-Dachwohnung mit Panoramablick auf das Meer und Terrasse in erster Meereslinie | JH Real Estate Mallorca</title>
<meta name="robots" content="index, follow, max-snippet:-1, max-image-preview:large, max-video-preview:-1" />
<link rel="canonical" href="https://jhrealestate.es/de/immobilie/al-jhre028/" />
<meta property="og:locale" content="de_DE" />
<meta property="og:type" content="article" />
<meta property="og:title" content="AL-JHRE028 - Ein-Zimmer-Dachwohnung mit Panoramablick auf das Meer und Terrasse in erster Meereslinie | JH Real Estate Mallorca" />
<meta property="og:description" content="SANTA PONSA" />
<meta property="og:url" content="https://jhrealestate.es/de/immobilie/al-jhre028/" />
<meta property="og:site_name" content="JH Real Estate Mallorca" />
<meta property="article:publisher" content="https://www.facebook.com/jh.realestatemallorca" />
<meta property="article:modified_time" content="2025-03-25T23:12:03+00:00" />
<meta property="og:image" content="https://jhrealestate.es/wp-content/uploads/2022/11/AL-JHRE028-1-1024x576.jpeg" />
<meta name="twitter:card" content="summary_large_image" />
<meta name="twitter:label1" content="Geschätzte Lesezeit" />
	<meta name="twitter:data1" content="1 Minute" />
<script type="application/ld+json" class="yoast-schema-graph">{"@context":"https://schema.org","@graph":[{"@type":["WebPage","RealEstateListing"],"@id":"https://jhrealestate.es/de/immobilie/al-jhre028/","url":"https://jhrealestate.es/de/immobilie/al-jhre028/","name":"AL-JHRE028 - Ein-Zimmer-Dachwohnung mit Panoramablick auf das Meer und Terrasse in erster Meereslinie | JH Real Estate Mallorca","isPartOf":{"@id":"https://jhrealestate.es/de/#website"},"primaryImageOfPage":{"@id":"https://jhrealestate.es/de/immobilie/al-jhre028/#primaryimage"},"image":{"@id":"https://jhrealestate.es/de/immobilie/al-jhre028/#primaryimage"},"thumbnailUrl":"https://jhrealestate.es/wp-content/uploads/2022/11/AL-JHRE028-1.jpeg","datePublished":"2024-11-10T10:28:53+00:00","dateModified":"2025-03-25T23:12:03+00:00","breadcrumb":{"@id":"https://jhrealestate.es/de/immobilie/al-jhre028/#breadcrumb"},"inLanguage":"de","potentialAction":[{"@type":"ReadAction","target":["https://jhrealestate.es/de/immobilie/al-jhre028/"]}]},{"@type":"ImageObject","inLanguage":"de","@id":"https://jhrealestate.es/de/immobilie/al-jhre028/#primaryimage","url":"https://jhrealestate.es/wp-content/uploads/2022/11/AL-JHRE028-1.jpeg","contentUrl":"https://jhrealestate.es/wp-content/uploads/2022/11/AL-JHRE028-1.jpeg","width":1600,"height":900},{"@type":"BreadcrumbList","@id":"https://jhrealestate.es/de/immobilie/al-jhre028/#breadcrumb","itemListElement":[{"@type":"ListItem","position":1,"name":"Portada","item":"https://jhrealestate.es/de/"},{"@type":"ListItem","position":2,"name":"Immobilien","item":"https://jhrealestate.es/de/immobilie/"},{"@type":"ListItem","position":3,"name":"AL-JHRE028 &#8211; Ein-Zimmer-Dachwohnung mit Panoramablick auf das Meer und Terrasse in erster Meereslinie"}]},{"@type":"WebSite","@id":"https://jhrealestate.es/de/#website","url":"https://jhrealestate.es/de/","name":"JH Real Estate Mallorca","description":"Real Estate en Mallorca","publisher":{"@id":"https://jhrealestate.es/de/#organization"},"potentialAction":[{"@type":"SearchAction","target":{"@type":"EntryPoint","urlTemplate":"https://jhrealestate.es/de/?s={search_term_string}"},"query-input":{"@type":"PropertyValueSpecification","valueRequired":true,"valueName":"search_term_string"}}],"inLanguage":"de"},{"@type":"Organization","@id":"https://jhrealestate.es/de/#organization","name":"JH Real Estate Mallorca","url":"https://jhrealestate.es/de/","logo":{"@type":"ImageObject","inLanguage":"de","@id":"https://jhrealestate.es/de/#/schema/logo/image/","url":"https://jhrealestate.es/wp-content/uploads/2021/11/Logo-JHRE.png","contentUrl":"https://jhrealestate.es/wp-content/uploads/2021/11/Logo-JHRE.png","width":252,"height":200,"caption":"JH Real Estate Mallorca"},"image":{"@id":"https://jhrealestate.es/de/#/schema/logo/image/"},"sameAs":["https://www.facebook.com/jh.realestatemallorca","https://www.instagram.com/jh.realestatemallorca","https://www.youtube.com/channel/UCwlku0kp0G8CPBZ61xelIHw","https://www.linkedin.com/in/joseheredia1973/"]}]}</script>
<!-- / Yoast SEO plugin. -->
