{"id":5203,"date":"2022-10-21T21:29:03","date_gmt":"2022-10-21T19:29:03","guid":{"rendered":"https:\/\/jhrealestate.es\/propiedad\/al-jhre030\/"},"modified":"2023-07-24T18:05:03","modified_gmt":"2023-07-24T16:05:03","slug":"al-jhre030","status":"publish","type":"rem_property","link":"https:\/\/jhrealestate.es\/de\/immobilie\/al-jhre030\/","title":{"rendered":"AL-JHRE030 &#8211; Gem\u00fctliche Dachwohnung mit \u00fcberdachter Terrasse und Gemeinschaftspool in der Urbanisation Los Colibris &#8211; Sa Torre"},"content":{"rendered":"<p>VORSICHT &#8211; VERF\u00dcGBAR 02.11. 2022 \u2013 31.03. 2023 (Mindestmiete 3 Monate) Gem\u00fctliche Dachwohnung mit \u00fcberdachter Terrasse und Gemeinschaftspool in der Urbanisation Los Colibris de Sa Torre Die Wohnung befindet sich im 2. und letzten Stock des Geb\u00e4udes und hat eine Baufl\u00e4che von 55 qm mit einer 12 qm gro\u00dfen Terrasse und besteht aus \u2022\u00a0 \u00a0Wohnzimmer mit Schlafcouch, TV-Ecke und Zugang zu einer \u00fcberdachten Terrasse mit Blick auf den Gemeinschaftspool und Garten \u2022\u00a0 \u00a0Vollst\u00e4ndig eingerichtete und ausgestattete K\u00fcche mit Fr\u00fchst\u00fccksbar \u2022\u00a0 \u00a0Doppelzimmer mit Einbauschrank und Bett mit Stauraum \u2022\u00a0 \u00a0Dachterrasse \u2022\u00a0 \u00a0Separate Waschk\u00fcche mit Waschmaschine \u2022\u00a0 \u00a0Komplettes Badezimmer mit Badewanne\/Dusche \u2022\u00a0 \u00a0Geschlossener Parkplatz im Freien inklusive (Nur f\u00fcr einen Mindestaufenthalt von 2 Monaten \u2013 Einfaches Parken auf der Stra\u00dfe) \u2022\u00a0 \u00a0Klimaanlage (kalt\/warm) im Wohnzimmer &amp; Schlafzimmer \u2022\u00a0 \u00a0Geb\u00e4ude mit Aufzug \u2022\u00a0 \u00a0KEINE HAUSTIERE ERLAUBT \u2022\u00a0 \u00a0Baujahr 2005 In dem Au\u00dfenbereich befinden sich ein gro\u00dfer gepflegter Gartenbereich mit Gemeinschaftspool. Die Wohnung wird komplett m\u00f6bliert mit allen K\u00fcchenutensilien, Bettw\u00e4sche und Handt\u00fcchern vermietet. Die Miete beinhaltet die Gemeinschaftskosten. Wasser und Strom werden von den Mietern bezahlt. In der Umgebung finden Sie alle Arten von Dienstleistungen, Gesch\u00e4ften, Superm\u00e4rkten, Schulen, Tennisclubs und den Golfplatz Maioris. 15 Minuten von Palma und 10 Minuten vom Flughafen entfernt. 1 Monat Kaution + 1 Monat Zus\u00e4tzliche Garantie. Maklerprovision = 15 % Gesamtbetrag des Aufenthalts + 21 % Mehrwertsteuer (IVA).<\/p>\n","protected":false},"excerpt":{"rendered":"<p>SA TORRE &#8211; LLUCMAJOR <\/p>\n","protected":false},"author":3,"featured_media":5923,"parent":0,"menu_order":0,"template":"","rem_property_cat":[],"class_list":["post-5203","rem_property","type-rem_property","status-publish","has-post-thumbnail","hentry"],"yoast_head":"<!-- This site is optimized with the Yoast SEO plugin v26.9 - https:\/\/yoast.com\/product\/yoast-seo-wordpress\/ -->\n<title>AL-JHRE030 - Gem\u00fctliche Dachwohnung mit \u00fcberdachter Terrasse und Gemeinschaftspool in der Urbanisation Los Colibris - Sa Torre | JH Real Estate Mallorca<\/title>\n<meta name=\"robots\" content=\"index, follow, max-snippet:-1, max-image-preview:large, max-video-preview:-1\" \/>\n<link rel=\"canonical\" href=\"https:\/\/jhrealestate.es\/de\/immobilie\/al-jhre030\/\" \/>\n<meta property=\"og:locale\" content=\"de_DE\" \/>\n<meta property=\"og:type\" content=\"article\" \/>\n<meta property=\"og:title\" content=\"AL-JHRE030 - Gem\u00fctliche Dachwohnung mit \u00fcberdachter Terrasse und Gemeinschaftspool in der Urbanisation Los Colibris - Sa Torre | JH Real Estate Mallorca\" \/>\n<meta property=\"og:description\" content=\"SA TORRE - LLUCMAJOR\" \/>\n<meta property=\"og:url\" content=\"https:\/\/jhrealestate.es\/de\/immobilie\/al-jhre030\/\" \/>\n<meta property=\"og:site_name\" content=\"JH Real Estate Mallorca\" \/>\n<meta property=\"article:publisher\" content=\"https:\/\/www.facebook.com\/jh.realestatemallorca\" \/>\n<meta property=\"article:modified_time\" content=\"2023-07-24T16:05:03+00:00\" \/>\n<meta property=\"og:image\" content=\"https:\/\/jhrealestate.es\/wp-content\/uploads\/2022\/10\/AL-JHRE030-1-1-1024x576.jpg\" \/>\n<meta name=\"twitter:card\" content=\"summary_large_image\" \/>\n<meta name=\"twitter:label1\" content=\"Gesch\u00e4tzte Lesezeit\" \/>\n\t<meta name=\"twitter:data1\" content=\"1\u00a0Minute\" \/>\n<script type=\"application\/ld+json\" class=\"yoast-schema-graph\">{\"@context\":\"https:\/\/schema.org\",\"@graph\":[{\"@type\":[\"WebPage\",\"RealEstateListing\"],\"@id\":\"https:\/\/jhrealestate.es\/de\/immobilie\/al-jhre030\/\",\"url\":\"https:\/\/jhrealestate.es\/de\/immobilie\/al-jhre030\/\",\"name\":\"AL-JHRE030 - Gem\u00fctliche Dachwohnung mit \u00fcberdachter Terrasse und Gemeinschaftspool in der Urbanisation Los Colibris - Sa Torre | JH Real Estate Mallorca\",\"isPartOf\":{\"@id\":\"https:\/\/jhrealestate.es\/de\/#website\"},\"primaryImageOfPage\":{\"@id\":\"https:\/\/jhrealestate.es\/de\/immobilie\/al-jhre030\/#primaryimage\"},\"image\":{\"@id\":\"https:\/\/jhrealestate.es\/de\/immobilie\/al-jhre030\/#primaryimage\"},\"thumbnailUrl\":\"https:\/\/jhrealestate.es\/wp-content\/uploads\/2022\/10\/AL-JHRE030-1-1.jpg\",\"datePublished\":\"2022-10-21T19:29:03+00:00\",\"dateModified\":\"2023-07-24T16:05:03+00:00\",\"breadcrumb\":{\"@id\":\"https:\/\/jhrealestate.es\/de\/immobilie\/al-jhre030\/#breadcrumb\"},\"inLanguage\":\"de\",\"potentialAction\":[{\"@type\":\"ReadAction\",\"target\":[\"https:\/\/jhrealestate.es\/de\/immobilie\/al-jhre030\/\"]}]},{\"@type\":\"ImageObject\",\"inLanguage\":\"de\",\"@id\":\"https:\/\/jhrealestate.es\/de\/immobilie\/al-jhre030\/#primaryimage\",\"url\":\"https:\/\/jhrealestate.es\/wp-content\/uploads\/2022\/10\/AL-JHRE030-1-1.jpg\",\"contentUrl\":\"https:\/\/jhrealestate.es\/wp-content\/uploads\/2022\/10\/AL-JHRE030-1-1.jpg\",\"width\":1600,\"height\":900},{\"@type\":\"BreadcrumbList\",\"@id\":\"https:\/\/jhrealestate.es\/de\/immobilie\/al-jhre030\/#breadcrumb\",\"itemListElement\":[{\"@type\":\"ListItem\",\"position\":1,\"name\":\"Portada\",\"item\":\"https:\/\/jhrealestate.es\/de\/\"},{\"@type\":\"ListItem\",\"position\":2,\"name\":\"Immobilien\",\"item\":\"https:\/\/jhrealestate.es\/de\/immobilie\/\"},{\"@type\":\"ListItem\",\"position\":3,\"name\":\"AL-JHRE030 &#8211; Gem\u00fctliche Dachwohnung mit \u00fcberdachter Terrasse und Gemeinschaftspool in der Urbanisation Los Colibris &#8211; Sa Torre\"}]},{\"@type\":\"WebSite\",\"@id\":\"https:\/\/jhrealestate.es\/de\/#website\",\"url\":\"https:\/\/jhrealestate.es\/de\/\",\"name\":\"JH Real Estate Mallorca\",\"description\":\"Real Estate en Mallorca\",\"publisher\":{\"@id\":\"https:\/\/jhrealestate.es\/de\/#organization\"},\"potentialAction\":[{\"@type\":\"SearchAction\",\"target\":{\"@type\":\"EntryPoint\",\"urlTemplate\":\"https:\/\/jhrealestate.es\/de\/?s={search_term_string}\"},\"query-input\":{\"@type\":\"PropertyValueSpecification\",\"valueRequired\":true,\"valueName\":\"search_term_string\"}}],\"inLanguage\":\"de\"},{\"@type\":\"Organization\",\"@id\":\"https:\/\/jhrealestate.es\/de\/#organization\",\"name\":\"JH Real Estate Mallorca\",\"url\":\"https:\/\/jhrealestate.es\/de\/\",\"logo\":{\"@type\":\"ImageObject\",\"inLanguage\":\"de\",\"@id\":\"https:\/\/jhrealestate.es\/de\/#\/schema\/logo\/image\/\",\"url\":\"https:\/\/jhrealestate.es\/wp-content\/uploads\/2021\/11\/Logo-JHRE.png\",\"contentUrl\":\"https:\/\/jhrealestate.es\/wp-content\/uploads\/2021\/11\/Logo-JHRE.png\",\"width\":252,\"height\":200,\"caption\":\"JH Real Estate Mallorca\"},\"image\":{\"@id\":\"https:\/\/jhrealestate.es\/de\/#\/schema\/logo\/image\/\"},\"sameAs\":[\"https:\/\/www.facebook.com\/jh.realestatemallorca\",\"https:\/\/www.instagram.com\/jh.realestatemallorca\",\"https:\/\/www.youtube.com\/channel\/UCwlku0kp0G8CPBZ61xelIHw\",\"https:\/\/www.linkedin.com\/in\/joseheredia1973\/\"]}]}<\/script>\n<!-- \/ Yoast SEO plugin. -->","yoast_head_json":{"title":"AL-JHRE030 - Gem\u00fctliche Dachwohnung mit \u00fcberdachter Terrasse und Gemeinschaftspool in der Urbanisation Los Colibris - Sa Torre | JH Real Estate Mallorca","robots":{"index":"index","follow":"follow","max-snippet":"max-snippet:-1","max-image-preview":"max-image-preview:large","max-video-preview":"max-video-preview:-1"},"canonical":"https:\/\/jhrealestate.es\/de\/immobilie\/al-jhre030\/","og_locale":"de_DE","og_type":"article","og_title":"AL-JHRE030 - Gem\u00fctliche Dachwohnung mit \u00fcberdachter Terrasse und Gemeinschaftspool in der Urbanisation Los Colibris - Sa Torre | JH Real Estate Mallorca","og_description":"SA TORRE - LLUCMAJOR","og_url":"https:\/\/jhrealestate.es\/de\/immobilie\/al-jhre030\/","og_site_name":"JH Real Estate Mallorca","article_publisher":"https:\/\/www.facebook.com\/jh.realestatemallorca","article_modified_time":"2023-07-24T16:05:03+00:00","og_image":[{"url":"https:\/\/jhrealestate.es\/wp-content\/uploads\/2022\/10\/AL-JHRE030-1-1-1024x576.jpg","type":"","width":"","height":""}],"twitter_card":"summary_large_image","twitter_misc":{"Gesch\u00e4tzte Lesezeit":"1\u00a0Minute"},"schema":{"@context":"https:\/\/schema.org","@graph":[{"@type":["WebPage","RealEstateListing"],"@id":"https:\/\/jhrealestate.es\/de\/immobilie\/al-jhre030\/","url":"https:\/\/jhrealestate.es\/de\/immobilie\/al-jhre030\/","name":"AL-JHRE030 - Gem\u00fctliche Dachwohnung mit \u00fcberdachter Terrasse und Gemeinschaftspool in der Urbanisation Los Colibris - Sa Torre | JH Real Estate Mallorca","isPartOf":{"@id":"https:\/\/jhrealestate.es\/de\/#website"},"primaryImageOfPage":{"@id":"https:\/\/jhrealestate.es\/de\/immobilie\/al-jhre030\/#primaryimage"},"image":{"@id":"https:\/\/jhrealestate.es\/de\/immobilie\/al-jhre030\/#primaryimage"},"thumbnailUrl":"https:\/\/jhrealestate.es\/wp-content\/uploads\/2022\/10\/AL-JHRE030-1-1.jpg","datePublished":"2022-10-21T19:29:03+00:00","dateModified":"2023-07-24T16:05:03+00:00","breadcrumb":{"@id":"https:\/\/jhrealestate.es\/de\/immobilie\/al-jhre030\/#breadcrumb"},"inLanguage":"de","potentialAction":[{"@type":"ReadAction","target":["https:\/\/jhrealestate.es\/de\/immobilie\/al-jhre030\/"]}]},{"@type":"ImageObject","inLanguage":"de","@id":"https:\/\/jhrealestate.es\/de\/immobilie\/al-jhre030\/#primaryimage","url":"https:\/\/jhrealestate.es\/wp-content\/uploads\/2022\/10\/AL-JHRE030-1-1.jpg","contentUrl":"https:\/\/jhrealestate.es\/wp-content\/uploads\/2022\/10\/AL-JHRE030-1-1.jpg","width":1600,"height":900},{"@type":"BreadcrumbList","@id":"https:\/\/jhrealestate.es\/de\/immobilie\/al-jhre030\/#breadcrumb","itemListElement":[{"@type":"ListItem","position":1,"name":"Portada","item":"https:\/\/jhrealestate.es\/de\/"},{"@type":"ListItem","position":2,"name":"Immobilien","item":"https:\/\/jhrealestate.es\/de\/immobilie\/"},{"@type":"ListItem","position":3,"name":"AL-JHRE030 &#8211; Gem\u00fctliche Dachwohnung mit \u00fcberdachter Terrasse und Gemeinschaftspool in der Urbanisation Los Colibris &#8211; Sa Torre"}]},{"@type":"WebSite","@id":"https:\/\/jhrealestate.es\/de\/#website","url":"https:\/\/jhrealestate.es\/de\/","name":"JH Real Estate Mallorca","description":"Real Estate en Mallorca","publisher":{"@id":"https:\/\/jhrealestate.es\/de\/#organization"},"potentialAction":[{"@type":"SearchAction","target":{"@type":"EntryPoint","urlTemplate":"https:\/\/jhrealestate.es\/de\/?s={search_term_string}"},"query-input":{"@type":"PropertyValueSpecification","valueRequired":true,"valueName":"search_term_string"}}],"inLanguage":"de"},{"@type":"Organization","@id":"https:\/\/jhrealestate.es\/de\/#organization","name":"JH Real Estate Mallorca","url":"https:\/\/jhrealestate.es\/de\/","logo":{"@type":"ImageObject","inLanguage":"de","@id":"https:\/\/jhrealestate.es\/de\/#\/schema\/logo\/image\/","url":"https:\/\/jhrealestate.es\/wp-content\/uploads\/2021\/11\/Logo-JHRE.png","contentUrl":"https:\/\/jhrealestate.es\/wp-content\/uploads\/2021\/11\/Logo-JHRE.png","width":252,"height":200,"caption":"JH Real Estate Mallorca"},"image":{"@id":"https:\/\/jhrealestate.es\/de\/#\/schema\/logo\/image\/"},"sameAs":["https:\/\/www.facebook.com\/jh.realestatemallorca","https:\/\/www.instagram.com\/jh.realestatemallorca","https:\/\/www.youtube.com\/channel\/UCwlku0kp0G8CPBZ61xelIHw","https:\/\/www.linkedin.com\/in\/joseheredia1973\/"]}]}},"_links":{"self":[{"href":"https:\/\/jhrealestate.es\/de\/wp-json\/wp\/v2\/properties\/5203","targetHints":{"allow":["GET"]}}],"collection":[{"href":"https:\/\/jhrealestate.es\/de\/wp-json\/wp\/v2\/properties"}],"about":[{"href":"https:\/\/jhrealestate.es\/de\/wp-json\/wp\/v2\/types\/rem_property"}],"author":[{"embeddable":true,"href":"https:\/\/jhrealestate.es\/de\/wp-json\/wp\/v2\/users\/3"}],"wp:featuredmedia":[{"embeddable":true,"href":"https:\/\/jhrealestate.es\/de\/wp-json\/wp\/v2\/media\/5923"}],"wp:attachment":[{"href":"https:\/\/jhrealestate.es\/de\/wp-json\/wp\/v2\/media?parent=5203"}],"wp:term":[{"taxonomy":"rem_property_cat","embeddable":true,"href":"https:\/\/jhrealestate.es\/de\/wp-json\/wp\/v2\/rem_property_cat?post=5203"}],"curies":[{"name":"wp","href":"https:\/\/api.w.org\/{rel}","templated":true}]}}

AL-JHRE030 &#8211; Gemütliche Dachwohnung mit überdachter Terrasse und Gemeinschaftspool in der Urbanisation Los Colibris &#8211; Sa Torre

<p>VORSICHT &#8211; VERFÜGBAR 02.11. 2022 – 31.03. 2023 (Mindestmiete 3 Monate) Gemütliche Dachwohnung mit überdachter Terrasse und Gemeinschaftspool in der Urbanisation Los Colibris de Sa Torre Die Wohnung befindet sich im 2. und letzten Stock des Gebäudes und hat eine Baufläche von 55 qm mit einer 12 qm großen Terrasse und besteht aus •   Wohnzimmer mit Schlafcouch, TV-Ecke und Zugang zu einer überdachten Terrasse mit Blick auf den Gemeinschaftspool und Garten •   Vollständig eingerichtete und ausgestattete Küche mit Frühstücksbar •   Doppelzimmer mit Einbauschrank und Bett mit Stauraum •   Dachterrasse •   Separate Waschküche mit Waschmaschine •   Komplettes Badezimmer mit Badewanne/Dusche •   Geschlossener Parkplatz im Freien inklusive (Nur für einen Mindestaufenthalt von 2 Monaten – Einfaches Parken auf der Straße) •   Klimaanlage (kalt/warm) im Wohnzimmer &amp; Schlafzimmer •   Gebäude mit Aufzug •   KEINE HAUSTIERE ERLAUBT •   Baujahr 2005 In dem Außenbereich befinden sich ein großer gepflegter Gartenbereich mit Gemeinschaftspool. Die Wohnung wird komplett möbliert mit allen Küchenutensilien, Bettwäsche und Handtüchern vermietet. Die Miete beinhaltet die Gemeinschaftskosten. Wasser und Strom werden von den Mietern bezahlt. In der Umgebung finden Sie alle Arten von Dienstleistungen, Geschäften, Supermärkten, Schulen, Tennisclubs und den Golfplatz Maioris. 15 Minuten von Palma und 10 Minuten vom Flughafen entfernt. 1 Monat Kaution + 1 Monat Zusätzliche Garantie. Maklerprovision = 15 % Gesamtbetrag des Aufenthalts + 21 % Mehrwertsteuer (IVA).</p>

<!-- This site is optimized with the Yoast SEO plugin v26.9 - https://yoast.com/product/yoast-seo-wordpress/ -->
<title>AL-JHRE030 - Gemütliche Dachwohnung mit überdachter Terrasse und Gemeinschaftspool in der Urbanisation Los Colibris - Sa Torre | JH Real Estate Mallorca</title>
<meta name="robots" content="index, follow, max-snippet:-1, max-image-preview:large, max-video-preview:-1" />
<link rel="canonical" href="https://jhrealestate.es/de/immobilie/al-jhre030/" />
<meta property="og:locale" content="de_DE" />
<meta property="og:type" content="article" />
<meta property="og:title" content="AL-JHRE030 - Gemütliche Dachwohnung mit überdachter Terrasse und Gemeinschaftspool in der Urbanisation Los Colibris - Sa Torre | JH Real Estate Mallorca" />
<meta property="og:description" content="SA TORRE - LLUCMAJOR" />
<meta property="og:url" content="https://jhrealestate.es/de/immobilie/al-jhre030/" />
<meta property="og:site_name" content="JH Real Estate Mallorca" />
<meta property="article:publisher" content="https://www.facebook.com/jh.realestatemallorca" />
<meta property="article:modified_time" content="2023-07-24T16:05:03+00:00" />
<meta property="og:image" content="https://jhrealestate.es/wp-content/uploads/2022/10/AL-JHRE030-1-1-1024x576.jpg" />
<meta name="twitter:card" content="summary_large_image" />
<meta name="twitter:label1" content="Geschätzte Lesezeit" />
	<meta name="twitter:data1" content="1 Minute" />
<script type="application/ld+json" class="yoast-schema-graph">{"@context":"https://schema.org","@graph":[{"@type":["WebPage","RealEstateListing"],"@id":"https://jhrealestate.es/de/immobilie/al-jhre030/","url":"https://jhrealestate.es/de/immobilie/al-jhre030/","name":"AL-JHRE030 - Gemütliche Dachwohnung mit überdachter Terrasse und Gemeinschaftspool in der Urbanisation Los Colibris - Sa Torre | JH Real Estate Mallorca","isPartOf":{"@id":"https://jhrealestate.es/de/#website"},"primaryImageOfPage":{"@id":"https://jhrealestate.es/de/immobilie/al-jhre030/#primaryimage"},"image":{"@id":"https://jhrealestate.es/de/immobilie/al-jhre030/#primaryimage"},"thumbnailUrl":"https://jhrealestate.es/wp-content/uploads/2022/10/AL-JHRE030-1-1.jpg","datePublished":"2022-10-21T19:29:03+00:00","dateModified":"2023-07-24T16:05:03+00:00","breadcrumb":{"@id":"https://jhrealestate.es/de/immobilie/al-jhre030/#breadcrumb"},"inLanguage":"de","potentialAction":[{"@type":"ReadAction","target":["https://jhrealestate.es/de/immobilie/al-jhre030/"]}]},{"@type":"ImageObject","inLanguage":"de","@id":"https://jhrealestate.es/de/immobilie/al-jhre030/#primaryimage","url":"https://jhrealestate.es/wp-content/uploads/2022/10/AL-JHRE030-1-1.jpg","contentUrl":"https://jhrealestate.es/wp-content/uploads/2022/10/AL-JHRE030-1-1.jpg","width":1600,"height":900},{"@type":"BreadcrumbList","@id":"https://jhrealestate.es/de/immobilie/al-jhre030/#breadcrumb","itemListElement":[{"@type":"ListItem","position":1,"name":"Portada","item":"https://jhrealestate.es/de/"},{"@type":"ListItem","position":2,"name":"Immobilien","item":"https://jhrealestate.es/de/immobilie/"},{"@type":"ListItem","position":3,"name":"AL-JHRE030 &#8211; Gemütliche Dachwohnung mit überdachter Terrasse und Gemeinschaftspool in der Urbanisation Los Colibris &#8211; Sa Torre"}]},{"@type":"WebSite","@id":"https://jhrealestate.es/de/#website","url":"https://jhrealestate.es/de/","name":"JH Real Estate Mallorca","description":"Real Estate en Mallorca","publisher":{"@id":"https://jhrealestate.es/de/#organization"},"potentialAction":[{"@type":"SearchAction","target":{"@type":"EntryPoint","urlTemplate":"https://jhrealestate.es/de/?s={search_term_string}"},"query-input":{"@type":"PropertyValueSpecification","valueRequired":true,"valueName":"search_term_string"}}],"inLanguage":"de"},{"@type":"Organization","@id":"https://jhrealestate.es/de/#organization","name":"JH Real Estate Mallorca","url":"https://jhrealestate.es/de/","logo":{"@type":"ImageObject","inLanguage":"de","@id":"https://jhrealestate.es/de/#/schema/logo/image/","url":"https://jhrealestate.es/wp-content/uploads/2021/11/Logo-JHRE.png","contentUrl":"https://jhrealestate.es/wp-content/uploads/2021/11/Logo-JHRE.png","width":252,"height":200,"caption":"JH Real Estate Mallorca"},"image":{"@id":"https://jhrealestate.es/de/#/schema/logo/image/"},"sameAs":["https://www.facebook.com/jh.realestatemallorca","https://www.instagram.com/jh.realestatemallorca","https://www.youtube.com/channel/UCwlku0kp0G8CPBZ61xelIHw","https://www.linkedin.com/in/joseheredia1973/"]}]}</script>
<!-- / Yoast SEO plugin. -->

AL-JHRE030 - Gemütliche Dachwohnung mit überdachter Terrasse und Gemeinschaftspool in der Urbanisation Los Colibris - Sa Torre | JH Real Estate Mallorca
