{"id":5703,"date":"2022-09-01T22:39:52","date_gmt":"2022-09-01T20:39:52","guid":{"rendered":"https:\/\/jhrealestate.es\/propiedad\/al-jhre035\/"},"modified":"2023-07-24T18:08:34","modified_gmt":"2023-07-24T16:08:34","slug":"al-jhre035","status":"publish","type":"rem_property","link":"https:\/\/jhrealestate.es\/de\/immobilie\/al-jhre035\/","title":{"rendered":"AL-JHRE035 &#8211; Ger\u00e4umige, komplett renovierte 3-Zimmer-Wohnung an der Plaza Madrid"},"content":{"rendered":"<p>Die Wohnung befindet sich im 6. Stock eines Geb\u00e4udes im sehr zentralen Wohnviertel von Camp de Serralta, weniger als 10 Gehminuten vom Paseo Mallorca entfernt.<br \/>Die Wohnung ist in perfektem Zustand. Sie hat eine bebaute Gesamtfl\u00e4che von 112 qm (91 qm Nutzfl\u00e4che mit einer 8 qm gro\u00dfe Terrasse), und verf\u00fcgt \u00fcber<\/p>\n<p>\u2022\u00a0 \u00a03 Doppelzimmer (alle nach au\u00dfen, das Hauptschlafzimmer hat einen Einbauschrank)<br \/>\u2022\u00a0 \u00a0Sehr helles 23 qm gro\u00dfes Esszimmer mit Zugang zu einer Terrasse.<br \/>\u2022\u00a0 \u00a0M\u00f6blierte und ausgestattete K\u00fcche, komplett renoviert (neue Elektroger\u00e4te) und mit Zugang zu einem Hauswirtschaftsraum\/Speisekammer mit Waschmaschine und Gasboiler.<br \/>\u2022\u00a0 \u00a02 voll ausgestattete Badezimmer, beide mit Dusche<br \/>\u2022\u00a0 \u00a0Hochwertige Materialien<br \/>\u2022\u00a0 \u00a0Heizung durch Elektroradiatoren<br \/>\u2022\u00a0 \u00a0Laminatboden, Fliesen in K\u00fcche und B\u00e4dern.<br \/>\u2022\u00a0 \u00a0Doppelt verglaste Fenster aus wei\u00dfem Aluminium.<br \/>\u2022\u00a0 \u00a0Wohnungen f\u00fcr Menschen mit eingeschr\u00e4nkter Mobilit\u00e4t<br \/>\u2022\u00a0 \u00a0Ruhiges Haus mit nur 13 Nachbarn und Aufzug<br \/>\u2022\u00a0 \u00a0Internet-Glasfaser-Vorinstallation<br \/>\u2022\u00a0 \u00a0Haustiere werden nicht akzeptiert.<br \/>\u2022\u00a0 \u00a0Parkplatz verf\u00fcgbar ab dem 01.09.2023 in 100 m Entfernung an der Plaza Madrid \u2013 Zuschlag von 100 EUR \/ Monat.<\/p>\n<p>Die Wohnung wird KOMPLETT M\u00d6BLIERT vermietet. Die Miete beinhaltet Gemeindegeb\u00fchren und Wasser. Strom, Gas und j\u00e4hrliche M\u00fcllgeb\u00fchr werden von den Mietern bezahlt.<br \/>In der Umgebung finden Sie ein breites Angebot an Dienstleistungen, Gesch\u00e4ften, Superm\u00e4rkten, Banken, Apotheken usw. Bushaltestelle 50 m entfernt.<\/p>\n<p>Bedingungen: 1 Monat Kaution<br \/>Maklerprovision: 1 Monat + 21 % MwSt<br \/>Wir suchen nach Langzeitmietern (mindestens 1 Jahr) mit guten Referenzen und Garantien.<\/p>\n","protected":false},"excerpt":{"rendered":"<p>CAMP D&#8217;EN SERRALTA &#8211; PALMA<\/p>\n","protected":false},"author":3,"featured_media":5887,"parent":0,"menu_order":0,"template":"","rem_property_cat":[],"class_list":["post-5703","rem_property","type-rem_property","status-publish","has-post-thumbnail","hentry"],"yoast_head":"<!-- This site is optimized with the Yoast SEO plugin v26.9 - https:\/\/yoast.com\/product\/yoast-seo-wordpress\/ -->\n<title>AL-JHRE035 - Ger\u00e4umige, komplett renovierte 3-Zimmer-Wohnung an der Plaza Madrid | JH Real Estate Mallorca<\/title>\n<meta name=\"robots\" content=\"index, follow, max-snippet:-1, max-image-preview:large, max-video-preview:-1\" \/>\n<link rel=\"canonical\" href=\"https:\/\/jhrealestate.es\/de\/immobilie\/al-jhre035\/\" \/>\n<meta property=\"og:locale\" content=\"de_DE\" \/>\n<meta property=\"og:type\" content=\"article\" \/>\n<meta property=\"og:title\" content=\"AL-JHRE035 - Ger\u00e4umige, komplett renovierte 3-Zimmer-Wohnung an der Plaza Madrid | JH Real Estate Mallorca\" \/>\n<meta property=\"og:description\" content=\"CAMP D&#039;EN SERRALTA - PALMA\" \/>\n<meta property=\"og:url\" content=\"https:\/\/jhrealestate.es\/de\/immobilie\/al-jhre035\/\" \/>\n<meta property=\"og:site_name\" content=\"JH Real Estate Mallorca\" \/>\n<meta property=\"article:publisher\" content=\"https:\/\/www.facebook.com\/jh.realestatemallorca\" \/>\n<meta property=\"article:modified_time\" content=\"2023-07-24T16:08:34+00:00\" \/>\n<meta property=\"og:image\" content=\"https:\/\/jhrealestate.es\/wp-content\/uploads\/2022\/12\/AL-JHRE035-1-2-1024x576.jpg\" \/>\n<meta name=\"twitter:card\" content=\"summary_large_image\" \/>\n<meta name=\"twitter:label1\" content=\"Gesch\u00e4tzte Lesezeit\" \/>\n\t<meta name=\"twitter:data1\" content=\"1\u00a0Minute\" \/>\n<script type=\"application\/ld+json\" class=\"yoast-schema-graph\">{\"@context\":\"https:\/\/schema.org\",\"@graph\":[{\"@type\":[\"WebPage\",\"RealEstateListing\"],\"@id\":\"https:\/\/jhrealestate.es\/de\/immobilie\/al-jhre035\/\",\"url\":\"https:\/\/jhrealestate.es\/de\/immobilie\/al-jhre035\/\",\"name\":\"AL-JHRE035 - Ger\u00e4umige, komplett renovierte 3-Zimmer-Wohnung an der Plaza Madrid | JH Real Estate Mallorca\",\"isPartOf\":{\"@id\":\"https:\/\/jhrealestate.es\/de\/#website\"},\"primaryImageOfPage\":{\"@id\":\"https:\/\/jhrealestate.es\/de\/immobilie\/al-jhre035\/#primaryimage\"},\"image\":{\"@id\":\"https:\/\/jhrealestate.es\/de\/immobilie\/al-jhre035\/#primaryimage\"},\"thumbnailUrl\":\"https:\/\/jhrealestate.es\/wp-content\/uploads\/2022\/12\/AL-JHRE035-1-1.jpg\",\"datePublished\":\"2022-09-01T20:39:52+00:00\",\"dateModified\":\"2023-07-24T16:08:34+00:00\",\"breadcrumb\":{\"@id\":\"https:\/\/jhrealestate.es\/de\/immobilie\/al-jhre035\/#breadcrumb\"},\"inLanguage\":\"de\",\"potentialAction\":[{\"@type\":\"ReadAction\",\"target\":[\"https:\/\/jhrealestate.es\/de\/immobilie\/al-jhre035\/\"]}]},{\"@type\":\"ImageObject\",\"inLanguage\":\"de\",\"@id\":\"https:\/\/jhrealestate.es\/de\/immobilie\/al-jhre035\/#primaryimage\",\"url\":\"https:\/\/jhrealestate.es\/wp-content\/uploads\/2022\/12\/AL-JHRE035-1-1.jpg\",\"contentUrl\":\"https:\/\/jhrealestate.es\/wp-content\/uploads\/2022\/12\/AL-JHRE035-1-1.jpg\",\"width\":1600,\"height\":900},{\"@type\":\"BreadcrumbList\",\"@id\":\"https:\/\/jhrealestate.es\/de\/immobilie\/al-jhre035\/#breadcrumb\",\"itemListElement\":[{\"@type\":\"ListItem\",\"position\":1,\"name\":\"Portada\",\"item\":\"https:\/\/jhrealestate.es\/de\/\"},{\"@type\":\"ListItem\",\"position\":2,\"name\":\"Immobilien\",\"item\":\"https:\/\/jhrealestate.es\/de\/immobilie\/\"},{\"@type\":\"ListItem\",\"position\":3,\"name\":\"AL-JHRE035 &#8211; Ger\u00e4umige, komplett renovierte 3-Zimmer-Wohnung an der Plaza Madrid\"}]},{\"@type\":\"WebSite\",\"@id\":\"https:\/\/jhrealestate.es\/de\/#website\",\"url\":\"https:\/\/jhrealestate.es\/de\/\",\"name\":\"JH Real Estate Mallorca\",\"description\":\"Real Estate en Mallorca\",\"publisher\":{\"@id\":\"https:\/\/jhrealestate.es\/de\/#organization\"},\"potentialAction\":[{\"@type\":\"SearchAction\",\"target\":{\"@type\":\"EntryPoint\",\"urlTemplate\":\"https:\/\/jhrealestate.es\/de\/?s={search_term_string}\"},\"query-input\":{\"@type\":\"PropertyValueSpecification\",\"valueRequired\":true,\"valueName\":\"search_term_string\"}}],\"inLanguage\":\"de\"},{\"@type\":\"Organization\",\"@id\":\"https:\/\/jhrealestate.es\/de\/#organization\",\"name\":\"JH Real Estate Mallorca\",\"url\":\"https:\/\/jhrealestate.es\/de\/\",\"logo\":{\"@type\":\"ImageObject\",\"inLanguage\":\"de\",\"@id\":\"https:\/\/jhrealestate.es\/de\/#\/schema\/logo\/image\/\",\"url\":\"https:\/\/jhrealestate.es\/wp-content\/uploads\/2021\/11\/Logo-JHRE.png\",\"contentUrl\":\"https:\/\/jhrealestate.es\/wp-content\/uploads\/2021\/11\/Logo-JHRE.png\",\"width\":252,\"height\":200,\"caption\":\"JH Real Estate Mallorca\"},\"image\":{\"@id\":\"https:\/\/jhrealestate.es\/de\/#\/schema\/logo\/image\/\"},\"sameAs\":[\"https:\/\/www.facebook.com\/jh.realestatemallorca\",\"https:\/\/www.instagram.com\/jh.realestatemallorca\",\"https:\/\/www.youtube.com\/channel\/UCwlku0kp0G8CPBZ61xelIHw\",\"https:\/\/www.linkedin.com\/in\/joseheredia1973\/\"]}]}<\/script>\n<!-- \/ Yoast SEO plugin. -->","yoast_head_json":{"title":"AL-JHRE035 - Ger\u00e4umige, komplett renovierte 3-Zimmer-Wohnung an der Plaza Madrid | JH Real Estate Mallorca","robots":{"index":"index","follow":"follow","max-snippet":"max-snippet:-1","max-image-preview":"max-image-preview:large","max-video-preview":"max-video-preview:-1"},"canonical":"https:\/\/jhrealestate.es\/de\/immobilie\/al-jhre035\/","og_locale":"de_DE","og_type":"article","og_title":"AL-JHRE035 - Ger\u00e4umige, komplett renovierte 3-Zimmer-Wohnung an der Plaza Madrid | JH Real Estate Mallorca","og_description":"CAMP D'EN SERRALTA - PALMA","og_url":"https:\/\/jhrealestate.es\/de\/immobilie\/al-jhre035\/","og_site_name":"JH Real Estate Mallorca","article_publisher":"https:\/\/www.facebook.com\/jh.realestatemallorca","article_modified_time":"2023-07-24T16:08:34+00:00","og_image":[{"url":"https:\/\/jhrealestate.es\/wp-content\/uploads\/2022\/12\/AL-JHRE035-1-2-1024x576.jpg","type":"","width":"","height":""}],"twitter_card":"summary_large_image","twitter_misc":{"Gesch\u00e4tzte Lesezeit":"1\u00a0Minute"},"schema":{"@context":"https:\/\/schema.org","@graph":[{"@type":["WebPage","RealEstateListing"],"@id":"https:\/\/jhrealestate.es\/de\/immobilie\/al-jhre035\/","url":"https:\/\/jhrealestate.es\/de\/immobilie\/al-jhre035\/","name":"AL-JHRE035 - Ger\u00e4umige, komplett renovierte 3-Zimmer-Wohnung an der Plaza Madrid | JH Real Estate Mallorca","isPartOf":{"@id":"https:\/\/jhrealestate.es\/de\/#website"},"primaryImageOfPage":{"@id":"https:\/\/jhrealestate.es\/de\/immobilie\/al-jhre035\/#primaryimage"},"image":{"@id":"https:\/\/jhrealestate.es\/de\/immobilie\/al-jhre035\/#primaryimage"},"thumbnailUrl":"https:\/\/jhrealestate.es\/wp-content\/uploads\/2022\/12\/AL-JHRE035-1-1.jpg","datePublished":"2022-09-01T20:39:52+00:00","dateModified":"2023-07-24T16:08:34+00:00","breadcrumb":{"@id":"https:\/\/jhrealestate.es\/de\/immobilie\/al-jhre035\/#breadcrumb"},"inLanguage":"de","potentialAction":[{"@type":"ReadAction","target":["https:\/\/jhrealestate.es\/de\/immobilie\/al-jhre035\/"]}]},{"@type":"ImageObject","inLanguage":"de","@id":"https:\/\/jhrealestate.es\/de\/immobilie\/al-jhre035\/#primaryimage","url":"https:\/\/jhrealestate.es\/wp-content\/uploads\/2022\/12\/AL-JHRE035-1-1.jpg","contentUrl":"https:\/\/jhrealestate.es\/wp-content\/uploads\/2022\/12\/AL-JHRE035-1-1.jpg","width":1600,"height":900},{"@type":"BreadcrumbList","@id":"https:\/\/jhrealestate.es\/de\/immobilie\/al-jhre035\/#breadcrumb","itemListElement":[{"@type":"ListItem","position":1,"name":"Portada","item":"https:\/\/jhrealestate.es\/de\/"},{"@type":"ListItem","position":2,"name":"Immobilien","item":"https:\/\/jhrealestate.es\/de\/immobilie\/"},{"@type":"ListItem","position":3,"name":"AL-JHRE035 &#8211; Ger\u00e4umige, komplett renovierte 3-Zimmer-Wohnung an der Plaza Madrid"}]},{"@type":"WebSite","@id":"https:\/\/jhrealestate.es\/de\/#website","url":"https:\/\/jhrealestate.es\/de\/","name":"JH Real Estate Mallorca","description":"Real Estate en Mallorca","publisher":{"@id":"https:\/\/jhrealestate.es\/de\/#organization"},"potentialAction":[{"@type":"SearchAction","target":{"@type":"EntryPoint","urlTemplate":"https:\/\/jhrealestate.es\/de\/?s={search_term_string}"},"query-input":{"@type":"PropertyValueSpecification","valueRequired":true,"valueName":"search_term_string"}}],"inLanguage":"de"},{"@type":"Organization","@id":"https:\/\/jhrealestate.es\/de\/#organization","name":"JH Real Estate Mallorca","url":"https:\/\/jhrealestate.es\/de\/","logo":{"@type":"ImageObject","inLanguage":"de","@id":"https:\/\/jhrealestate.es\/de\/#\/schema\/logo\/image\/","url":"https:\/\/jhrealestate.es\/wp-content\/uploads\/2021\/11\/Logo-JHRE.png","contentUrl":"https:\/\/jhrealestate.es\/wp-content\/uploads\/2021\/11\/Logo-JHRE.png","width":252,"height":200,"caption":"JH Real Estate Mallorca"},"image":{"@id":"https:\/\/jhrealestate.es\/de\/#\/schema\/logo\/image\/"},"sameAs":["https:\/\/www.facebook.com\/jh.realestatemallorca","https:\/\/www.instagram.com\/jh.realestatemallorca","https:\/\/www.youtube.com\/channel\/UCwlku0kp0G8CPBZ61xelIHw","https:\/\/www.linkedin.com\/in\/joseheredia1973\/"]}]}},"_links":{"self":[{"href":"https:\/\/jhrealestate.es\/de\/wp-json\/wp\/v2\/properties\/5703","targetHints":{"allow":["GET"]}}],"collection":[{"href":"https:\/\/jhrealestate.es\/de\/wp-json\/wp\/v2\/properties"}],"about":[{"href":"https:\/\/jhrealestate.es\/de\/wp-json\/wp\/v2\/types\/rem_property"}],"author":[{"embeddable":true,"href":"https:\/\/jhrealestate.es\/de\/wp-json\/wp\/v2\/users\/3"}],"wp:featuredmedia":[{"embeddable":true,"href":"https:\/\/jhrealestate.es\/de\/wp-json\/wp\/v2\/media\/5887"}],"wp:attachment":[{"href":"https:\/\/jhrealestate.es\/de\/wp-json\/wp\/v2\/media?parent=5703"}],"wp:term":[{"taxonomy":"rem_property_cat","embeddable":true,"href":"https:\/\/jhrealestate.es\/de\/wp-json\/wp\/v2\/rem_property_cat?post=5703"}],"curies":[{"name":"wp","href":"https:\/\/api.w.org\/{rel}","templated":true}]}}

AL-JHRE035 &#8211; Geräumige, komplett renovierte 3-Zimmer-Wohnung an der Plaza Madrid

<p>Die Wohnung befindet sich im 6. Stock eines Gebäudes im sehr zentralen Wohnviertel von Camp de Serralta, weniger als 10 Gehminuten vom Paseo Mallorca entfernt.<br />Die Wohnung ist in perfektem Zustand. Sie hat eine bebaute Gesamtfläche von 112 qm (91 qm Nutzfläche mit einer 8 qm große Terrasse), und verfügt über</p>
<p>•   3 Doppelzimmer (alle nach außen, das Hauptschlafzimmer hat einen Einbauschrank)<br />•   Sehr helles 23 qm großes Esszimmer mit Zugang zu einer Terrasse.<br />•   Möblierte und ausgestattete Küche, komplett renoviert (neue Elektrogeräte) und mit Zugang zu einem Hauswirtschaftsraum/Speisekammer mit Waschmaschine und Gasboiler.<br />•   2 voll ausgestattete Badezimmer, beide mit Dusche<br />•   Hochwertige Materialien<br />•   Heizung durch Elektroradiatoren<br />•   Laminatboden, Fliesen in Küche und Bädern.<br />•   Doppelt verglaste Fenster aus weißem Aluminium.<br />•   Wohnungen für Menschen mit eingeschränkter Mobilität<br />•   Ruhiges Haus mit nur 13 Nachbarn und Aufzug<br />•   Internet-Glasfaser-Vorinstallation<br />•   Haustiere werden nicht akzeptiert.<br />•   Parkplatz verfügbar ab dem 01.09.2023 in 100 m Entfernung an der Plaza Madrid – Zuschlag von 100 EUR / Monat.</p>
<p>Die Wohnung wird KOMPLETT MÖBLIERT vermietet. Die Miete beinhaltet Gemeindegebühren und Wasser. Strom, Gas und jährliche Müllgebühr werden von den Mietern bezahlt.<br />In der Umgebung finden Sie ein breites Angebot an Dienstleistungen, Geschäften, Supermärkten, Banken, Apotheken usw. Bushaltestelle 50 m entfernt.</p>
<p>Bedingungen: 1 Monat Kaution<br />Maklerprovision: 1 Monat + 21 % MwSt<br />Wir suchen nach Langzeitmietern (mindestens 1 Jahr) mit guten Referenzen und Garantien.</p>

<!-- This site is optimized with the Yoast SEO plugin v26.9 - https://yoast.com/product/yoast-seo-wordpress/ -->
<title>AL-JHRE035 - Geräumige, komplett renovierte 3-Zimmer-Wohnung an der Plaza Madrid | JH Real Estate Mallorca</title>
<meta name="robots" content="index, follow, max-snippet:-1, max-image-preview:large, max-video-preview:-1" />
<link rel="canonical" href="https://jhrealestate.es/de/immobilie/al-jhre035/" />
<meta property="og:locale" content="de_DE" />
<meta property="og:type" content="article" />
<meta property="og:title" content="AL-JHRE035 - Geräumige, komplett renovierte 3-Zimmer-Wohnung an der Plaza Madrid | JH Real Estate Mallorca" />
<meta property="og:description" content="CAMP D&#039;EN SERRALTA - PALMA" />
<meta property="og:url" content="https://jhrealestate.es/de/immobilie/al-jhre035/" />
<meta property="og:site_name" content="JH Real Estate Mallorca" />
<meta property="article:publisher" content="https://www.facebook.com/jh.realestatemallorca" />
<meta property="article:modified_time" content="2023-07-24T16:08:34+00:00" />
<meta property="og:image" content="https://jhrealestate.es/wp-content/uploads/2022/12/AL-JHRE035-1-2-1024x576.jpg" />
<meta name="twitter:card" content="summary_large_image" />
<meta name="twitter:label1" content="Geschätzte Lesezeit" />
	<meta name="twitter:data1" content="1 Minute" />
<script type="application/ld+json" class="yoast-schema-graph">{"@context":"https://schema.org","@graph":[{"@type":["WebPage","RealEstateListing"],"@id":"https://jhrealestate.es/de/immobilie/al-jhre035/","url":"https://jhrealestate.es/de/immobilie/al-jhre035/","name":"AL-JHRE035 - Geräumige, komplett renovierte 3-Zimmer-Wohnung an der Plaza Madrid | JH Real Estate Mallorca","isPartOf":{"@id":"https://jhrealestate.es/de/#website"},"primaryImageOfPage":{"@id":"https://jhrealestate.es/de/immobilie/al-jhre035/#primaryimage"},"image":{"@id":"https://jhrealestate.es/de/immobilie/al-jhre035/#primaryimage"},"thumbnailUrl":"https://jhrealestate.es/wp-content/uploads/2022/12/AL-JHRE035-1-1.jpg","datePublished":"2022-09-01T20:39:52+00:00","dateModified":"2023-07-24T16:08:34+00:00","breadcrumb":{"@id":"https://jhrealestate.es/de/immobilie/al-jhre035/#breadcrumb"},"inLanguage":"de","potentialAction":[{"@type":"ReadAction","target":["https://jhrealestate.es/de/immobilie/al-jhre035/"]}]},{"@type":"ImageObject","inLanguage":"de","@id":"https://jhrealestate.es/de/immobilie/al-jhre035/#primaryimage","url":"https://jhrealestate.es/wp-content/uploads/2022/12/AL-JHRE035-1-1.jpg","contentUrl":"https://jhrealestate.es/wp-content/uploads/2022/12/AL-JHRE035-1-1.jpg","width":1600,"height":900},{"@type":"BreadcrumbList","@id":"https://jhrealestate.es/de/immobilie/al-jhre035/#breadcrumb","itemListElement":[{"@type":"ListItem","position":1,"name":"Portada","item":"https://jhrealestate.es/de/"},{"@type":"ListItem","position":2,"name":"Immobilien","item":"https://jhrealestate.es/de/immobilie/"},{"@type":"ListItem","position":3,"name":"AL-JHRE035 &#8211; Geräumige, komplett renovierte 3-Zimmer-Wohnung an der Plaza Madrid"}]},{"@type":"WebSite","@id":"https://jhrealestate.es/de/#website","url":"https://jhrealestate.es/de/","name":"JH Real Estate Mallorca","description":"Real Estate en Mallorca","publisher":{"@id":"https://jhrealestate.es/de/#organization"},"potentialAction":[{"@type":"SearchAction","target":{"@type":"EntryPoint","urlTemplate":"https://jhrealestate.es/de/?s={search_term_string}"},"query-input":{"@type":"PropertyValueSpecification","valueRequired":true,"valueName":"search_term_string"}}],"inLanguage":"de"},{"@type":"Organization","@id":"https://jhrealestate.es/de/#organization","name":"JH Real Estate Mallorca","url":"https://jhrealestate.es/de/","logo":{"@type":"ImageObject","inLanguage":"de","@id":"https://jhrealestate.es/de/#/schema/logo/image/","url":"https://jhrealestate.es/wp-content/uploads/2021/11/Logo-JHRE.png","contentUrl":"https://jhrealestate.es/wp-content/uploads/2021/11/Logo-JHRE.png","width":252,"height":200,"caption":"JH Real Estate Mallorca"},"image":{"@id":"https://jhrealestate.es/de/#/schema/logo/image/"},"sameAs":["https://www.facebook.com/jh.realestatemallorca","https://www.instagram.com/jh.realestatemallorca","https://www.youtube.com/channel/UCwlku0kp0G8CPBZ61xelIHw","https://www.linkedin.com/in/joseheredia1973/"]}]}</script>
<!-- / Yoast SEO plugin. -->

AL-JHRE035 - Geräumige, komplett renovierte 3-Zimmer-Wohnung an der Plaza Madrid | JH Real Estate Mallorca
