{"id":5839,"date":"2022-12-05T23:32:10","date_gmt":"2022-12-05T22:32:10","guid":{"rendered":"https:\/\/jhrealestate.es\/propiedad\/ve-jhre026\/"},"modified":"2023-08-12T17:50:42","modified_gmt":"2023-08-12T15:50:42","slug":"ve-jhre026","status":"publish","type":"rem_property","link":"https:\/\/jhrealestate.es\/de\/immobilie\/ve-jhre026\/","title":{"rendered":"VE-JHRE026 &#8211; Sch\u00f6nes altes Haus im Zentrum von Felanitx mit Patio und oberer Terrasse"},"content":{"rendered":"<p>Das Haus aus dem 19. Jahrhundert wurde mit gr\u00f6\u00dftem Respekt vor dem traditionellen mallorquinischen Stil komplett renoviert (2022) und hat den Charme der alten H\u00e4user mit seinen hohen Decken und sichtbaren Balken bewahrt, aber zwar mit einem eleganten Hauch von Modernit\u00e4t.<\/p>\n<p>Es hat eine bebaute Fl\u00e4che von 100 m2 verteilt auf 2 Etagen und eine Dachterrasse.<\/p>\n<p>Der Zugang zum Erdgeschoss erfolgt \u00fcber eine ger\u00e4umige Eingangshalle mit einem B\u00fcrotisch, die zu einem charmanten Wohn-\/Esszimmer f\u00fchrt, das sehr gem\u00fctlich und geschmackvoll eingerichtet wurde. Das Wohnzimmer hat einen kleinen Raum in seiner Ecke, der als kleine Bibliothek oder Speisekammer genutzt werden kann. Nebenzimmer mit Kleiderschrank, das als Schlafzimmer, B\u00fcro, Fernsehzimmer oder Kinderspielzimmer genutzt werden kann. Die offene K\u00fcche wurde komplett renoviert, wobei der alte Kamin erhalten wurde, der ihr viel Charakter verleiht und den Charme alter K\u00fcchen bewahrt (ein Ofen k\u00f6nnte eingebaut werden). Ein Badezimmer mit Dusche, Doppelwaschbecken und separatem WC, sowie eine Sommerk\u00fcche runden das Ensemble ab. Der Au\u00dfenbereich erinnert an die Atmosph\u00e4re marokkanischer Riads, er verf\u00fcgt \u00fcber eine gro\u00dfe Terrasse mit Veranda und einen &#8222;Mini-Pool&#8220; mit Wasserfall, wo Sie an hei\u00dfen Sommerabenden einen Drink genie\u00dfen k\u00f6nnen. Seine W\u00e4nde wurden bewusst roh belassen, um einen Hauch von Authentizit\u00e4t zu verleihen.<\/p>\n<p>Der 1. Stock ist \u00fcber eine sehr h\u00fcbsche Treppe mit hydraulischen Fliesen zug\u00e4nglich, die zu einem ersten Doppelzimmer mit Ankleideraum und Zugang zu einem Balkon f\u00fchrt. Der Treppenabsatz bietet Zugang zu einem zweiten Schlafzimmer mit Doppelbett und einem gro\u00dfen, modernen, voll ausgestatteten Badezimmer mit Doppelwaschbecken und Dusche. Es bietet Zugang zu einer separaten Toilette mit Waschk\u00fcche.<\/p>\n<p>Auf dem Dach l\u00e4dt eine gro\u00dfe Chill-out-Terrasse mit einem offenen und blumigen Raum zweifellos dazu ein, angenehme Momente in guter Gesellschaft zu verbringen.<\/p>\n<p>Innen- und Au\u00dfen Holzarbeiten, typische Fenster mit Innenjalousien und alte B\u00f6den<br \/>Neue Sanit\u00e4rinstallation, die Stromlage wurde \u00fcberarbeitet und angepasst<\/p>\n<p>Das Haus liegt in einer ruhigen Stra\u00dfe, nur 200 m von der t\u00e4glich ge\u00f6ffneten Markthalle entfernt und in der N\u00e4he vieler Gesch\u00e4fte. Kostenloser Parkplatz in 150 m Entfernung.<br \/>Felanitx ist ein Dorf im S\u00fcdosten der Insel Mallorca und in der N\u00e4he der K\u00fcstengebiete von Porto Colom, Calas de Mallorca, Porto Petro oder sogar Cala D&#8217;or. Der Golfplatz Vall D&#8217;or ist 15 Autominuten entfernt und Palma Flughafen ca. 45 Minuten.<\/p>\n","protected":false},"excerpt":{"rendered":"<p>FELANITX<\/p>\n","protected":false},"author":3,"featured_media":5709,"parent":0,"menu_order":0,"template":"","rem_property_cat":[],"class_list":["post-5839","rem_property","type-rem_property","status-publish","has-post-thumbnail","hentry"],"yoast_head":"<!-- This site is optimized with the Yoast SEO plugin v26.9 - https:\/\/yoast.com\/product\/yoast-seo-wordpress\/ -->\n<title>VE-JHRE026 - Sch\u00f6nes altes Haus im Zentrum von Felanitx mit Patio und oberer Terrasse | JH Real Estate Mallorca<\/title>\n<meta name=\"robots\" content=\"index, follow, max-snippet:-1, max-image-preview:large, max-video-preview:-1\" \/>\n<link rel=\"canonical\" href=\"https:\/\/jhrealestate.es\/de\/immobilie\/ve-jhre026\/\" \/>\n<meta property=\"og:locale\" content=\"de_DE\" \/>\n<meta property=\"og:type\" content=\"article\" \/>\n<meta property=\"og:title\" content=\"VE-JHRE026 - Sch\u00f6nes altes Haus im Zentrum von Felanitx mit Patio und oberer Terrasse | JH Real Estate Mallorca\" \/>\n<meta property=\"og:description\" content=\"FELANITX\" \/>\n<meta property=\"og:url\" content=\"https:\/\/jhrealestate.es\/de\/immobilie\/ve-jhre026\/\" \/>\n<meta property=\"og:site_name\" content=\"JH Real Estate Mallorca\" \/>\n<meta property=\"article:publisher\" content=\"https:\/\/www.facebook.com\/jh.realestatemallorca\" \/>\n<meta property=\"article:modified_time\" content=\"2023-08-12T15:50:42+00:00\" \/>\n<meta property=\"og:image\" content=\"https:\/\/jhrealestate.es\/wp-content\/uploads\/2022\/12\/VE-JHRE026-0-1024x576.jpg\" \/>\n<meta name=\"twitter:card\" content=\"summary_large_image\" \/>\n<meta name=\"twitter:label1\" content=\"Gesch\u00e4tzte Lesezeit\" \/>\n\t<meta name=\"twitter:data1\" content=\"2\u00a0Minuten\" \/>\n<script type=\"application\/ld+json\" class=\"yoast-schema-graph\">{\"@context\":\"https:\/\/schema.org\",\"@graph\":[{\"@type\":[\"WebPage\",\"RealEstateListing\"],\"@id\":\"https:\/\/jhrealestate.es\/de\/immobilie\/ve-jhre026\/\",\"url\":\"https:\/\/jhrealestate.es\/de\/immobilie\/ve-jhre026\/\",\"name\":\"VE-JHRE026 - Sch\u00f6nes altes Haus im Zentrum von Felanitx mit Patio und oberer Terrasse | JH Real Estate Mallorca\",\"isPartOf\":{\"@id\":\"https:\/\/jhrealestate.es\/de\/#website\"},\"primaryImageOfPage\":{\"@id\":\"https:\/\/jhrealestate.es\/de\/immobilie\/ve-jhre026\/#primaryimage\"},\"image\":{\"@id\":\"https:\/\/jhrealestate.es\/de\/immobilie\/ve-jhre026\/#primaryimage\"},\"thumbnailUrl\":\"https:\/\/jhrealestate.es\/wp-content\/uploads\/2022\/12\/VE-JHRE026-0.jpg\",\"datePublished\":\"2022-12-05T22:32:10+00:00\",\"dateModified\":\"2023-08-12T15:50:42+00:00\",\"breadcrumb\":{\"@id\":\"https:\/\/jhrealestate.es\/de\/immobilie\/ve-jhre026\/#breadcrumb\"},\"inLanguage\":\"de\",\"potentialAction\":[{\"@type\":\"ReadAction\",\"target\":[\"https:\/\/jhrealestate.es\/de\/immobilie\/ve-jhre026\/\"]}]},{\"@type\":\"ImageObject\",\"inLanguage\":\"de\",\"@id\":\"https:\/\/jhrealestate.es\/de\/immobilie\/ve-jhre026\/#primaryimage\",\"url\":\"https:\/\/jhrealestate.es\/wp-content\/uploads\/2022\/12\/VE-JHRE026-0.jpg\",\"contentUrl\":\"https:\/\/jhrealestate.es\/wp-content\/uploads\/2022\/12\/VE-JHRE026-0.jpg\",\"width\":1600,\"height\":900},{\"@type\":\"BreadcrumbList\",\"@id\":\"https:\/\/jhrealestate.es\/de\/immobilie\/ve-jhre026\/#breadcrumb\",\"itemListElement\":[{\"@type\":\"ListItem\",\"position\":1,\"name\":\"Portada\",\"item\":\"https:\/\/jhrealestate.es\/de\/\"},{\"@type\":\"ListItem\",\"position\":2,\"name\":\"Immobilien\",\"item\":\"https:\/\/jhrealestate.es\/de\/immobilie\/\"},{\"@type\":\"ListItem\",\"position\":3,\"name\":\"VE-JHRE026 &#8211; Sch\u00f6nes altes Haus im Zentrum von Felanitx mit Patio und oberer Terrasse\"}]},{\"@type\":\"WebSite\",\"@id\":\"https:\/\/jhrealestate.es\/de\/#website\",\"url\":\"https:\/\/jhrealestate.es\/de\/\",\"name\":\"JH Real Estate Mallorca\",\"description\":\"Real Estate en Mallorca\",\"publisher\":{\"@id\":\"https:\/\/jhrealestate.es\/de\/#organization\"},\"potentialAction\":[{\"@type\":\"SearchAction\",\"target\":{\"@type\":\"EntryPoint\",\"urlTemplate\":\"https:\/\/jhrealestate.es\/de\/?s={search_term_string}\"},\"query-input\":{\"@type\":\"PropertyValueSpecification\",\"valueRequired\":true,\"valueName\":\"search_term_string\"}}],\"inLanguage\":\"de\"},{\"@type\":\"Organization\",\"@id\":\"https:\/\/jhrealestate.es\/de\/#organization\",\"name\":\"JH Real Estate Mallorca\",\"url\":\"https:\/\/jhrealestate.es\/de\/\",\"logo\":{\"@type\":\"ImageObject\",\"inLanguage\":\"de\",\"@id\":\"https:\/\/jhrealestate.es\/de\/#\/schema\/logo\/image\/\",\"url\":\"https:\/\/jhrealestate.es\/wp-content\/uploads\/2021\/11\/Logo-JHRE.png\",\"contentUrl\":\"https:\/\/jhrealestate.es\/wp-content\/uploads\/2021\/11\/Logo-JHRE.png\",\"width\":252,\"height\":200,\"caption\":\"JH Real Estate Mallorca\"},\"image\":{\"@id\":\"https:\/\/jhrealestate.es\/de\/#\/schema\/logo\/image\/\"},\"sameAs\":[\"https:\/\/www.facebook.com\/jh.realestatemallorca\",\"https:\/\/www.instagram.com\/jh.realestatemallorca\",\"https:\/\/www.youtube.com\/channel\/UCwlku0kp0G8CPBZ61xelIHw\",\"https:\/\/www.linkedin.com\/in\/joseheredia1973\/\"]}]}<\/script>\n<!-- \/ Yoast SEO plugin. -->","yoast_head_json":{"title":"VE-JHRE026 - Sch\u00f6nes altes Haus im Zentrum von Felanitx mit Patio und oberer Terrasse | JH Real Estate Mallorca","robots":{"index":"index","follow":"follow","max-snippet":"max-snippet:-1","max-image-preview":"max-image-preview:large","max-video-preview":"max-video-preview:-1"},"canonical":"https:\/\/jhrealestate.es\/de\/immobilie\/ve-jhre026\/","og_locale":"de_DE","og_type":"article","og_title":"VE-JHRE026 - Sch\u00f6nes altes Haus im Zentrum von Felanitx mit Patio und oberer Terrasse | JH Real Estate Mallorca","og_description":"FELANITX","og_url":"https:\/\/jhrealestate.es\/de\/immobilie\/ve-jhre026\/","og_site_name":"JH Real Estate Mallorca","article_publisher":"https:\/\/www.facebook.com\/jh.realestatemallorca","article_modified_time":"2023-08-12T15:50:42+00:00","og_image":[{"url":"https:\/\/jhrealestate.es\/wp-content\/uploads\/2022\/12\/VE-JHRE026-0-1024x576.jpg","type":"","width":"","height":""}],"twitter_card":"summary_large_image","twitter_misc":{"Gesch\u00e4tzte Lesezeit":"2\u00a0Minuten"},"schema":{"@context":"https:\/\/schema.org","@graph":[{"@type":["WebPage","RealEstateListing"],"@id":"https:\/\/jhrealestate.es\/de\/immobilie\/ve-jhre026\/","url":"https:\/\/jhrealestate.es\/de\/immobilie\/ve-jhre026\/","name":"VE-JHRE026 - Sch\u00f6nes altes Haus im Zentrum von Felanitx mit Patio und oberer Terrasse | JH Real Estate Mallorca","isPartOf":{"@id":"https:\/\/jhrealestate.es\/de\/#website"},"primaryImageOfPage":{"@id":"https:\/\/jhrealestate.es\/de\/immobilie\/ve-jhre026\/#primaryimage"},"image":{"@id":"https:\/\/jhrealestate.es\/de\/immobilie\/ve-jhre026\/#primaryimage"},"thumbnailUrl":"https:\/\/jhrealestate.es\/wp-content\/uploads\/2022\/12\/VE-JHRE026-0.jpg","datePublished":"2022-12-05T22:32:10+00:00","dateModified":"2023-08-12T15:50:42+00:00","breadcrumb":{"@id":"https:\/\/jhrealestate.es\/de\/immobilie\/ve-jhre026\/#breadcrumb"},"inLanguage":"de","potentialAction":[{"@type":"ReadAction","target":["https:\/\/jhrealestate.es\/de\/immobilie\/ve-jhre026\/"]}]},{"@type":"ImageObject","inLanguage":"de","@id":"https:\/\/jhrealestate.es\/de\/immobilie\/ve-jhre026\/#primaryimage","url":"https:\/\/jhrealestate.es\/wp-content\/uploads\/2022\/12\/VE-JHRE026-0.jpg","contentUrl":"https:\/\/jhrealestate.es\/wp-content\/uploads\/2022\/12\/VE-JHRE026-0.jpg","width":1600,"height":900},{"@type":"BreadcrumbList","@id":"https:\/\/jhrealestate.es\/de\/immobilie\/ve-jhre026\/#breadcrumb","itemListElement":[{"@type":"ListItem","position":1,"name":"Portada","item":"https:\/\/jhrealestate.es\/de\/"},{"@type":"ListItem","position":2,"name":"Immobilien","item":"https:\/\/jhrealestate.es\/de\/immobilie\/"},{"@type":"ListItem","position":3,"name":"VE-JHRE026 &#8211; Sch\u00f6nes altes Haus im Zentrum von Felanitx mit Patio und oberer Terrasse"}]},{"@type":"WebSite","@id":"https:\/\/jhrealestate.es\/de\/#website","url":"https:\/\/jhrealestate.es\/de\/","name":"JH Real Estate Mallorca","description":"Real Estate en Mallorca","publisher":{"@id":"https:\/\/jhrealestate.es\/de\/#organization"},"potentialAction":[{"@type":"SearchAction","target":{"@type":"EntryPoint","urlTemplate":"https:\/\/jhrealestate.es\/de\/?s={search_term_string}"},"query-input":{"@type":"PropertyValueSpecification","valueRequired":true,"valueName":"search_term_string"}}],"inLanguage":"de"},{"@type":"Organization","@id":"https:\/\/jhrealestate.es\/de\/#organization","name":"JH Real Estate Mallorca","url":"https:\/\/jhrealestate.es\/de\/","logo":{"@type":"ImageObject","inLanguage":"de","@id":"https:\/\/jhrealestate.es\/de\/#\/schema\/logo\/image\/","url":"https:\/\/jhrealestate.es\/wp-content\/uploads\/2021\/11\/Logo-JHRE.png","contentUrl":"https:\/\/jhrealestate.es\/wp-content\/uploads\/2021\/11\/Logo-JHRE.png","width":252,"height":200,"caption":"JH Real Estate Mallorca"},"image":{"@id":"https:\/\/jhrealestate.es\/de\/#\/schema\/logo\/image\/"},"sameAs":["https:\/\/www.facebook.com\/jh.realestatemallorca","https:\/\/www.instagram.com\/jh.realestatemallorca","https:\/\/www.youtube.com\/channel\/UCwlku0kp0G8CPBZ61xelIHw","https:\/\/www.linkedin.com\/in\/joseheredia1973\/"]}]}},"_links":{"self":[{"href":"https:\/\/jhrealestate.es\/de\/wp-json\/wp\/v2\/properties\/5839","targetHints":{"allow":["GET"]}}],"collection":[{"href":"https:\/\/jhrealestate.es\/de\/wp-json\/wp\/v2\/properties"}],"about":[{"href":"https:\/\/jhrealestate.es\/de\/wp-json\/wp\/v2\/types\/rem_property"}],"author":[{"embeddable":true,"href":"https:\/\/jhrealestate.es\/de\/wp-json\/wp\/v2\/users\/3"}],"wp:featuredmedia":[{"embeddable":true,"href":"https:\/\/jhrealestate.es\/de\/wp-json\/wp\/v2\/media\/5709"}],"wp:attachment":[{"href":"https:\/\/jhrealestate.es\/de\/wp-json\/wp\/v2\/media?parent=5839"}],"wp:term":[{"taxonomy":"rem_property_cat","embeddable":true,"href":"https:\/\/jhrealestate.es\/de\/wp-json\/wp\/v2\/rem_property_cat?post=5839"}],"curies":[{"name":"wp","href":"https:\/\/api.w.org\/{rel}","templated":true}]}}

VE-JHRE026 &#8211; Schönes altes Haus im Zentrum von Felanitx mit Patio und oberer Terrasse

<p>Das Haus aus dem 19. Jahrhundert wurde mit größtem Respekt vor dem traditionellen mallorquinischen Stil komplett renoviert (2022) und hat den Charme der alten Häuser mit seinen hohen Decken und sichtbaren Balken bewahrt, aber zwar mit einem eleganten Hauch von Modernität.</p>
<p>Es hat eine bebaute Fläche von 100 m2 verteilt auf 2 Etagen und eine Dachterrasse.</p>
<p>Der Zugang zum Erdgeschoss erfolgt über eine geräumige Eingangshalle mit einem Bürotisch, die zu einem charmanten Wohn-/Esszimmer führt, das sehr gemütlich und geschmackvoll eingerichtet wurde. Das Wohnzimmer hat einen kleinen Raum in seiner Ecke, der als kleine Bibliothek oder Speisekammer genutzt werden kann. Nebenzimmer mit Kleiderschrank, das als Schlafzimmer, Büro, Fernsehzimmer oder Kinderspielzimmer genutzt werden kann. Die offene Küche wurde komplett renoviert, wobei der alte Kamin erhalten wurde, der ihr viel Charakter verleiht und den Charme alter Küchen bewahrt (ein Ofen könnte eingebaut werden). Ein Badezimmer mit Dusche, Doppelwaschbecken und separatem WC, sowie eine Sommerküche runden das Ensemble ab. Der Außenbereich erinnert an die Atmosphäre marokkanischer Riads, er verfügt über eine große Terrasse mit Veranda und einen &#8222;Mini-Pool&#8220; mit Wasserfall, wo Sie an heißen Sommerabenden einen Drink genießen können. Seine Wände wurden bewusst roh belassen, um einen Hauch von Authentizität zu verleihen.</p>
<p>Der 1. Stock ist über eine sehr hübsche Treppe mit hydraulischen Fliesen zugänglich, die zu einem ersten Doppelzimmer mit Ankleideraum und Zugang zu einem Balkon führt. Der Treppenabsatz bietet Zugang zu einem zweiten Schlafzimmer mit Doppelbett und einem großen, modernen, voll ausgestatteten Badezimmer mit Doppelwaschbecken und Dusche. Es bietet Zugang zu einer separaten Toilette mit Waschküche.</p>
<p>Auf dem Dach lädt eine große Chill-out-Terrasse mit einem offenen und blumigen Raum zweifellos dazu ein, angenehme Momente in guter Gesellschaft zu verbringen.</p>
<p>Innen- und Außen Holzarbeiten, typische Fenster mit Innenjalousien und alte Böden<br />Neue Sanitärinstallation, die Stromlage wurde überarbeitet und angepasst</p>
<p>Das Haus liegt in einer ruhigen Straße, nur 200 m von der täglich geöffneten Markthalle entfernt und in der Nähe vieler Geschäfte. Kostenloser Parkplatz in 150 m Entfernung.<br />Felanitx ist ein Dorf im Südosten der Insel Mallorca und in der Nähe der Küstengebiete von Porto Colom, Calas de Mallorca, Porto Petro oder sogar Cala D&#8217;or. Der Golfplatz Vall D&#8217;or ist 15 Autominuten entfernt und Palma Flughafen ca. 45 Minuten.</p>

<!-- This site is optimized with the Yoast SEO plugin v26.9 - https://yoast.com/product/yoast-seo-wordpress/ -->
<title>VE-JHRE026 - Schönes altes Haus im Zentrum von Felanitx mit Patio und oberer Terrasse | JH Real Estate Mallorca</title>
<meta name="robots" content="index, follow, max-snippet:-1, max-image-preview:large, max-video-preview:-1" />
<link rel="canonical" href="https://jhrealestate.es/de/immobilie/ve-jhre026/" />
<meta property="og:locale" content="de_DE" />
<meta property="og:type" content="article" />
<meta property="og:title" content="VE-JHRE026 - Schönes altes Haus im Zentrum von Felanitx mit Patio und oberer Terrasse | JH Real Estate Mallorca" />
<meta property="og:description" content="FELANITX" />
<meta property="og:url" content="https://jhrealestate.es/de/immobilie/ve-jhre026/" />
<meta property="og:site_name" content="JH Real Estate Mallorca" />
<meta property="article:publisher" content="https://www.facebook.com/jh.realestatemallorca" />
<meta property="article:modified_time" content="2023-08-12T15:50:42+00:00" />
<meta property="og:image" content="https://jhrealestate.es/wp-content/uploads/2022/12/VE-JHRE026-0-1024x576.jpg" />
<meta name="twitter:card" content="summary_large_image" />
<meta name="twitter:label1" content="Geschätzte Lesezeit" />
	<meta name="twitter:data1" content="2 Minuten" />
<script type="application/ld+json" class="yoast-schema-graph">{"@context":"https://schema.org","@graph":[{"@type":["WebPage","RealEstateListing"],"@id":"https://jhrealestate.es/de/immobilie/ve-jhre026/","url":"https://jhrealestate.es/de/immobilie/ve-jhre026/","name":"VE-JHRE026 - Schönes altes Haus im Zentrum von Felanitx mit Patio und oberer Terrasse | JH Real Estate Mallorca","isPartOf":{"@id":"https://jhrealestate.es/de/#website"},"primaryImageOfPage":{"@id":"https://jhrealestate.es/de/immobilie/ve-jhre026/#primaryimage"},"image":{"@id":"https://jhrealestate.es/de/immobilie/ve-jhre026/#primaryimage"},"thumbnailUrl":"https://jhrealestate.es/wp-content/uploads/2022/12/VE-JHRE026-0.jpg","datePublished":"2022-12-05T22:32:10+00:00","dateModified":"2023-08-12T15:50:42+00:00","breadcrumb":{"@id":"https://jhrealestate.es/de/immobilie/ve-jhre026/#breadcrumb"},"inLanguage":"de","potentialAction":[{"@type":"ReadAction","target":["https://jhrealestate.es/de/immobilie/ve-jhre026/"]}]},{"@type":"ImageObject","inLanguage":"de","@id":"https://jhrealestate.es/de/immobilie/ve-jhre026/#primaryimage","url":"https://jhrealestate.es/wp-content/uploads/2022/12/VE-JHRE026-0.jpg","contentUrl":"https://jhrealestate.es/wp-content/uploads/2022/12/VE-JHRE026-0.jpg","width":1600,"height":900},{"@type":"BreadcrumbList","@id":"https://jhrealestate.es/de/immobilie/ve-jhre026/#breadcrumb","itemListElement":[{"@type":"ListItem","position":1,"name":"Portada","item":"https://jhrealestate.es/de/"},{"@type":"ListItem","position":2,"name":"Immobilien","item":"https://jhrealestate.es/de/immobilie/"},{"@type":"ListItem","position":3,"name":"VE-JHRE026 &#8211; Schönes altes Haus im Zentrum von Felanitx mit Patio und oberer Terrasse"}]},{"@type":"WebSite","@id":"https://jhrealestate.es/de/#website","url":"https://jhrealestate.es/de/","name":"JH Real Estate Mallorca","description":"Real Estate en Mallorca","publisher":{"@id":"https://jhrealestate.es/de/#organization"},"potentialAction":[{"@type":"SearchAction","target":{"@type":"EntryPoint","urlTemplate":"https://jhrealestate.es/de/?s={search_term_string}"},"query-input":{"@type":"PropertyValueSpecification","valueRequired":true,"valueName":"search_term_string"}}],"inLanguage":"de"},{"@type":"Organization","@id":"https://jhrealestate.es/de/#organization","name":"JH Real Estate Mallorca","url":"https://jhrealestate.es/de/","logo":{"@type":"ImageObject","inLanguage":"de","@id":"https://jhrealestate.es/de/#/schema/logo/image/","url":"https://jhrealestate.es/wp-content/uploads/2021/11/Logo-JHRE.png","contentUrl":"https://jhrealestate.es/wp-content/uploads/2021/11/Logo-JHRE.png","width":252,"height":200,"caption":"JH Real Estate Mallorca"},"image":{"@id":"https://jhrealestate.es/de/#/schema/logo/image/"},"sameAs":["https://www.facebook.com/jh.realestatemallorca","https://www.instagram.com/jh.realestatemallorca","https://www.youtube.com/channel/UCwlku0kp0G8CPBZ61xelIHw","https://www.linkedin.com/in/joseheredia1973/"]}]}</script>
<!-- / Yoast SEO plugin. -->

VE-JHRE026 - Schönes altes Haus im Zentrum von Felanitx mit Patio und oberer Terrasse | JH Real Estate Mallorca
