{"id":7249,"date":"2013-04-07T11:09:56","date_gmt":"2013-04-07T09:09:56","guid":{"rendered":"https:\/\/jhrealestate.es\/propiedad\/ve-jhre033\/"},"modified":"2023-07-20T17:16:51","modified_gmt":"2023-07-20T15:16:51","slug":"ve-jhre033","status":"publish","type":"rem_property","link":"https:\/\/jhrealestate.es\/de\/immobilie\/ve-jhre033\/","title":{"rendered":"VE-JHRE033 &#8211; Sch\u00f6ne Wohnung mit 2 Schlafzimmern zwischen Paseo Mallorca y Jaime III"},"content":{"rendered":"<p>Sch\u00f6ne, komplett renovierte Wohnung von ca. 71 m2, auf einer zentralen Stra\u00dfe in Palma zwischen Paseo Mallorca und Jaime III. Es ist die einzige Wohnung im 2. Stock eines Hauses mit 11 Nachbarn.<\/p>\n<p>Das Haus wird durch einen kleinen Flur betreten. Auf der linken Seite befinden sich 2 Doppelzimmer. Das Hauptschlafzimmer ist sehr ger\u00e4umig mit einer Fl\u00e4che von ca. 16 m2 und einem gro\u00dfen ma\u00df gefertigten Einbauschrank, Das zweite ist etwas kleiner und hat einen Einbauschrank und Zugang zu einem Balkon mit Blick auf die Promenade Paseo Mallorca.<\/p>\n<p>\u2022 Voll ausgestattetes und m\u00f6bliertes Badezimmer mit Badewanne\/Dusche.<br \/>\u2022 Gro\u00dfes helles Esszimmer mit zwei Bereichen: Esszimmer und Wohnzimmer.<br \/>\u2022 Unabh\u00e4ngige und komplett ausgestattete K\u00fcche mit Elektroger\u00e4ten (K\u00fchlschrank, Backofen, Mikrowelle und Gasherd, Platz f\u00fcr Geschirrsp\u00fcler \u2013 nicht inbegriffen) und Zugang zu einer kleinen Waschk\u00fcche mit Waschmaschine.<br \/>\u2022 Klimaanlage (warm\/kalt) im Wohn-\/Esszimmer und Vorinstallation in beiden Schlafzimmern<br \/>\u2022 PVC-Fenster mit Doppelverglasung, elektrische Rolll\u00e4den im Wohnzimmer und im Hauptschlafzimmer.<br \/>\u2022 Laminatboden (Fliesen in Bad und K\u00fcche)<br \/>\u2022 Gas vom Gasnetz <br \/>\u2022 Haus mit Aufzug<\/p>\n<p>In der Umgebung finden Sie alle Arten von Dienstleistungen und Gesch\u00e4ften, Modegesch\u00e4fte, Kunstgalerien, Museen und ein breites gastronomisches Angebot.<br \/>Der Preis beinhaltet die M\u00f6bel, die auf den Fotos zu sehen sind, jedoch nicht die mit dem Kauf verbundenen Steuern und Geb\u00fchren.<\/p>\n<p>Kontaktieren Sie uns f\u00fcr weitere Informationen und um einen Besichtigungstermin zu vereinbaren!<\/p>\n","protected":false},"excerpt":{"rendered":"<p>PALMA &#8211; PASEO MALLORCA<\/p>\n","protected":false},"author":3,"featured_media":7151,"parent":0,"menu_order":0,"template":"","rem_property_cat":[],"class_list":["post-7249","rem_property","type-rem_property","status-publish","has-post-thumbnail","hentry"],"yoast_head":"<!-- This site is optimized with the Yoast SEO plugin v26.9 - https:\/\/yoast.com\/product\/yoast-seo-wordpress\/ -->\n<title>VE-JHRE033 - Sch\u00f6ne Wohnung mit 2 Schlafzimmern zwischen Paseo Mallorca y Jaime III | JH Real Estate Mallorca<\/title>\n<meta name=\"robots\" content=\"index, follow, max-snippet:-1, max-image-preview:large, max-video-preview:-1\" \/>\n<link rel=\"canonical\" href=\"https:\/\/jhrealestate.es\/de\/immobilie\/ve-jhre033\/\" \/>\n<meta property=\"og:locale\" content=\"de_DE\" \/>\n<meta property=\"og:type\" content=\"article\" \/>\n<meta property=\"og:title\" content=\"VE-JHRE033 - Sch\u00f6ne Wohnung mit 2 Schlafzimmern zwischen Paseo Mallorca y Jaime III | JH Real Estate Mallorca\" \/>\n<meta property=\"og:description\" content=\"PALMA - PASEO MALLORCA\" \/>\n<meta property=\"og:url\" content=\"https:\/\/jhrealestate.es\/de\/immobilie\/ve-jhre033\/\" \/>\n<meta property=\"og:site_name\" content=\"JH Real Estate Mallorca\" \/>\n<meta property=\"article:publisher\" content=\"https:\/\/www.facebook.com\/jh.realestatemallorca\" \/>\n<meta property=\"article:modified_time\" content=\"2023-07-20T15:16:51+00:00\" \/>\n<meta property=\"og:image\" content=\"https:\/\/jhrealestate.es\/wp-content\/uploads\/2023\/04\/VE-JHRE033-1-1024x576.jpg\" \/>\n<meta name=\"twitter:card\" content=\"summary_large_image\" \/>\n<meta name=\"twitter:label1\" content=\"Gesch\u00e4tzte Lesezeit\" \/>\n\t<meta name=\"twitter:data1\" content=\"1\u00a0Minute\" \/>\n<script type=\"application\/ld+json\" class=\"yoast-schema-graph\">{\"@context\":\"https:\/\/schema.org\",\"@graph\":[{\"@type\":[\"WebPage\",\"RealEstateListing\"],\"@id\":\"https:\/\/jhrealestate.es\/de\/immobilie\/ve-jhre033\/\",\"url\":\"https:\/\/jhrealestate.es\/de\/immobilie\/ve-jhre033\/\",\"name\":\"VE-JHRE033 - Sch\u00f6ne Wohnung mit 2 Schlafzimmern zwischen Paseo Mallorca y Jaime III | JH Real Estate Mallorca\",\"isPartOf\":{\"@id\":\"https:\/\/jhrealestate.es\/de\/#website\"},\"primaryImageOfPage\":{\"@id\":\"https:\/\/jhrealestate.es\/de\/immobilie\/ve-jhre033\/#primaryimage\"},\"image\":{\"@id\":\"https:\/\/jhrealestate.es\/de\/immobilie\/ve-jhre033\/#primaryimage\"},\"thumbnailUrl\":\"https:\/\/jhrealestate.es\/wp-content\/uploads\/2023\/04\/VE-JHRE033-1.jpg\",\"datePublished\":\"2013-04-07T09:09:56+00:00\",\"dateModified\":\"2023-07-20T15:16:51+00:00\",\"breadcrumb\":{\"@id\":\"https:\/\/jhrealestate.es\/de\/immobilie\/ve-jhre033\/#breadcrumb\"},\"inLanguage\":\"de\",\"potentialAction\":[{\"@type\":\"ReadAction\",\"target\":[\"https:\/\/jhrealestate.es\/de\/immobilie\/ve-jhre033\/\"]}]},{\"@type\":\"ImageObject\",\"inLanguage\":\"de\",\"@id\":\"https:\/\/jhrealestate.es\/de\/immobilie\/ve-jhre033\/#primaryimage\",\"url\":\"https:\/\/jhrealestate.es\/wp-content\/uploads\/2023\/04\/VE-JHRE033-1.jpg\",\"contentUrl\":\"https:\/\/jhrealestate.es\/wp-content\/uploads\/2023\/04\/VE-JHRE033-1.jpg\",\"width\":1600,\"height\":900},{\"@type\":\"BreadcrumbList\",\"@id\":\"https:\/\/jhrealestate.es\/de\/immobilie\/ve-jhre033\/#breadcrumb\",\"itemListElement\":[{\"@type\":\"ListItem\",\"position\":1,\"name\":\"Portada\",\"item\":\"https:\/\/jhrealestate.es\/de\/\"},{\"@type\":\"ListItem\",\"position\":2,\"name\":\"Immobilien\",\"item\":\"https:\/\/jhrealestate.es\/de\/immobilie\/\"},{\"@type\":\"ListItem\",\"position\":3,\"name\":\"VE-JHRE033 &#8211; Sch\u00f6ne Wohnung mit 2 Schlafzimmern zwischen Paseo Mallorca y Jaime III\"}]},{\"@type\":\"WebSite\",\"@id\":\"https:\/\/jhrealestate.es\/de\/#website\",\"url\":\"https:\/\/jhrealestate.es\/de\/\",\"name\":\"JH Real Estate Mallorca\",\"description\":\"Real Estate en Mallorca\",\"publisher\":{\"@id\":\"https:\/\/jhrealestate.es\/de\/#organization\"},\"potentialAction\":[{\"@type\":\"SearchAction\",\"target\":{\"@type\":\"EntryPoint\",\"urlTemplate\":\"https:\/\/jhrealestate.es\/de\/?s={search_term_string}\"},\"query-input\":{\"@type\":\"PropertyValueSpecification\",\"valueRequired\":true,\"valueName\":\"search_term_string\"}}],\"inLanguage\":\"de\"},{\"@type\":\"Organization\",\"@id\":\"https:\/\/jhrealestate.es\/de\/#organization\",\"name\":\"JH Real Estate Mallorca\",\"url\":\"https:\/\/jhrealestate.es\/de\/\",\"logo\":{\"@type\":\"ImageObject\",\"inLanguage\":\"de\",\"@id\":\"https:\/\/jhrealestate.es\/de\/#\/schema\/logo\/image\/\",\"url\":\"https:\/\/jhrealestate.es\/wp-content\/uploads\/2021\/11\/Logo-JHRE.png\",\"contentUrl\":\"https:\/\/jhrealestate.es\/wp-content\/uploads\/2021\/11\/Logo-JHRE.png\",\"width\":252,\"height\":200,\"caption\":\"JH Real Estate Mallorca\"},\"image\":{\"@id\":\"https:\/\/jhrealestate.es\/de\/#\/schema\/logo\/image\/\"},\"sameAs\":[\"https:\/\/www.facebook.com\/jh.realestatemallorca\",\"https:\/\/www.instagram.com\/jh.realestatemallorca\",\"https:\/\/www.youtube.com\/channel\/UCwlku0kp0G8CPBZ61xelIHw\",\"https:\/\/www.linkedin.com\/in\/joseheredia1973\/\"]}]}<\/script>\n<!-- \/ Yoast SEO plugin. -->","yoast_head_json":{"title":"VE-JHRE033 - Sch\u00f6ne Wohnung mit 2 Schlafzimmern zwischen Paseo Mallorca y Jaime III | JH Real Estate Mallorca","robots":{"index":"index","follow":"follow","max-snippet":"max-snippet:-1","max-image-preview":"max-image-preview:large","max-video-preview":"max-video-preview:-1"},"canonical":"https:\/\/jhrealestate.es\/de\/immobilie\/ve-jhre033\/","og_locale":"de_DE","og_type":"article","og_title":"VE-JHRE033 - Sch\u00f6ne Wohnung mit 2 Schlafzimmern zwischen Paseo Mallorca y Jaime III | JH Real Estate Mallorca","og_description":"PALMA - PASEO MALLORCA","og_url":"https:\/\/jhrealestate.es\/de\/immobilie\/ve-jhre033\/","og_site_name":"JH Real Estate Mallorca","article_publisher":"https:\/\/www.facebook.com\/jh.realestatemallorca","article_modified_time":"2023-07-20T15:16:51+00:00","og_image":[{"url":"https:\/\/jhrealestate.es\/wp-content\/uploads\/2023\/04\/VE-JHRE033-1-1024x576.jpg","type":"","width":"","height":""}],"twitter_card":"summary_large_image","twitter_misc":{"Gesch\u00e4tzte Lesezeit":"1\u00a0Minute"},"schema":{"@context":"https:\/\/schema.org","@graph":[{"@type":["WebPage","RealEstateListing"],"@id":"https:\/\/jhrealestate.es\/de\/immobilie\/ve-jhre033\/","url":"https:\/\/jhrealestate.es\/de\/immobilie\/ve-jhre033\/","name":"VE-JHRE033 - Sch\u00f6ne Wohnung mit 2 Schlafzimmern zwischen Paseo Mallorca y Jaime III | JH Real Estate Mallorca","isPartOf":{"@id":"https:\/\/jhrealestate.es\/de\/#website"},"primaryImageOfPage":{"@id":"https:\/\/jhrealestate.es\/de\/immobilie\/ve-jhre033\/#primaryimage"},"image":{"@id":"https:\/\/jhrealestate.es\/de\/immobilie\/ve-jhre033\/#primaryimage"},"thumbnailUrl":"https:\/\/jhrealestate.es\/wp-content\/uploads\/2023\/04\/VE-JHRE033-1.jpg","datePublished":"2013-04-07T09:09:56+00:00","dateModified":"2023-07-20T15:16:51+00:00","breadcrumb":{"@id":"https:\/\/jhrealestate.es\/de\/immobilie\/ve-jhre033\/#breadcrumb"},"inLanguage":"de","potentialAction":[{"@type":"ReadAction","target":["https:\/\/jhrealestate.es\/de\/immobilie\/ve-jhre033\/"]}]},{"@type":"ImageObject","inLanguage":"de","@id":"https:\/\/jhrealestate.es\/de\/immobilie\/ve-jhre033\/#primaryimage","url":"https:\/\/jhrealestate.es\/wp-content\/uploads\/2023\/04\/VE-JHRE033-1.jpg","contentUrl":"https:\/\/jhrealestate.es\/wp-content\/uploads\/2023\/04\/VE-JHRE033-1.jpg","width":1600,"height":900},{"@type":"BreadcrumbList","@id":"https:\/\/jhrealestate.es\/de\/immobilie\/ve-jhre033\/#breadcrumb","itemListElement":[{"@type":"ListItem","position":1,"name":"Portada","item":"https:\/\/jhrealestate.es\/de\/"},{"@type":"ListItem","position":2,"name":"Immobilien","item":"https:\/\/jhrealestate.es\/de\/immobilie\/"},{"@type":"ListItem","position":3,"name":"VE-JHRE033 &#8211; Sch\u00f6ne Wohnung mit 2 Schlafzimmern zwischen Paseo Mallorca y Jaime III"}]},{"@type":"WebSite","@id":"https:\/\/jhrealestate.es\/de\/#website","url":"https:\/\/jhrealestate.es\/de\/","name":"JH Real Estate Mallorca","description":"Real Estate en Mallorca","publisher":{"@id":"https:\/\/jhrealestate.es\/de\/#organization"},"potentialAction":[{"@type":"SearchAction","target":{"@type":"EntryPoint","urlTemplate":"https:\/\/jhrealestate.es\/de\/?s={search_term_string}"},"query-input":{"@type":"PropertyValueSpecification","valueRequired":true,"valueName":"search_term_string"}}],"inLanguage":"de"},{"@type":"Organization","@id":"https:\/\/jhrealestate.es\/de\/#organization","name":"JH Real Estate Mallorca","url":"https:\/\/jhrealestate.es\/de\/","logo":{"@type":"ImageObject","inLanguage":"de","@id":"https:\/\/jhrealestate.es\/de\/#\/schema\/logo\/image\/","url":"https:\/\/jhrealestate.es\/wp-content\/uploads\/2021\/11\/Logo-JHRE.png","contentUrl":"https:\/\/jhrealestate.es\/wp-content\/uploads\/2021\/11\/Logo-JHRE.png","width":252,"height":200,"caption":"JH Real Estate Mallorca"},"image":{"@id":"https:\/\/jhrealestate.es\/de\/#\/schema\/logo\/image\/"},"sameAs":["https:\/\/www.facebook.com\/jh.realestatemallorca","https:\/\/www.instagram.com\/jh.realestatemallorca","https:\/\/www.youtube.com\/channel\/UCwlku0kp0G8CPBZ61xelIHw","https:\/\/www.linkedin.com\/in\/joseheredia1973\/"]}]}},"_links":{"self":[{"href":"https:\/\/jhrealestate.es\/de\/wp-json\/wp\/v2\/properties\/7249","targetHints":{"allow":["GET"]}}],"collection":[{"href":"https:\/\/jhrealestate.es\/de\/wp-json\/wp\/v2\/properties"}],"about":[{"href":"https:\/\/jhrealestate.es\/de\/wp-json\/wp\/v2\/types\/rem_property"}],"author":[{"embeddable":true,"href":"https:\/\/jhrealestate.es\/de\/wp-json\/wp\/v2\/users\/3"}],"wp:featuredmedia":[{"embeddable":true,"href":"https:\/\/jhrealestate.es\/de\/wp-json\/wp\/v2\/media\/7151"}],"wp:attachment":[{"href":"https:\/\/jhrealestate.es\/de\/wp-json\/wp\/v2\/media?parent=7249"}],"wp:term":[{"taxonomy":"rem_property_cat","embeddable":true,"href":"https:\/\/jhrealestate.es\/de\/wp-json\/wp\/v2\/rem_property_cat?post=7249"}],"curies":[{"name":"wp","href":"https:\/\/api.w.org\/{rel}","templated":true}]}}

VE-JHRE033 &#8211; Schöne Wohnung mit 2 Schlafzimmern zwischen Paseo Mallorca y Jaime III

<p>Schöne, komplett renovierte Wohnung von ca. 71 m2, auf einer zentralen Straße in Palma zwischen Paseo Mallorca und Jaime III. Es ist die einzige Wohnung im 2. Stock eines Hauses mit 11 Nachbarn.</p>
<p>Das Haus wird durch einen kleinen Flur betreten. Auf der linken Seite befinden sich 2 Doppelzimmer. Das Hauptschlafzimmer ist sehr geräumig mit einer Fläche von ca. 16 m2 und einem großen maß gefertigten Einbauschrank, Das zweite ist etwas kleiner und hat einen Einbauschrank und Zugang zu einem Balkon mit Blick auf die Promenade Paseo Mallorca.</p>
<p>• Voll ausgestattetes und möbliertes Badezimmer mit Badewanne/Dusche.<br />• Großes helles Esszimmer mit zwei Bereichen: Esszimmer und Wohnzimmer.<br />• Unabhängige und komplett ausgestattete Küche mit Elektrogeräten (Kühlschrank, Backofen, Mikrowelle und Gasherd, Platz für Geschirrspüler – nicht inbegriffen) und Zugang zu einer kleinen Waschküche mit Waschmaschine.<br />• Klimaanlage (warm/kalt) im Wohn-/Esszimmer und Vorinstallation in beiden Schlafzimmern<br />• PVC-Fenster mit Doppelverglasung, elektrische Rollläden im Wohnzimmer und im Hauptschlafzimmer.<br />• Laminatboden (Fliesen in Bad und Küche)<br />• Gas vom Gasnetz <br />• Haus mit Aufzug</p>
<p>In der Umgebung finden Sie alle Arten von Dienstleistungen und Geschäften, Modegeschäfte, Kunstgalerien, Museen und ein breites gastronomisches Angebot.<br />Der Preis beinhaltet die Möbel, die auf den Fotos zu sehen sind, jedoch nicht die mit dem Kauf verbundenen Steuern und Gebühren.</p>
<p>Kontaktieren Sie uns für weitere Informationen und um einen Besichtigungstermin zu vereinbaren!</p>

<!-- This site is optimized with the Yoast SEO plugin v26.9 - https://yoast.com/product/yoast-seo-wordpress/ -->
<title>VE-JHRE033 - Schöne Wohnung mit 2 Schlafzimmern zwischen Paseo Mallorca y Jaime III | JH Real Estate Mallorca</title>
<meta name="robots" content="index, follow, max-snippet:-1, max-image-preview:large, max-video-preview:-1" />
<link rel="canonical" href="https://jhrealestate.es/de/immobilie/ve-jhre033/" />
<meta property="og:locale" content="de_DE" />
<meta property="og:type" content="article" />
<meta property="og:title" content="VE-JHRE033 - Schöne Wohnung mit 2 Schlafzimmern zwischen Paseo Mallorca y Jaime III | JH Real Estate Mallorca" />
<meta property="og:description" content="PALMA - PASEO MALLORCA" />
<meta property="og:url" content="https://jhrealestate.es/de/immobilie/ve-jhre033/" />
<meta property="og:site_name" content="JH Real Estate Mallorca" />
<meta property="article:publisher" content="https://www.facebook.com/jh.realestatemallorca" />
<meta property="article:modified_time" content="2023-07-20T15:16:51+00:00" />
<meta property="og:image" content="https://jhrealestate.es/wp-content/uploads/2023/04/VE-JHRE033-1-1024x576.jpg" />
<meta name="twitter:card" content="summary_large_image" />
<meta name="twitter:label1" content="Geschätzte Lesezeit" />
	<meta name="twitter:data1" content="1 Minute" />
<script type="application/ld+json" class="yoast-schema-graph">{"@context":"https://schema.org","@graph":[{"@type":["WebPage","RealEstateListing"],"@id":"https://jhrealestate.es/de/immobilie/ve-jhre033/","url":"https://jhrealestate.es/de/immobilie/ve-jhre033/","name":"VE-JHRE033 - Schöne Wohnung mit 2 Schlafzimmern zwischen Paseo Mallorca y Jaime III | JH Real Estate Mallorca","isPartOf":{"@id":"https://jhrealestate.es/de/#website"},"primaryImageOfPage":{"@id":"https://jhrealestate.es/de/immobilie/ve-jhre033/#primaryimage"},"image":{"@id":"https://jhrealestate.es/de/immobilie/ve-jhre033/#primaryimage"},"thumbnailUrl":"https://jhrealestate.es/wp-content/uploads/2023/04/VE-JHRE033-1.jpg","datePublished":"2013-04-07T09:09:56+00:00","dateModified":"2023-07-20T15:16:51+00:00","breadcrumb":{"@id":"https://jhrealestate.es/de/immobilie/ve-jhre033/#breadcrumb"},"inLanguage":"de","potentialAction":[{"@type":"ReadAction","target":["https://jhrealestate.es/de/immobilie/ve-jhre033/"]}]},{"@type":"ImageObject","inLanguage":"de","@id":"https://jhrealestate.es/de/immobilie/ve-jhre033/#primaryimage","url":"https://jhrealestate.es/wp-content/uploads/2023/04/VE-JHRE033-1.jpg","contentUrl":"https://jhrealestate.es/wp-content/uploads/2023/04/VE-JHRE033-1.jpg","width":1600,"height":900},{"@type":"BreadcrumbList","@id":"https://jhrealestate.es/de/immobilie/ve-jhre033/#breadcrumb","itemListElement":[{"@type":"ListItem","position":1,"name":"Portada","item":"https://jhrealestate.es/de/"},{"@type":"ListItem","position":2,"name":"Immobilien","item":"https://jhrealestate.es/de/immobilie/"},{"@type":"ListItem","position":3,"name":"VE-JHRE033 &#8211; Schöne Wohnung mit 2 Schlafzimmern zwischen Paseo Mallorca y Jaime III"}]},{"@type":"WebSite","@id":"https://jhrealestate.es/de/#website","url":"https://jhrealestate.es/de/","name":"JH Real Estate Mallorca","description":"Real Estate en Mallorca","publisher":{"@id":"https://jhrealestate.es/de/#organization"},"potentialAction":[{"@type":"SearchAction","target":{"@type":"EntryPoint","urlTemplate":"https://jhrealestate.es/de/?s={search_term_string}"},"query-input":{"@type":"PropertyValueSpecification","valueRequired":true,"valueName":"search_term_string"}}],"inLanguage":"de"},{"@type":"Organization","@id":"https://jhrealestate.es/de/#organization","name":"JH Real Estate Mallorca","url":"https://jhrealestate.es/de/","logo":{"@type":"ImageObject","inLanguage":"de","@id":"https://jhrealestate.es/de/#/schema/logo/image/","url":"https://jhrealestate.es/wp-content/uploads/2021/11/Logo-JHRE.png","contentUrl":"https://jhrealestate.es/wp-content/uploads/2021/11/Logo-JHRE.png","width":252,"height":200,"caption":"JH Real Estate Mallorca"},"image":{"@id":"https://jhrealestate.es/de/#/schema/logo/image/"},"sameAs":["https://www.facebook.com/jh.realestatemallorca","https://www.instagram.com/jh.realestatemallorca","https://www.youtube.com/channel/UCwlku0kp0G8CPBZ61xelIHw","https://www.linkedin.com/in/joseheredia1973/"]}]}</script>
<!-- / Yoast SEO plugin. -->

VE-JHRE033 - Schöne Wohnung mit 2 Schlafzimmern zwischen Paseo Mallorca y Jaime III | JH Real Estate Mallorca
