{"id":8158,"date":"2013-06-19T11:07:14","date_gmt":"2013-06-19T09:07:14","guid":{"rendered":"https:\/\/jhrealestate.es\/propiedad\/al-jhre041\/"},"modified":"2023-08-12T17:42:00","modified_gmt":"2023-08-12T15:42:00","slug":"al-jhre041","status":"publish","type":"rem_property","link":"https:\/\/jhrealestate.es\/de\/immobilie\/al-jhre041\/","title":{"rendered":"AL-JHRE041 &#8211; Elegante Wohnung mit 3 Schlafzimmer und Terrasse in der Wohnanlage Es Pinar"},"content":{"rendered":"<p>Elegante Wohnung zur Miete in der exklusiven Wohnanlage Es Pinar in Bendinat (80 Wohneinheiten verteilt auf 6 Geb\u00e4ude)<\/p>\n<p>Wohnung im 1. Stock mit 3 Doppelzimmern + 2 en-suite Badezimmern + 1 G\u00e4stetoilette mit einer Nutzfl\u00e4che von 135 m2 mit einer \u00fcberdachten Veranda\/Terrasse von 30 m2<\/p>\n<p>Die Wohnung wird komplett m\u00f6bliert vermietet (moderne Einrichtung), alle Schlafzimmer verf\u00fcgen \u00fcber Einbauschr\u00e4nke.<br \/>Die K\u00fcche ist unabh\u00e4ngig, komplett m\u00f6bliert und mit Top-Markenger\u00e4ten und einer Osmoseanlage ausgestattet. Es hat Zugang zu einem Waschraum mit Waschmaschine und Trockner.<br \/>\u2022\u00a0 \u00a0Sehr helles Wohn-\/Esszimmer mit Zugang zu einer gro\u00dfen Veranda<br \/>\u2022\u00a0 \u00a0Klimaanlage (warm\/kalt) durch Kan\u00e4le im ganzen Haus<br \/>\u2022\u00a0 \u00a0Marmorboden mit Strahlungsheizung.<br \/>\u2022\u00a0 \u00a0Smart Home-System und Video-Gegensprechanlage<br \/>\u2022\u00a0 \u00a0Glasfaser-Internet<br \/>\u2022\u00a0 \u00a0Hochwertige Materialien<br \/>\u2022\u00a0 \u00a0Solarpanelsystem zur Reduzierung des Stromverbrauchs<br \/>\u2022\u00a0 \u00a0Gemeinschafts-Salzwasserpool und gro\u00dfe Gartenbereiche<br \/>\u2022\u00a0 \u00a024-Stunden-Privatsicherheit mit \u00dcberwachungskameras in gesamter Wohnanlage.<br \/>\u2022\u00a0 \u00a0Nur kleine Haustiere sind erlaubt.<\/p>\n<p>In der N\u00e4he des exklusiven Real Golf Bendinat und des exklusiven Yachthafens von Puerto Portals. In der Umgebung finden Sie Bars, Restaurants und Superm\u00e4rkte. Die internationalen Schulen Agora Portals und King Richards liegen ganz in der N\u00e4he. Das Zentrum von Palma ist nur 10 Autominuten entfernt.<\/p>\n<p>Im Mietpreis sind Gemeinschaftsgeb\u00fchren, 2 Tiefgaragenstellpl\u00e4tze und ein Abstellraum enthalten. Internet, Wasser und Strom werden von den Mietern bezahlt. Wir suchen nach Langzeitmietern (mindestens 1 Jahr) mit guten Referenzen und Garantien.<\/p>\n<p>Konditionen: Vorauszahlung von 1 Jahr. Kaution von 1 Monat + 1 Monat zus\u00e4tzliche Garantie<\/p>\n","protected":false},"excerpt":{"rendered":"<p>CALVI\u00c0 &#8211; BENDINAT<\/p>\n","protected":false},"author":3,"featured_media":8052,"parent":0,"menu_order":0,"template":"","rem_property_cat":[],"class_list":["post-8158","rem_property","type-rem_property","status-publish","has-post-thumbnail","hentry"],"yoast_head":"<!-- This site is optimized with the Yoast SEO plugin v26.9 - https:\/\/yoast.com\/product\/yoast-seo-wordpress\/ -->\n<title>AL-JHRE041 - Elegante Wohnung mit 3 Schlafzimmer und Terrasse in der Wohnanlage Es Pinar | JH Real Estate Mallorca<\/title>\n<meta name=\"robots\" content=\"index, follow, max-snippet:-1, max-image-preview:large, max-video-preview:-1\" \/>\n<link rel=\"canonical\" href=\"https:\/\/jhrealestate.es\/de\/immobilie\/al-jhre041\/\" \/>\n<meta property=\"og:locale\" content=\"de_DE\" \/>\n<meta property=\"og:type\" content=\"article\" \/>\n<meta property=\"og:title\" content=\"AL-JHRE041 - Elegante Wohnung mit 3 Schlafzimmer und Terrasse in der Wohnanlage Es Pinar | JH Real Estate Mallorca\" \/>\n<meta property=\"og:description\" content=\"CALVI\u00c0 - BENDINAT\" \/>\n<meta property=\"og:url\" content=\"https:\/\/jhrealestate.es\/de\/immobilie\/al-jhre041\/\" \/>\n<meta property=\"og:site_name\" content=\"JH Real Estate Mallorca\" \/>\n<meta property=\"article:publisher\" content=\"https:\/\/www.facebook.com\/jh.realestatemallorca\" \/>\n<meta property=\"article:modified_time\" content=\"2023-08-12T15:42:00+00:00\" \/>\n<meta property=\"og:image\" content=\"https:\/\/jhrealestate.es\/wp-content\/uploads\/2023\/06\/AL-JHRE041-1-1024x576.jpg\" \/>\n<meta name=\"twitter:card\" content=\"summary_large_image\" \/>\n<meta name=\"twitter:label1\" content=\"Gesch\u00e4tzte Lesezeit\" \/>\n\t<meta name=\"twitter:data1\" content=\"1\u00a0Minute\" \/>\n<script type=\"application\/ld+json\" class=\"yoast-schema-graph\">{\"@context\":\"https:\/\/schema.org\",\"@graph\":[{\"@type\":[\"WebPage\",\"RealEstateListing\"],\"@id\":\"https:\/\/jhrealestate.es\/de\/immobilie\/al-jhre041\/\",\"url\":\"https:\/\/jhrealestate.es\/de\/immobilie\/al-jhre041\/\",\"name\":\"AL-JHRE041 - Elegante Wohnung mit 3 Schlafzimmer und Terrasse in der Wohnanlage Es Pinar | JH Real Estate Mallorca\",\"isPartOf\":{\"@id\":\"https:\/\/jhrealestate.es\/de\/#website\"},\"primaryImageOfPage\":{\"@id\":\"https:\/\/jhrealestate.es\/de\/immobilie\/al-jhre041\/#primaryimage\"},\"image\":{\"@id\":\"https:\/\/jhrealestate.es\/de\/immobilie\/al-jhre041\/#primaryimage\"},\"thumbnailUrl\":\"https:\/\/jhrealestate.es\/wp-content\/uploads\/2023\/06\/AL-JHRE041-1.jpg\",\"datePublished\":\"2013-06-19T09:07:14+00:00\",\"dateModified\":\"2023-08-12T15:42:00+00:00\",\"breadcrumb\":{\"@id\":\"https:\/\/jhrealestate.es\/de\/immobilie\/al-jhre041\/#breadcrumb\"},\"inLanguage\":\"de\",\"potentialAction\":[{\"@type\":\"ReadAction\",\"target\":[\"https:\/\/jhrealestate.es\/de\/immobilie\/al-jhre041\/\"]}]},{\"@type\":\"ImageObject\",\"inLanguage\":\"de\",\"@id\":\"https:\/\/jhrealestate.es\/de\/immobilie\/al-jhre041\/#primaryimage\",\"url\":\"https:\/\/jhrealestate.es\/wp-content\/uploads\/2023\/06\/AL-JHRE041-1.jpg\",\"contentUrl\":\"https:\/\/jhrealestate.es\/wp-content\/uploads\/2023\/06\/AL-JHRE041-1.jpg\",\"width\":1600,\"height\":900},{\"@type\":\"BreadcrumbList\",\"@id\":\"https:\/\/jhrealestate.es\/de\/immobilie\/al-jhre041\/#breadcrumb\",\"itemListElement\":[{\"@type\":\"ListItem\",\"position\":1,\"name\":\"Portada\",\"item\":\"https:\/\/jhrealestate.es\/de\/\"},{\"@type\":\"ListItem\",\"position\":2,\"name\":\"Immobilien\",\"item\":\"https:\/\/jhrealestate.es\/de\/immobilie\/\"},{\"@type\":\"ListItem\",\"position\":3,\"name\":\"AL-JHRE041 &#8211; Elegante Wohnung mit 3 Schlafzimmer und Terrasse in der Wohnanlage Es Pinar\"}]},{\"@type\":\"WebSite\",\"@id\":\"https:\/\/jhrealestate.es\/de\/#website\",\"url\":\"https:\/\/jhrealestate.es\/de\/\",\"name\":\"JH Real Estate Mallorca\",\"description\":\"Real Estate en Mallorca\",\"publisher\":{\"@id\":\"https:\/\/jhrealestate.es\/de\/#organization\"},\"potentialAction\":[{\"@type\":\"SearchAction\",\"target\":{\"@type\":\"EntryPoint\",\"urlTemplate\":\"https:\/\/jhrealestate.es\/de\/?s={search_term_string}\"},\"query-input\":{\"@type\":\"PropertyValueSpecification\",\"valueRequired\":true,\"valueName\":\"search_term_string\"}}],\"inLanguage\":\"de\"},{\"@type\":\"Organization\",\"@id\":\"https:\/\/jhrealestate.es\/de\/#organization\",\"name\":\"JH Real Estate Mallorca\",\"url\":\"https:\/\/jhrealestate.es\/de\/\",\"logo\":{\"@type\":\"ImageObject\",\"inLanguage\":\"de\",\"@id\":\"https:\/\/jhrealestate.es\/de\/#\/schema\/logo\/image\/\",\"url\":\"https:\/\/jhrealestate.es\/wp-content\/uploads\/2021\/11\/Logo-JHRE.png\",\"contentUrl\":\"https:\/\/jhrealestate.es\/wp-content\/uploads\/2021\/11\/Logo-JHRE.png\",\"width\":252,\"height\":200,\"caption\":\"JH Real Estate Mallorca\"},\"image\":{\"@id\":\"https:\/\/jhrealestate.es\/de\/#\/schema\/logo\/image\/\"},\"sameAs\":[\"https:\/\/www.facebook.com\/jh.realestatemallorca\",\"https:\/\/www.instagram.com\/jh.realestatemallorca\",\"https:\/\/www.youtube.com\/channel\/UCwlku0kp0G8CPBZ61xelIHw\",\"https:\/\/www.linkedin.com\/in\/joseheredia1973\/\"]}]}<\/script>\n<!-- \/ Yoast SEO plugin. -->","yoast_head_json":{"title":"AL-JHRE041 - Elegante Wohnung mit 3 Schlafzimmer und Terrasse in der Wohnanlage Es Pinar | JH Real Estate Mallorca","robots":{"index":"index","follow":"follow","max-snippet":"max-snippet:-1","max-image-preview":"max-image-preview:large","max-video-preview":"max-video-preview:-1"},"canonical":"https:\/\/jhrealestate.es\/de\/immobilie\/al-jhre041\/","og_locale":"de_DE","og_type":"article","og_title":"AL-JHRE041 - Elegante Wohnung mit 3 Schlafzimmer und Terrasse in der Wohnanlage Es Pinar | JH Real Estate Mallorca","og_description":"CALVI\u00c0 - BENDINAT","og_url":"https:\/\/jhrealestate.es\/de\/immobilie\/al-jhre041\/","og_site_name":"JH Real Estate Mallorca","article_publisher":"https:\/\/www.facebook.com\/jh.realestatemallorca","article_modified_time":"2023-08-12T15:42:00+00:00","og_image":[{"url":"https:\/\/jhrealestate.es\/wp-content\/uploads\/2023\/06\/AL-JHRE041-1-1024x576.jpg","type":"","width":"","height":""}],"twitter_card":"summary_large_image","twitter_misc":{"Gesch\u00e4tzte Lesezeit":"1\u00a0Minute"},"schema":{"@context":"https:\/\/schema.org","@graph":[{"@type":["WebPage","RealEstateListing"],"@id":"https:\/\/jhrealestate.es\/de\/immobilie\/al-jhre041\/","url":"https:\/\/jhrealestate.es\/de\/immobilie\/al-jhre041\/","name":"AL-JHRE041 - Elegante Wohnung mit 3 Schlafzimmer und Terrasse in der Wohnanlage Es Pinar | JH Real Estate Mallorca","isPartOf":{"@id":"https:\/\/jhrealestate.es\/de\/#website"},"primaryImageOfPage":{"@id":"https:\/\/jhrealestate.es\/de\/immobilie\/al-jhre041\/#primaryimage"},"image":{"@id":"https:\/\/jhrealestate.es\/de\/immobilie\/al-jhre041\/#primaryimage"},"thumbnailUrl":"https:\/\/jhrealestate.es\/wp-content\/uploads\/2023\/06\/AL-JHRE041-1.jpg","datePublished":"2013-06-19T09:07:14+00:00","dateModified":"2023-08-12T15:42:00+00:00","breadcrumb":{"@id":"https:\/\/jhrealestate.es\/de\/immobilie\/al-jhre041\/#breadcrumb"},"inLanguage":"de","potentialAction":[{"@type":"ReadAction","target":["https:\/\/jhrealestate.es\/de\/immobilie\/al-jhre041\/"]}]},{"@type":"ImageObject","inLanguage":"de","@id":"https:\/\/jhrealestate.es\/de\/immobilie\/al-jhre041\/#primaryimage","url":"https:\/\/jhrealestate.es\/wp-content\/uploads\/2023\/06\/AL-JHRE041-1.jpg","contentUrl":"https:\/\/jhrealestate.es\/wp-content\/uploads\/2023\/06\/AL-JHRE041-1.jpg","width":1600,"height":900},{"@type":"BreadcrumbList","@id":"https:\/\/jhrealestate.es\/de\/immobilie\/al-jhre041\/#breadcrumb","itemListElement":[{"@type":"ListItem","position":1,"name":"Portada","item":"https:\/\/jhrealestate.es\/de\/"},{"@type":"ListItem","position":2,"name":"Immobilien","item":"https:\/\/jhrealestate.es\/de\/immobilie\/"},{"@type":"ListItem","position":3,"name":"AL-JHRE041 &#8211; Elegante Wohnung mit 3 Schlafzimmer und Terrasse in der Wohnanlage Es Pinar"}]},{"@type":"WebSite","@id":"https:\/\/jhrealestate.es\/de\/#website","url":"https:\/\/jhrealestate.es\/de\/","name":"JH Real Estate Mallorca","description":"Real Estate en Mallorca","publisher":{"@id":"https:\/\/jhrealestate.es\/de\/#organization"},"potentialAction":[{"@type":"SearchAction","target":{"@type":"EntryPoint","urlTemplate":"https:\/\/jhrealestate.es\/de\/?s={search_term_string}"},"query-input":{"@type":"PropertyValueSpecification","valueRequired":true,"valueName":"search_term_string"}}],"inLanguage":"de"},{"@type":"Organization","@id":"https:\/\/jhrealestate.es\/de\/#organization","name":"JH Real Estate Mallorca","url":"https:\/\/jhrealestate.es\/de\/","logo":{"@type":"ImageObject","inLanguage":"de","@id":"https:\/\/jhrealestate.es\/de\/#\/schema\/logo\/image\/","url":"https:\/\/jhrealestate.es\/wp-content\/uploads\/2021\/11\/Logo-JHRE.png","contentUrl":"https:\/\/jhrealestate.es\/wp-content\/uploads\/2021\/11\/Logo-JHRE.png","width":252,"height":200,"caption":"JH Real Estate Mallorca"},"image":{"@id":"https:\/\/jhrealestate.es\/de\/#\/schema\/logo\/image\/"},"sameAs":["https:\/\/www.facebook.com\/jh.realestatemallorca","https:\/\/www.instagram.com\/jh.realestatemallorca","https:\/\/www.youtube.com\/channel\/UCwlku0kp0G8CPBZ61xelIHw","https:\/\/www.linkedin.com\/in\/joseheredia1973\/"]}]}},"_links":{"self":[{"href":"https:\/\/jhrealestate.es\/de\/wp-json\/wp\/v2\/properties\/8158","targetHints":{"allow":["GET"]}}],"collection":[{"href":"https:\/\/jhrealestate.es\/de\/wp-json\/wp\/v2\/properties"}],"about":[{"href":"https:\/\/jhrealestate.es\/de\/wp-json\/wp\/v2\/types\/rem_property"}],"author":[{"embeddable":true,"href":"https:\/\/jhrealestate.es\/de\/wp-json\/wp\/v2\/users\/3"}],"wp:featuredmedia":[{"embeddable":true,"href":"https:\/\/jhrealestate.es\/de\/wp-json\/wp\/v2\/media\/8052"}],"wp:attachment":[{"href":"https:\/\/jhrealestate.es\/de\/wp-json\/wp\/v2\/media?parent=8158"}],"wp:term":[{"taxonomy":"rem_property_cat","embeddable":true,"href":"https:\/\/jhrealestate.es\/de\/wp-json\/wp\/v2\/rem_property_cat?post=8158"}],"curies":[{"name":"wp","href":"https:\/\/api.w.org\/{rel}","templated":true}]}}

<p>Elegante Wohnung zur Miete in der exklusiven Wohnanlage Es Pinar in Bendinat (80 Wohneinheiten verteilt auf 6 Gebäude)</p>
<p>Wohnung im 1. Stock mit 3 Doppelzimmern + 2 en-suite Badezimmern + 1 Gästetoilette mit einer Nutzfläche von 135 m2 mit einer überdachten Veranda/Terrasse von 30 m2</p>
<p>Die Wohnung wird komplett möbliert vermietet (moderne Einrichtung), alle Schlafzimmer verfügen über Einbauschränke.<br />Die Küche ist unabhängig, komplett möbliert und mit Top-Markengeräten und einer Osmoseanlage ausgestattet. Es hat Zugang zu einem Waschraum mit Waschmaschine und Trockner.<br />•   Sehr helles Wohn-/Esszimmer mit Zugang zu einer großen Veranda<br />•   Klimaanlage (warm/kalt) durch Kanäle im ganzen Haus<br />•   Marmorboden mit Strahlungsheizung.<br />•   Smart Home-System und Video-Gegensprechanlage<br />•   Glasfaser-Internet<br />•   Hochwertige Materialien<br />•   Solarpanelsystem zur Reduzierung des Stromverbrauchs<br />•   Gemeinschafts-Salzwasserpool und große Gartenbereiche<br />•   24-Stunden-Privatsicherheit mit Überwachungskameras in gesamter Wohnanlage.<br />•   Nur kleine Haustiere sind erlaubt.</p>
<p>In der Nähe des exklusiven Real Golf Bendinat und des exklusiven Yachthafens von Puerto Portals. In der Umgebung finden Sie Bars, Restaurants und Supermärkte. Die internationalen Schulen Agora Portals und King Richards liegen ganz in der Nähe. Das Zentrum von Palma ist nur 10 Autominuten entfernt.</p>
<p>Im Mietpreis sind Gemeinschaftsgebühren, 2 Tiefgaragenstellplätze und ein Abstellraum enthalten. Internet, Wasser und Strom werden von den Mietern bezahlt. Wir suchen nach Langzeitmietern (mindestens 1 Jahr) mit guten Referenzen und Garantien.</p>
<p>Konditionen: Vorauszahlung von 1 Jahr. Kaution von 1 Monat + 1 Monat zusätzliche Garantie</p>

<p>CALVIÀ &#8211; BENDINAT</p>

<!-- This site is optimized with the Yoast SEO plugin v26.9 - https://yoast.com/product/yoast-seo-wordpress/ -->
<title>AL-JHRE041 - Elegante Wohnung mit 3 Schlafzimmer und Terrasse in der Wohnanlage Es Pinar | JH Real Estate Mallorca</title>
<meta name="robots" content="index, follow, max-snippet:-1, max-image-preview:large, max-video-preview:-1" />
<link rel="canonical" href="https://jhrealestate.es/de/immobilie/al-jhre041/" />
<meta property="og:locale" content="de_DE" />
<meta property="og:type" content="article" />
<meta property="og:title" content="AL-JHRE041 - Elegante Wohnung mit 3 Schlafzimmer und Terrasse in der Wohnanlage Es Pinar | JH Real Estate Mallorca" />
<meta property="og:description" content="CALVIÀ - BENDINAT" />
<meta property="og:url" content="https://jhrealestate.es/de/immobilie/al-jhre041/" />
<meta property="og:site_name" content="JH Real Estate Mallorca" />
<meta property="article:publisher" content="https://www.facebook.com/jh.realestatemallorca" />
<meta property="article:modified_time" content="2023-08-12T15:42:00+00:00" />
<meta property="og:image" content="https://jhrealestate.es/wp-content/uploads/2023/06/AL-JHRE041-1-1024x576.jpg" />
<meta name="twitter:card" content="summary_large_image" />
<meta name="twitter:label1" content="Geschätzte Lesezeit" />
	<meta name="twitter:data1" content="1 Minute" />
<script type="application/ld+json" class="yoast-schema-graph">{"@context":"https://schema.org","@graph":[{"@type":["WebPage","RealEstateListing"],"@id":"https://jhrealestate.es/de/immobilie/al-jhre041/","url":"https://jhrealestate.es/de/immobilie/al-jhre041/","name":"AL-JHRE041 - Elegante Wohnung mit 3 Schlafzimmer und Terrasse in der Wohnanlage Es Pinar | JH Real Estate Mallorca","isPartOf":{"@id":"https://jhrealestate.es/de/#website"},"primaryImageOfPage":{"@id":"https://jhrealestate.es/de/immobilie/al-jhre041/#primaryimage"},"image":{"@id":"https://jhrealestate.es/de/immobilie/al-jhre041/#primaryimage"},"thumbnailUrl":"https://jhrealestate.es/wp-content/uploads/2023/06/AL-JHRE041-1.jpg","datePublished":"2013-06-19T09:07:14+00:00","dateModified":"2023-08-12T15:42:00+00:00","breadcrumb":{"@id":"https://jhrealestate.es/de/immobilie/al-jhre041/#breadcrumb"},"inLanguage":"de","potentialAction":[{"@type":"ReadAction","target":["https://jhrealestate.es/de/immobilie/al-jhre041/"]}]},{"@type":"ImageObject","inLanguage":"de","@id":"https://jhrealestate.es/de/immobilie/al-jhre041/#primaryimage","url":"https://jhrealestate.es/wp-content/uploads/2023/06/AL-JHRE041-1.jpg","contentUrl":"https://jhrealestate.es/wp-content/uploads/2023/06/AL-JHRE041-1.jpg","width":1600,"height":900},{"@type":"BreadcrumbList","@id":"https://jhrealestate.es/de/immobilie/al-jhre041/#breadcrumb","itemListElement":[{"@type":"ListItem","position":1,"name":"Portada","item":"https://jhrealestate.es/de/"},{"@type":"ListItem","position":2,"name":"Immobilien","item":"https://jhrealestate.es/de/immobilie/"},{"@type":"ListItem","position":3,"name":"AL-JHRE041 &#8211; Elegante Wohnung mit 3 Schlafzimmer und Terrasse in der Wohnanlage Es Pinar"}]},{"@type":"WebSite","@id":"https://jhrealestate.es/de/#website","url":"https://jhrealestate.es/de/","name":"JH Real Estate Mallorca","description":"Real Estate en Mallorca","publisher":{"@id":"https://jhrealestate.es/de/#organization"},"potentialAction":[{"@type":"SearchAction","target":{"@type":"EntryPoint","urlTemplate":"https://jhrealestate.es/de/?s={search_term_string}"},"query-input":{"@type":"PropertyValueSpecification","valueRequired":true,"valueName":"search_term_string"}}],"inLanguage":"de"},{"@type":"Organization","@id":"https://jhrealestate.es/de/#organization","name":"JH Real Estate Mallorca","url":"https://jhrealestate.es/de/","logo":{"@type":"ImageObject","inLanguage":"de","@id":"https://jhrealestate.es/de/#/schema/logo/image/","url":"https://jhrealestate.es/wp-content/uploads/2021/11/Logo-JHRE.png","contentUrl":"https://jhrealestate.es/wp-content/uploads/2021/11/Logo-JHRE.png","width":252,"height":200,"caption":"JH Real Estate Mallorca"},"image":{"@id":"https://jhrealestate.es/de/#/schema/logo/image/"},"sameAs":["https://www.facebook.com/jh.realestatemallorca","https://www.instagram.com/jh.realestatemallorca","https://www.youtube.com/channel/UCwlku0kp0G8CPBZ61xelIHw","https://www.linkedin.com/in/joseheredia1973/"]}]}</script>
<!-- / Yoast SEO plugin. -->

CALVIÀ - BENDINAT
