{"id":9864,"date":"2023-11-19T12:19:41","date_gmt":"2023-11-19T11:19:41","guid":{"rendered":"https:\/\/jhrealestate.es\/propiedad\/al-jhre048\/"},"modified":"2025-01-27T23:36:40","modified_gmt":"2025-01-27T22:36:40","slug":"al-jhre048","status":"publish","type":"rem_property","link":"https:\/\/jhrealestate.es\/de\/immobilie\/al-jhre048\/","title":{"rendered":"AL-JHRE048 &#8211; 2-Zimmer-Wohnung mit Terrasse und Meerblick \u2013 150m vom Port Calanova Sporthafen."},"content":{"rendered":"<p>ALLEINAUFTRAG<\/p>\n<p>Sehr gem\u00fctliche 2-Zimmer-Wohnung mit Terrasse und Meerblick \u2013 150m vom Port Calanova Sporthafen.<\/p>\n<p>Die Wohnung befindet sich im 3. Stock einer sehr ruhigen Gemeinschaft im Viertel von Sant Agust\u00ed. Es ist sehr gem\u00fctlich eingerichtet und verf\u00fcgt \u00fcber eine bebaute Gesamtfl\u00e4che von 82 qm, verteilt auf:<\/p>\n<p>\u2022\u00a0 \u00a0Sehr helles 23 qm gro\u00dfes Wohnzimmer mit Zugang zu einer 11 qm gro\u00dfen Terrasse mit Meerblick.<br \/>\u2022\u00a0 \u00a0Unabh\u00e4ngige K\u00fcche, komplett m\u00f6bliert und ausgestattet mit K\u00fchlschrank, Backofen, Cerankochfeld und Mikrowelle.<br \/>\u2022\u00a0 \u00a0Separate Waschk\u00fcche\/Speisekammer mit Waschmaschine\/Trockner und Geschirrsp\u00fcler.<br \/>\u2022\u00a0 \u00a02 Doppelzimmer (eines mit Einbauschrank)<br \/>\u2022\u00a0 \u00a0Gro\u00dfe Empfangshalle<br \/>\u2022\u00a0 \u00a0Komplettes Badezimmer mit Dusche<br \/>\u2022\u00a0 \u00a0Klimaanlage (warm\/kalt) im Wohnzimmer und in den Schlafzimmern<br \/>\u2022\u00a0 \u00a0Laminatboden (Fliesen in Bad &amp; K\u00fcche)<br \/>\u2022\u00a0 \u00a0M\u00d6BLIERT vermietet (M\u00f6glichkeit, bei Bedarf k\u00f6nnen einige M\u00f6bel entfernt werden)<br \/>\u2022\u00a0 \u00a0Baujahr 1981<br \/>\u2022\u00a0 \u00a0Vorinstallation f\u00fcr Glasfaser-Internet<br \/>\u2022\u00a0 \u00a0Abstellraum<br \/>\u2022\u00a0 \u00a0Parkplatz verf\u00fcgbar (Zuschlag 100 EUR \/ Monat) <br \/>\u2022\u00a0 \u00a0Optionales Alarmsystem (nicht im Mietpreis enthalten)<br \/>\u2022\u00a0 \u00a0S\u00fcdausrichtung<br \/>\u2022\u00a0 \u00a0Haus mit Aufzug<\/p>\n<p>Die Wohnung liegt an einer Gesch\u00e4ftsstra\u00dfe mit einer Bushaltestelle vor dem Haus. Die Nachbarschaft verf\u00fcgt \u00fcber alle Dienstleistungen, Gesch\u00e4fte und eine gro\u00dfe Auswahl an Restaurants. Supermarkt und Fitnessstudio direkt nebenan. Der Port Calanova Yacht Club mit seinem Beachclub ist nur 150 m entfernt.<\/p>\n<p>Die Miete beinhaltet Gemeinschaftsgeb\u00fchren und Wasser. Strom und j\u00e4hrliche M\u00fcllgeb\u00fchr nicht enthalten.<br \/>Bedingungen: 1 Monat Kaution + 1 Monat zus\u00e4tzliche Garantie f\u00fcr M\u00f6bel + Elektroger\u00e4te<br \/>Wir suchen nach Langzeitmietern (mindestens 1 Jahr) mit guten Referenzen und Garantien.<\/p>\n","protected":false},"excerpt":{"rendered":"<p>PALMA &#8211; SANT AGUST\u00cd<\/p>\n","protected":false},"author":3,"featured_media":9869,"parent":0,"menu_order":0,"template":"","rem_property_cat":[],"class_list":["post-9864","rem_property","type-rem_property","status-publish","has-post-thumbnail","hentry"],"yoast_head":"<!-- This site is optimized with the Yoast SEO plugin v26.9 - https:\/\/yoast.com\/product\/yoast-seo-wordpress\/ -->\n<title>AL-JHRE048 - 2-Zimmer-Wohnung mit Terrasse und Meerblick \u2013 150m vom Port Calanova Sporthafen. | JH Real Estate Mallorca<\/title>\n<meta name=\"robots\" content=\"index, follow, max-snippet:-1, max-image-preview:large, max-video-preview:-1\" \/>\n<link rel=\"canonical\" href=\"https:\/\/jhrealestate.es\/de\/immobilie\/al-jhre048\/\" \/>\n<meta property=\"og:locale\" content=\"de_DE\" \/>\n<meta property=\"og:type\" content=\"article\" \/>\n<meta property=\"og:title\" content=\"AL-JHRE048 - 2-Zimmer-Wohnung mit Terrasse und Meerblick \u2013 150m vom Port Calanova Sporthafen. | JH Real Estate Mallorca\" \/>\n<meta property=\"og:description\" content=\"PALMA - SANT AGUST\u00cd\" \/>\n<meta property=\"og:url\" content=\"https:\/\/jhrealestate.es\/de\/immobilie\/al-jhre048\/\" \/>\n<meta property=\"og:site_name\" content=\"JH Real Estate Mallorca\" \/>\n<meta property=\"article:publisher\" content=\"https:\/\/www.facebook.com\/jh.realestatemallorca\" \/>\n<meta property=\"article:modified_time\" content=\"2025-01-27T22:36:40+00:00\" \/>\n<meta property=\"og:image\" content=\"https:\/\/jhrealestate.es\/wp-content\/uploads\/2023\/11\/AL-JHRE048-1-1024x576.jpg\" \/>\n<meta name=\"twitter:card\" content=\"summary_large_image\" \/>\n<meta name=\"twitter:label1\" content=\"Gesch\u00e4tzte Lesezeit\" \/>\n\t<meta name=\"twitter:data1\" content=\"1\u00a0Minute\" \/>\n<script type=\"application\/ld+json\" class=\"yoast-schema-graph\">{\"@context\":\"https:\/\/schema.org\",\"@graph\":[{\"@type\":[\"WebPage\",\"RealEstateListing\"],\"@id\":\"https:\/\/jhrealestate.es\/de\/immobilie\/al-jhre048\/\",\"url\":\"https:\/\/jhrealestate.es\/de\/immobilie\/al-jhre048\/\",\"name\":\"AL-JHRE048 - 2-Zimmer-Wohnung mit Terrasse und Meerblick \u2013 150m vom Port Calanova Sporthafen. | JH Real Estate Mallorca\",\"isPartOf\":{\"@id\":\"https:\/\/jhrealestate.es\/de\/#website\"},\"primaryImageOfPage\":{\"@id\":\"https:\/\/jhrealestate.es\/de\/immobilie\/al-jhre048\/#primaryimage\"},\"image\":{\"@id\":\"https:\/\/jhrealestate.es\/de\/immobilie\/al-jhre048\/#primaryimage\"},\"thumbnailUrl\":\"https:\/\/jhrealestate.es\/wp-content\/uploads\/2023\/11\/AL-JHRE048N-1-.jpg\",\"datePublished\":\"2023-11-19T11:19:41+00:00\",\"dateModified\":\"2025-01-27T22:36:40+00:00\",\"breadcrumb\":{\"@id\":\"https:\/\/jhrealestate.es\/de\/immobilie\/al-jhre048\/#breadcrumb\"},\"inLanguage\":\"de\",\"potentialAction\":[{\"@type\":\"ReadAction\",\"target\":[\"https:\/\/jhrealestate.es\/de\/immobilie\/al-jhre048\/\"]}]},{\"@type\":\"ImageObject\",\"inLanguage\":\"de\",\"@id\":\"https:\/\/jhrealestate.es\/de\/immobilie\/al-jhre048\/#primaryimage\",\"url\":\"https:\/\/jhrealestate.es\/wp-content\/uploads\/2023\/11\/AL-JHRE048N-1-.jpg\",\"contentUrl\":\"https:\/\/jhrealestate.es\/wp-content\/uploads\/2023\/11\/AL-JHRE048N-1-.jpg\",\"width\":1600,\"height\":900},{\"@type\":\"BreadcrumbList\",\"@id\":\"https:\/\/jhrealestate.es\/de\/immobilie\/al-jhre048\/#breadcrumb\",\"itemListElement\":[{\"@type\":\"ListItem\",\"position\":1,\"name\":\"Portada\",\"item\":\"https:\/\/jhrealestate.es\/de\/\"},{\"@type\":\"ListItem\",\"position\":2,\"name\":\"Immobilien\",\"item\":\"https:\/\/jhrealestate.es\/de\/immobilie\/\"},{\"@type\":\"ListItem\",\"position\":3,\"name\":\"AL-JHRE048 &#8211; 2-Zimmer-Wohnung mit Terrasse und Meerblick \u2013 150m vom Port Calanova Sporthafen.\"}]},{\"@type\":\"WebSite\",\"@id\":\"https:\/\/jhrealestate.es\/de\/#website\",\"url\":\"https:\/\/jhrealestate.es\/de\/\",\"name\":\"JH Real Estate Mallorca\",\"description\":\"Real Estate en Mallorca\",\"publisher\":{\"@id\":\"https:\/\/jhrealestate.es\/de\/#organization\"},\"potentialAction\":[{\"@type\":\"SearchAction\",\"target\":{\"@type\":\"EntryPoint\",\"urlTemplate\":\"https:\/\/jhrealestate.es\/de\/?s={search_term_string}\"},\"query-input\":{\"@type\":\"PropertyValueSpecification\",\"valueRequired\":true,\"valueName\":\"search_term_string\"}}],\"inLanguage\":\"de\"},{\"@type\":\"Organization\",\"@id\":\"https:\/\/jhrealestate.es\/de\/#organization\",\"name\":\"JH Real Estate Mallorca\",\"url\":\"https:\/\/jhrealestate.es\/de\/\",\"logo\":{\"@type\":\"ImageObject\",\"inLanguage\":\"de\",\"@id\":\"https:\/\/jhrealestate.es\/de\/#\/schema\/logo\/image\/\",\"url\":\"https:\/\/jhrealestate.es\/wp-content\/uploads\/2021\/11\/Logo-JHRE.png\",\"contentUrl\":\"https:\/\/jhrealestate.es\/wp-content\/uploads\/2021\/11\/Logo-JHRE.png\",\"width\":252,\"height\":200,\"caption\":\"JH Real Estate Mallorca\"},\"image\":{\"@id\":\"https:\/\/jhrealestate.es\/de\/#\/schema\/logo\/image\/\"},\"sameAs\":[\"https:\/\/www.facebook.com\/jh.realestatemallorca\",\"https:\/\/www.instagram.com\/jh.realestatemallorca\",\"https:\/\/www.youtube.com\/channel\/UCwlku0kp0G8CPBZ61xelIHw\",\"https:\/\/www.linkedin.com\/in\/joseheredia1973\/\"]}]}<\/script>\n<!-- \/ Yoast SEO plugin. -->","yoast_head_json":{"title":"AL-JHRE048 - 2-Zimmer-Wohnung mit Terrasse und Meerblick \u2013 150m vom Port Calanova Sporthafen. | JH Real Estate Mallorca","robots":{"index":"index","follow":"follow","max-snippet":"max-snippet:-1","max-image-preview":"max-image-preview:large","max-video-preview":"max-video-preview:-1"},"canonical":"https:\/\/jhrealestate.es\/de\/immobilie\/al-jhre048\/","og_locale":"de_DE","og_type":"article","og_title":"AL-JHRE048 - 2-Zimmer-Wohnung mit Terrasse und Meerblick \u2013 150m vom Port Calanova Sporthafen. | JH Real Estate Mallorca","og_description":"PALMA - SANT AGUST\u00cd","og_url":"https:\/\/jhrealestate.es\/de\/immobilie\/al-jhre048\/","og_site_name":"JH Real Estate Mallorca","article_publisher":"https:\/\/www.facebook.com\/jh.realestatemallorca","article_modified_time":"2025-01-27T22:36:40+00:00","og_image":[{"url":"https:\/\/jhrealestate.es\/wp-content\/uploads\/2023\/11\/AL-JHRE048-1-1024x576.jpg","type":"","width":"","height":""}],"twitter_card":"summary_large_image","twitter_misc":{"Gesch\u00e4tzte Lesezeit":"1\u00a0Minute"},"schema":{"@context":"https:\/\/schema.org","@graph":[{"@type":["WebPage","RealEstateListing"],"@id":"https:\/\/jhrealestate.es\/de\/immobilie\/al-jhre048\/","url":"https:\/\/jhrealestate.es\/de\/immobilie\/al-jhre048\/","name":"AL-JHRE048 - 2-Zimmer-Wohnung mit Terrasse und Meerblick \u2013 150m vom Port Calanova Sporthafen. | JH Real Estate Mallorca","isPartOf":{"@id":"https:\/\/jhrealestate.es\/de\/#website"},"primaryImageOfPage":{"@id":"https:\/\/jhrealestate.es\/de\/immobilie\/al-jhre048\/#primaryimage"},"image":{"@id":"https:\/\/jhrealestate.es\/de\/immobilie\/al-jhre048\/#primaryimage"},"thumbnailUrl":"https:\/\/jhrealestate.es\/wp-content\/uploads\/2023\/11\/AL-JHRE048N-1-.jpg","datePublished":"2023-11-19T11:19:41+00:00","dateModified":"2025-01-27T22:36:40+00:00","breadcrumb":{"@id":"https:\/\/jhrealestate.es\/de\/immobilie\/al-jhre048\/#breadcrumb"},"inLanguage":"de","potentialAction":[{"@type":"ReadAction","target":["https:\/\/jhrealestate.es\/de\/immobilie\/al-jhre048\/"]}]},{"@type":"ImageObject","inLanguage":"de","@id":"https:\/\/jhrealestate.es\/de\/immobilie\/al-jhre048\/#primaryimage","url":"https:\/\/jhrealestate.es\/wp-content\/uploads\/2023\/11\/AL-JHRE048N-1-.jpg","contentUrl":"https:\/\/jhrealestate.es\/wp-content\/uploads\/2023\/11\/AL-JHRE048N-1-.jpg","width":1600,"height":900},{"@type":"BreadcrumbList","@id":"https:\/\/jhrealestate.es\/de\/immobilie\/al-jhre048\/#breadcrumb","itemListElement":[{"@type":"ListItem","position":1,"name":"Portada","item":"https:\/\/jhrealestate.es\/de\/"},{"@type":"ListItem","position":2,"name":"Immobilien","item":"https:\/\/jhrealestate.es\/de\/immobilie\/"},{"@type":"ListItem","position":3,"name":"AL-JHRE048 &#8211; 2-Zimmer-Wohnung mit Terrasse und Meerblick \u2013 150m vom Port Calanova Sporthafen."}]},{"@type":"WebSite","@id":"https:\/\/jhrealestate.es\/de\/#website","url":"https:\/\/jhrealestate.es\/de\/","name":"JH Real Estate Mallorca","description":"Real Estate en Mallorca","publisher":{"@id":"https:\/\/jhrealestate.es\/de\/#organization"},"potentialAction":[{"@type":"SearchAction","target":{"@type":"EntryPoint","urlTemplate":"https:\/\/jhrealestate.es\/de\/?s={search_term_string}"},"query-input":{"@type":"PropertyValueSpecification","valueRequired":true,"valueName":"search_term_string"}}],"inLanguage":"de"},{"@type":"Organization","@id":"https:\/\/jhrealestate.es\/de\/#organization","name":"JH Real Estate Mallorca","url":"https:\/\/jhrealestate.es\/de\/","logo":{"@type":"ImageObject","inLanguage":"de","@id":"https:\/\/jhrealestate.es\/de\/#\/schema\/logo\/image\/","url":"https:\/\/jhrealestate.es\/wp-content\/uploads\/2021\/11\/Logo-JHRE.png","contentUrl":"https:\/\/jhrealestate.es\/wp-content\/uploads\/2021\/11\/Logo-JHRE.png","width":252,"height":200,"caption":"JH Real Estate Mallorca"},"image":{"@id":"https:\/\/jhrealestate.es\/de\/#\/schema\/logo\/image\/"},"sameAs":["https:\/\/www.facebook.com\/jh.realestatemallorca","https:\/\/www.instagram.com\/jh.realestatemallorca","https:\/\/www.youtube.com\/channel\/UCwlku0kp0G8CPBZ61xelIHw","https:\/\/www.linkedin.com\/in\/joseheredia1973\/"]}]}},"_links":{"self":[{"href":"https:\/\/jhrealestate.es\/de\/wp-json\/wp\/v2\/properties\/9864","targetHints":{"allow":["GET"]}}],"collection":[{"href":"https:\/\/jhrealestate.es\/de\/wp-json\/wp\/v2\/properties"}],"about":[{"href":"https:\/\/jhrealestate.es\/de\/wp-json\/wp\/v2\/types\/rem_property"}],"author":[{"embeddable":true,"href":"https:\/\/jhrealestate.es\/de\/wp-json\/wp\/v2\/users\/3"}],"wp:featuredmedia":[{"embeddable":true,"href":"https:\/\/jhrealestate.es\/de\/wp-json\/wp\/v2\/media\/9869"}],"wp:attachment":[{"href":"https:\/\/jhrealestate.es\/de\/wp-json\/wp\/v2\/media?parent=9864"}],"wp:term":[{"taxonomy":"rem_property_cat","embeddable":true,"href":"https:\/\/jhrealestate.es\/de\/wp-json\/wp\/v2\/rem_property_cat?post=9864"}],"curies":[{"name":"wp","href":"https:\/\/api.w.org\/{rel}","templated":true}]}}

<p>ALLEINAUFTRAG</p>
<p>Sehr gemütliche 2-Zimmer-Wohnung mit Terrasse und Meerblick – 150m vom Port Calanova Sporthafen.</p>
<p>Die Wohnung befindet sich im 3. Stock einer sehr ruhigen Gemeinschaft im Viertel von Sant Agustí. Es ist sehr gemütlich eingerichtet und verfügt über eine bebaute Gesamtfläche von 82 qm, verteilt auf:</p>
<p>•   Sehr helles 23 qm großes Wohnzimmer mit Zugang zu einer 11 qm großen Terrasse mit Meerblick.<br />•   Unabhängige Küche, komplett möbliert und ausgestattet mit Kühlschrank, Backofen, Cerankochfeld und Mikrowelle.<br />•   Separate Waschküche/Speisekammer mit Waschmaschine/Trockner und Geschirrspüler.<br />•   2 Doppelzimmer (eines mit Einbauschrank)<br />•   Große Empfangshalle<br />•   Komplettes Badezimmer mit Dusche<br />•   Klimaanlage (warm/kalt) im Wohnzimmer und in den Schlafzimmern<br />•   Laminatboden (Fliesen in Bad &amp; Küche)<br />•   MÖBLIERT vermietet (Möglichkeit, bei Bedarf können einige Möbel entfernt werden)<br />•   Baujahr 1981<br />•   Vorinstallation für Glasfaser-Internet<br />•   Abstellraum<br />•   Parkplatz verfügbar (Zuschlag 100 EUR / Monat) <br />•   Optionales Alarmsystem (nicht im Mietpreis enthalten)<br />•   Südausrichtung<br />•   Haus mit Aufzug</p>
<p>Die Wohnung liegt an einer Geschäftsstraße mit einer Bushaltestelle vor dem Haus. Die Nachbarschaft verfügt über alle Dienstleistungen, Geschäfte und eine große Auswahl an Restaurants. Supermarkt und Fitnessstudio direkt nebenan. Der Port Calanova Yacht Club mit seinem Beachclub ist nur 150 m entfernt.</p>
<p>Die Miete beinhaltet Gemeinschaftsgebühren und Wasser. Strom und jährliche Müllgebühr nicht enthalten.<br />Bedingungen: 1 Monat Kaution + 1 Monat zusätzliche Garantie für Möbel + Elektrogeräte<br />Wir suchen nach Langzeitmietern (mindestens 1 Jahr) mit guten Referenzen und Garantien.</p>

<p>PALMA &#8211; SANT AGUSTÍ</p>

<!-- This site is optimized with the Yoast SEO plugin v26.9 - https://yoast.com/product/yoast-seo-wordpress/ -->
<title>AL-JHRE048 - 2-Zimmer-Wohnung mit Terrasse und Meerblick – 150m vom Port Calanova Sporthafen. | JH Real Estate Mallorca</title>
<meta name="robots" content="index, follow, max-snippet:-1, max-image-preview:large, max-video-preview:-1" />
<link rel="canonical" href="https://jhrealestate.es/de/immobilie/al-jhre048/" />
<meta property="og:locale" content="de_DE" />
<meta property="og:type" content="article" />
<meta property="og:title" content="AL-JHRE048 - 2-Zimmer-Wohnung mit Terrasse und Meerblick – 150m vom Port Calanova Sporthafen. | JH Real Estate Mallorca" />
<meta property="og:description" content="PALMA - SANT AGUSTÍ" />
<meta property="og:url" content="https://jhrealestate.es/de/immobilie/al-jhre048/" />
<meta property="og:site_name" content="JH Real Estate Mallorca" />
<meta property="article:publisher" content="https://www.facebook.com/jh.realestatemallorca" />
<meta property="article:modified_time" content="2025-01-27T22:36:40+00:00" />
<meta property="og:image" content="https://jhrealestate.es/wp-content/uploads/2023/11/AL-JHRE048-1-1024x576.jpg" />
<meta name="twitter:card" content="summary_large_image" />
<meta name="twitter:label1" content="Geschätzte Lesezeit" />
	<meta name="twitter:data1" content="1 Minute" />
<script type="application/ld+json" class="yoast-schema-graph">{"@context":"https://schema.org","@graph":[{"@type":["WebPage","RealEstateListing"],"@id":"https://jhrealestate.es/de/immobilie/al-jhre048/","url":"https://jhrealestate.es/de/immobilie/al-jhre048/","name":"AL-JHRE048 - 2-Zimmer-Wohnung mit Terrasse und Meerblick – 150m vom Port Calanova Sporthafen. | JH Real Estate Mallorca","isPartOf":{"@id":"https://jhrealestate.es/de/#website"},"primaryImageOfPage":{"@id":"https://jhrealestate.es/de/immobilie/al-jhre048/#primaryimage"},"image":{"@id":"https://jhrealestate.es/de/immobilie/al-jhre048/#primaryimage"},"thumbnailUrl":"https://jhrealestate.es/wp-content/uploads/2023/11/AL-JHRE048N-1-.jpg","datePublished":"2023-11-19T11:19:41+00:00","dateModified":"2025-01-27T22:36:40+00:00","breadcrumb":{"@id":"https://jhrealestate.es/de/immobilie/al-jhre048/#breadcrumb"},"inLanguage":"de","potentialAction":[{"@type":"ReadAction","target":["https://jhrealestate.es/de/immobilie/al-jhre048/"]}]},{"@type":"ImageObject","inLanguage":"de","@id":"https://jhrealestate.es/de/immobilie/al-jhre048/#primaryimage","url":"https://jhrealestate.es/wp-content/uploads/2023/11/AL-JHRE048N-1-.jpg","contentUrl":"https://jhrealestate.es/wp-content/uploads/2023/11/AL-JHRE048N-1-.jpg","width":1600,"height":900},{"@type":"BreadcrumbList","@id":"https://jhrealestate.es/de/immobilie/al-jhre048/#breadcrumb","itemListElement":[{"@type":"ListItem","position":1,"name":"Portada","item":"https://jhrealestate.es/de/"},{"@type":"ListItem","position":2,"name":"Immobilien","item":"https://jhrealestate.es/de/immobilie/"},{"@type":"ListItem","position":3,"name":"AL-JHRE048 &#8211; 2-Zimmer-Wohnung mit Terrasse und Meerblick – 150m vom Port Calanova Sporthafen."}]},{"@type":"WebSite","@id":"https://jhrealestate.es/de/#website","url":"https://jhrealestate.es/de/","name":"JH Real Estate Mallorca","description":"Real Estate en Mallorca","publisher":{"@id":"https://jhrealestate.es/de/#organization"},"potentialAction":[{"@type":"SearchAction","target":{"@type":"EntryPoint","urlTemplate":"https://jhrealestate.es/de/?s={search_term_string}"},"query-input":{"@type":"PropertyValueSpecification","valueRequired":true,"valueName":"search_term_string"}}],"inLanguage":"de"},{"@type":"Organization","@id":"https://jhrealestate.es/de/#organization","name":"JH Real Estate Mallorca","url":"https://jhrealestate.es/de/","logo":{"@type":"ImageObject","inLanguage":"de","@id":"https://jhrealestate.es/de/#/schema/logo/image/","url":"https://jhrealestate.es/wp-content/uploads/2021/11/Logo-JHRE.png","contentUrl":"https://jhrealestate.es/wp-content/uploads/2021/11/Logo-JHRE.png","width":252,"height":200,"caption":"JH Real Estate Mallorca"},"image":{"@id":"https://jhrealestate.es/de/#/schema/logo/image/"},"sameAs":["https://www.facebook.com/jh.realestatemallorca","https://www.instagram.com/jh.realestatemallorca","https://www.youtube.com/channel/UCwlku0kp0G8CPBZ61xelIHw","https://www.linkedin.com/in/joseheredia1973/"]}]}</script>
<!-- / Yoast SEO plugin. -->

PALMA - SANT AGUSTÍ
