{"id":5380,"date":"2022-11-11T14:50:49","date_gmt":"2022-11-11T13:50:49","guid":{"rendered":"https:\/\/jhrealestate.es\/propiedad\/al-jhre032\/"},"modified":"2023-07-24T18:05:51","modified_gmt":"2023-07-24T16:05:51","slug":"al-jhre032","status":"publish","type":"rem_property","link":"https:\/\/jhrealestate.es\/en\/property\/al-jhre032\/","title":{"rendered":"AL-JHRE032 &#8211; Ground floor with large terrace and garden in Cas Catal\u00e0 &#8211; 100m from the beach"},"content":{"rendered":"<p>GROUND FLOOR WITH LARGE TERRACE AND GARDEN IN CAS CATALA &#8211; CALVI\u00c0 \u2013 100m from the beach.<\/p>\n<p>The house is located in a very quiet and exclusive residential area, just 2 minutes from Cal\u00f3 des Macs beach with its popular Bugambilia restaurant. It has a total constructed area of 113 sqm distributed between<\/p>\n<p>\u2022\u00a0 \u00a0 Large bright living room with a living area of 28 sqm with access to the porch and the extensive garden.<br \/>\n\u2022\u00a0 \u00a0 3 double bedrooms with fitted wardrobes.<br \/>\n\u2022\u00a0 \u00a0 Independent annex room of about 18 m2 with A\/C that can be used as a 4th bedroom, office or playroom for children.<br \/>\n\u2022\u00a0 \u00a0 2 bathrooms (1 en suite)<br \/>\n\u2022\u00a0 \u00a0 Fully furnished &amp; equipped kitchen (washer &amp; dryer included) with access to the rear terrace<br \/>\n\u2022\u00a0 \u00a0 Air conditioning in living\/dining room and annex room<br \/>\n\u2022\u00a0 \u00a0 Heating system by gas radiators<br \/>\n\u2022\u00a0 \u00a0 Ceiling fans in bedrooms and living room<br \/>\n\u2022\u00a0 \u00a0 Outdoor shower<br \/>\n\u2022\u00a0 \u00a0 It is rented furnished, semi-furnished or unfurnished according to the needs of the tenant<br \/>\n\u2022\u00a0 \u00a0 Large garden with automatic watering system and natural grass<br \/>\n\u2022\u00a0 \u00a0 Pets Allowed<br \/>\n\u2022\u00a0 \u00a0 Outdoor and covered parking space included (easy parking on the street)<br \/>\n\u2022\u00a0 \u00a0 Orientation &#8211; East<br \/>\n\u2022\u00a0 \u00a0 Laminate flooring, tiles in bathrooms and kitchen<br \/>\n\u2022\u00a0 \u00a0 Aluminum windows with double glazing in all rooms<br \/>\n\u2022\u00a0 \u00a0 Large outdoor space with porch, terraces and garden of about 250 m2<br \/>\n\u2022\u00a0 \u00a0 White lacquered wood interior carpentry<br \/>\n\u2022\u00a0 \u00a0 Year of construction 1992<\/p>\n<p>In the outdoor area there is a large porch with electric awnings and a large outdoor terrace with a chill-out space. On the other side of the house you can enjoy an extensive natural grass garden with an access door to the community garden that will take you to the community pool.<\/p>\n<p>Community fees included in the rent. Water, gas, electricity and annual garbage fee paid by the tenant.<\/p>\n<p>In the surroundings you will find a wide range of services and shops, supermarkets, restaurants. A short distance from the Cala Nova marina. Bus stop at 100m.<\/p>\n<p>Looking for long-term tenants with good references and guarantees.<\/p>\n<p>Conditions: 1-month deposit + additional guarantee for the furniture (if rented furnished)<br \/>\nReal Estate Fees: 1 month + 21%<\/p>\n","protected":false},"excerpt":{"rendered":"<p>CAS CATAL\u00c0 &#8211; CALVI\u00c0<\/p>\n","protected":false},"author":3,"featured_media":5897,"parent":0,"menu_order":0,"template":"","rem_property_cat":[],"class_list":["post-5380","rem_property","type-rem_property","status-publish","has-post-thumbnail","hentry"],"yoast_head":"<!-- This site is optimized with the Yoast SEO plugin v26.9 - https:\/\/yoast.com\/product\/yoast-seo-wordpress\/ -->\n<title>AL-JHRE032 - Ground floor with large terrace and garden in Cas Catal\u00e0 - 100m from the beach | JH Real Estate Mallorca<\/title>\n<meta name=\"robots\" content=\"index, follow, max-snippet:-1, max-image-preview:large, max-video-preview:-1\" \/>\n<link rel=\"canonical\" href=\"https:\/\/jhrealestate.es\/en\/property\/al-jhre032\/\" \/>\n<meta property=\"og:locale\" content=\"en_US\" \/>\n<meta property=\"og:type\" content=\"article\" \/>\n<meta property=\"og:title\" content=\"AL-JHRE032 - Ground floor with large terrace and garden in Cas Catal\u00e0 - 100m from the beach | JH Real Estate Mallorca\" \/>\n<meta property=\"og:description\" content=\"CAS CATAL\u00c0 - CALVI\u00c0\" \/>\n<meta property=\"og:url\" content=\"https:\/\/jhrealestate.es\/en\/property\/al-jhre032\/\" \/>\n<meta property=\"og:site_name\" content=\"JH Real Estate Mallorca\" \/>\n<meta property=\"article:publisher\" content=\"https:\/\/www.facebook.com\/jh.realestatemallorca\" \/>\n<meta property=\"article:modified_time\" content=\"2023-07-24T16:05:51+00:00\" \/>\n<meta property=\"og:image\" content=\"https:\/\/jhrealestate.es\/wp-content\/uploads\/2022\/11\/AL-JHRE032-1-1024x576.jpg\" \/>\n<meta name=\"twitter:card\" content=\"summary_large_image\" \/>\n<meta name=\"twitter:label1\" content=\"Est. reading time\" \/>\n\t<meta name=\"twitter:data1\" content=\"2 minutes\" \/>\n<script type=\"application\/ld+json\" class=\"yoast-schema-graph\">{\"@context\":\"https:\/\/schema.org\",\"@graph\":[{\"@type\":[\"WebPage\",\"RealEstateListing\"],\"@id\":\"https:\/\/jhrealestate.es\/en\/property\/al-jhre032\/\",\"url\":\"https:\/\/jhrealestate.es\/en\/property\/al-jhre032\/\",\"name\":\"AL-JHRE032 - Ground floor with large terrace and garden in Cas Catal\u00e0 - 100m from the beach | JH Real Estate Mallorca\",\"isPartOf\":{\"@id\":\"https:\/\/jhrealestate.es\/en\/#website\"},\"primaryImageOfPage\":{\"@id\":\"https:\/\/jhrealestate.es\/en\/property\/al-jhre032\/#primaryimage\"},\"image\":{\"@id\":\"https:\/\/jhrealestate.es\/en\/property\/al-jhre032\/#primaryimage\"},\"thumbnailUrl\":\"https:\/\/jhrealestate.es\/wp-content\/uploads\/2022\/11\/AL-JHRE032-1-1.jpg\",\"datePublished\":\"2022-11-11T13:50:49+00:00\",\"dateModified\":\"2023-07-24T16:05:51+00:00\",\"breadcrumb\":{\"@id\":\"https:\/\/jhrealestate.es\/en\/property\/al-jhre032\/#breadcrumb\"},\"inLanguage\":\"en-US\",\"potentialAction\":[{\"@type\":\"ReadAction\",\"target\":[\"https:\/\/jhrealestate.es\/en\/property\/al-jhre032\/\"]}]},{\"@type\":\"ImageObject\",\"inLanguage\":\"en-US\",\"@id\":\"https:\/\/jhrealestate.es\/en\/property\/al-jhre032\/#primaryimage\",\"url\":\"https:\/\/jhrealestate.es\/wp-content\/uploads\/2022\/11\/AL-JHRE032-1-1.jpg\",\"contentUrl\":\"https:\/\/jhrealestate.es\/wp-content\/uploads\/2022\/11\/AL-JHRE032-1-1.jpg\",\"width\":1600,\"height\":900},{\"@type\":\"BreadcrumbList\",\"@id\":\"https:\/\/jhrealestate.es\/en\/property\/al-jhre032\/#breadcrumb\",\"itemListElement\":[{\"@type\":\"ListItem\",\"position\":1,\"name\":\"Portada\",\"item\":\"https:\/\/jhrealestate.es\/en\/\"},{\"@type\":\"ListItem\",\"position\":2,\"name\":\"Properties\",\"item\":\"https:\/\/jhrealestate.es\/en\/property\/\"},{\"@type\":\"ListItem\",\"position\":3,\"name\":\"AL-JHRE032 &#8211; Ground floor with large terrace and garden in Cas Catal\u00e0 &#8211; 100m from the beach\"}]},{\"@type\":\"WebSite\",\"@id\":\"https:\/\/jhrealestate.es\/en\/#website\",\"url\":\"https:\/\/jhrealestate.es\/en\/\",\"name\":\"JH Real Estate Mallorca\",\"description\":\"Real Estate en Mallorca\",\"publisher\":{\"@id\":\"https:\/\/jhrealestate.es\/en\/#organization\"},\"potentialAction\":[{\"@type\":\"SearchAction\",\"target\":{\"@type\":\"EntryPoint\",\"urlTemplate\":\"https:\/\/jhrealestate.es\/en\/?s={search_term_string}\"},\"query-input\":{\"@type\":\"PropertyValueSpecification\",\"valueRequired\":true,\"valueName\":\"search_term_string\"}}],\"inLanguage\":\"en-US\"},{\"@type\":\"Organization\",\"@id\":\"https:\/\/jhrealestate.es\/en\/#organization\",\"name\":\"JH Real Estate Mallorca\",\"url\":\"https:\/\/jhrealestate.es\/en\/\",\"logo\":{\"@type\":\"ImageObject\",\"inLanguage\":\"en-US\",\"@id\":\"https:\/\/jhrealestate.es\/en\/#\/schema\/logo\/image\/\",\"url\":\"https:\/\/jhrealestate.es\/wp-content\/uploads\/2021\/11\/Logo-JHRE.png\",\"contentUrl\":\"https:\/\/jhrealestate.es\/wp-content\/uploads\/2021\/11\/Logo-JHRE.png\",\"width\":252,\"height\":200,\"caption\":\"JH Real Estate Mallorca\"},\"image\":{\"@id\":\"https:\/\/jhrealestate.es\/en\/#\/schema\/logo\/image\/\"},\"sameAs\":[\"https:\/\/www.facebook.com\/jh.realestatemallorca\",\"https:\/\/www.instagram.com\/jh.realestatemallorca\",\"https:\/\/www.youtube.com\/channel\/UCwlku0kp0G8CPBZ61xelIHw\",\"https:\/\/www.linkedin.com\/in\/joseheredia1973\/\"]}]}<\/script>\n<!-- \/ Yoast SEO plugin. -->","yoast_head_json":{"title":"AL-JHRE032 - Ground floor with large terrace and garden in Cas Catal\u00e0 - 100m from the beach | JH Real Estate Mallorca","robots":{"index":"index","follow":"follow","max-snippet":"max-snippet:-1","max-image-preview":"max-image-preview:large","max-video-preview":"max-video-preview:-1"},"canonical":"https:\/\/jhrealestate.es\/en\/property\/al-jhre032\/","og_locale":"en_US","og_type":"article","og_title":"AL-JHRE032 - Ground floor with large terrace and garden in Cas Catal\u00e0 - 100m from the beach | JH Real Estate Mallorca","og_description":"CAS CATAL\u00c0 - CALVI\u00c0","og_url":"https:\/\/jhrealestate.es\/en\/property\/al-jhre032\/","og_site_name":"JH Real Estate Mallorca","article_publisher":"https:\/\/www.facebook.com\/jh.realestatemallorca","article_modified_time":"2023-07-24T16:05:51+00:00","og_image":[{"url":"https:\/\/jhrealestate.es\/wp-content\/uploads\/2022\/11\/AL-JHRE032-1-1024x576.jpg","type":"","width":"","height":""}],"twitter_card":"summary_large_image","twitter_misc":{"Est. reading time":"2 minutes"},"schema":{"@context":"https:\/\/schema.org","@graph":[{"@type":["WebPage","RealEstateListing"],"@id":"https:\/\/jhrealestate.es\/en\/property\/al-jhre032\/","url":"https:\/\/jhrealestate.es\/en\/property\/al-jhre032\/","name":"AL-JHRE032 - Ground floor with large terrace and garden in Cas Catal\u00e0 - 100m from the beach | JH Real Estate Mallorca","isPartOf":{"@id":"https:\/\/jhrealestate.es\/en\/#website"},"primaryImageOfPage":{"@id":"https:\/\/jhrealestate.es\/en\/property\/al-jhre032\/#primaryimage"},"image":{"@id":"https:\/\/jhrealestate.es\/en\/property\/al-jhre032\/#primaryimage"},"thumbnailUrl":"https:\/\/jhrealestate.es\/wp-content\/uploads\/2022\/11\/AL-JHRE032-1-1.jpg","datePublished":"2022-11-11T13:50:49+00:00","dateModified":"2023-07-24T16:05:51+00:00","breadcrumb":{"@id":"https:\/\/jhrealestate.es\/en\/property\/al-jhre032\/#breadcrumb"},"inLanguage":"en-US","potentialAction":[{"@type":"ReadAction","target":["https:\/\/jhrealestate.es\/en\/property\/al-jhre032\/"]}]},{"@type":"ImageObject","inLanguage":"en-US","@id":"https:\/\/jhrealestate.es\/en\/property\/al-jhre032\/#primaryimage","url":"https:\/\/jhrealestate.es\/wp-content\/uploads\/2022\/11\/AL-JHRE032-1-1.jpg","contentUrl":"https:\/\/jhrealestate.es\/wp-content\/uploads\/2022\/11\/AL-JHRE032-1-1.jpg","width":1600,"height":900},{"@type":"BreadcrumbList","@id":"https:\/\/jhrealestate.es\/en\/property\/al-jhre032\/#breadcrumb","itemListElement":[{"@type":"ListItem","position":1,"name":"Portada","item":"https:\/\/jhrealestate.es\/en\/"},{"@type":"ListItem","position":2,"name":"Properties","item":"https:\/\/jhrealestate.es\/en\/property\/"},{"@type":"ListItem","position":3,"name":"AL-JHRE032 &#8211; Ground floor with large terrace and garden in Cas Catal\u00e0 &#8211; 100m from the beach"}]},{"@type":"WebSite","@id":"https:\/\/jhrealestate.es\/en\/#website","url":"https:\/\/jhrealestate.es\/en\/","name":"JH Real Estate Mallorca","description":"Real Estate en Mallorca","publisher":{"@id":"https:\/\/jhrealestate.es\/en\/#organization"},"potentialAction":[{"@type":"SearchAction","target":{"@type":"EntryPoint","urlTemplate":"https:\/\/jhrealestate.es\/en\/?s={search_term_string}"},"query-input":{"@type":"PropertyValueSpecification","valueRequired":true,"valueName":"search_term_string"}}],"inLanguage":"en-US"},{"@type":"Organization","@id":"https:\/\/jhrealestate.es\/en\/#organization","name":"JH Real Estate Mallorca","url":"https:\/\/jhrealestate.es\/en\/","logo":{"@type":"ImageObject","inLanguage":"en-US","@id":"https:\/\/jhrealestate.es\/en\/#\/schema\/logo\/image\/","url":"https:\/\/jhrealestate.es\/wp-content\/uploads\/2021\/11\/Logo-JHRE.png","contentUrl":"https:\/\/jhrealestate.es\/wp-content\/uploads\/2021\/11\/Logo-JHRE.png","width":252,"height":200,"caption":"JH Real Estate Mallorca"},"image":{"@id":"https:\/\/jhrealestate.es\/en\/#\/schema\/logo\/image\/"},"sameAs":["https:\/\/www.facebook.com\/jh.realestatemallorca","https:\/\/www.instagram.com\/jh.realestatemallorca","https:\/\/www.youtube.com\/channel\/UCwlku0kp0G8CPBZ61xelIHw","https:\/\/www.linkedin.com\/in\/joseheredia1973\/"]}]}},"_links":{"self":[{"href":"https:\/\/jhrealestate.es\/en\/wp-json\/wp\/v2\/properties\/5380","targetHints":{"allow":["GET"]}}],"collection":[{"href":"https:\/\/jhrealestate.es\/en\/wp-json\/wp\/v2\/properties"}],"about":[{"href":"https:\/\/jhrealestate.es\/en\/wp-json\/wp\/v2\/types\/rem_property"}],"author":[{"embeddable":true,"href":"https:\/\/jhrealestate.es\/en\/wp-json\/wp\/v2\/users\/3"}],"wp:featuredmedia":[{"embeddable":true,"href":"https:\/\/jhrealestate.es\/en\/wp-json\/wp\/v2\/media\/5897"}],"wp:attachment":[{"href":"https:\/\/jhrealestate.es\/en\/wp-json\/wp\/v2\/media?parent=5380"}],"wp:term":[{"taxonomy":"rem_property_cat","embeddable":true,"href":"https:\/\/jhrealestate.es\/en\/wp-json\/wp\/v2\/rem_property_cat?post=5380"}],"curies":[{"name":"wp","href":"https:\/\/api.w.org\/{rel}","templated":true}]}}

AL-JHRE032 &#8211; Ground floor with large terrace and garden in Cas Català &#8211; 100m from the beach

<p>GROUND FLOOR WITH LARGE TERRACE AND GARDEN IN CAS CATALA &#8211; CALVIÀ – 100m from the beach.</p>
<p>The house is located in a very quiet and exclusive residential area, just 2 minutes from Caló des Macs beach with its popular Bugambilia restaurant. It has a total constructed area of 113 sqm distributed between</p>
<p>•    Large bright living room with a living area of 28 sqm with access to the porch and the extensive garden.<br />
•    3 double bedrooms with fitted wardrobes.<br />
•    Independent annex room of about 18 m2 with A/C that can be used as a 4th bedroom, office or playroom for children.<br />
•    2 bathrooms (1 en suite)<br />
•    Fully furnished &amp; equipped kitchen (washer &amp; dryer included) with access to the rear terrace<br />
•    Air conditioning in living/dining room and annex room<br />
•    Heating system by gas radiators<br />
•    Ceiling fans in bedrooms and living room<br />
•    Outdoor shower<br />
•    It is rented furnished, semi-furnished or unfurnished according to the needs of the tenant<br />
•    Large garden with automatic watering system and natural grass<br />
•    Pets Allowed<br />
•    Outdoor and covered parking space included (easy parking on the street)<br />
•    Orientation &#8211; East<br />
•    Laminate flooring, tiles in bathrooms and kitchen<br />
•    Aluminum windows with double glazing in all rooms<br />
•    Large outdoor space with porch, terraces and garden of about 250 m2<br />
•    White lacquered wood interior carpentry<br />
•    Year of construction 1992</p>
<p>In the outdoor area there is a large porch with electric awnings and a large outdoor terrace with a chill-out space. On the other side of the house you can enjoy an extensive natural grass garden with an access door to the community garden that will take you to the community pool.</p>
<p>Community fees included in the rent. Water, gas, electricity and annual garbage fee paid by the tenant.</p>
<p>In the surroundings you will find a wide range of services and shops, supermarkets, restaurants. A short distance from the Cala Nova marina. Bus stop at 100m.</p>
<p>Looking for long-term tenants with good references and guarantees.</p>
<p>Conditions: 1-month deposit + additional guarantee for the furniture (if rented furnished)<br />
Real Estate Fees: 1 month + 21%</p>

<p>CAS CATALÀ &#8211; CALVIÀ</p>

<!-- This site is optimized with the Yoast SEO plugin v26.9 - https://yoast.com/product/yoast-seo-wordpress/ -->
<title>AL-JHRE032 - Ground floor with large terrace and garden in Cas Català - 100m from the beach | JH Real Estate Mallorca</title>
<meta name="robots" content="index, follow, max-snippet:-1, max-image-preview:large, max-video-preview:-1" />
<link rel="canonical" href="https://jhrealestate.es/en/property/al-jhre032/" />
<meta property="og:locale" content="en_US" />
<meta property="og:type" content="article" />
<meta property="og:title" content="AL-JHRE032 - Ground floor with large terrace and garden in Cas Català - 100m from the beach | JH Real Estate Mallorca" />
<meta property="og:description" content="CAS CATALÀ - CALVIÀ" />
<meta property="og:url" content="https://jhrealestate.es/en/property/al-jhre032/" />
<meta property="og:site_name" content="JH Real Estate Mallorca" />
<meta property="article:publisher" content="https://www.facebook.com/jh.realestatemallorca" />
<meta property="article:modified_time" content="2023-07-24T16:05:51+00:00" />
<meta property="og:image" content="https://jhrealestate.es/wp-content/uploads/2022/11/AL-JHRE032-1-1024x576.jpg" />
<meta name="twitter:card" content="summary_large_image" />
<meta name="twitter:label1" content="Est. reading time" />
	<meta name="twitter:data1" content="2 minutes" />
<script type="application/ld+json" class="yoast-schema-graph">{"@context":"https://schema.org","@graph":[{"@type":["WebPage","RealEstateListing"],"@id":"https://jhrealestate.es/en/property/al-jhre032/","url":"https://jhrealestate.es/en/property/al-jhre032/","name":"AL-JHRE032 - Ground floor with large terrace and garden in Cas Català - 100m from the beach | JH Real Estate Mallorca","isPartOf":{"@id":"https://jhrealestate.es/en/#website"},"primaryImageOfPage":{"@id":"https://jhrealestate.es/en/property/al-jhre032/#primaryimage"},"image":{"@id":"https://jhrealestate.es/en/property/al-jhre032/#primaryimage"},"thumbnailUrl":"https://jhrealestate.es/wp-content/uploads/2022/11/AL-JHRE032-1-1.jpg","datePublished":"2022-11-11T13:50:49+00:00","dateModified":"2023-07-24T16:05:51+00:00","breadcrumb":{"@id":"https://jhrealestate.es/en/property/al-jhre032/#breadcrumb"},"inLanguage":"en-US","potentialAction":[{"@type":"ReadAction","target":["https://jhrealestate.es/en/property/al-jhre032/"]}]},{"@type":"ImageObject","inLanguage":"en-US","@id":"https://jhrealestate.es/en/property/al-jhre032/#primaryimage","url":"https://jhrealestate.es/wp-content/uploads/2022/11/AL-JHRE032-1-1.jpg","contentUrl":"https://jhrealestate.es/wp-content/uploads/2022/11/AL-JHRE032-1-1.jpg","width":1600,"height":900},{"@type":"BreadcrumbList","@id":"https://jhrealestate.es/en/property/al-jhre032/#breadcrumb","itemListElement":[{"@type":"ListItem","position":1,"name":"Portada","item":"https://jhrealestate.es/en/"},{"@type":"ListItem","position":2,"name":"Properties","item":"https://jhrealestate.es/en/property/"},{"@type":"ListItem","position":3,"name":"AL-JHRE032 &#8211; Ground floor with large terrace and garden in Cas Català &#8211; 100m from the beach"}]},{"@type":"WebSite","@id":"https://jhrealestate.es/en/#website","url":"https://jhrealestate.es/en/","name":"JH Real Estate Mallorca","description":"Real Estate en Mallorca","publisher":{"@id":"https://jhrealestate.es/en/#organization"},"potentialAction":[{"@type":"SearchAction","target":{"@type":"EntryPoint","urlTemplate":"https://jhrealestate.es/en/?s={search_term_string}"},"query-input":{"@type":"PropertyValueSpecification","valueRequired":true,"valueName":"search_term_string"}}],"inLanguage":"en-US"},{"@type":"Organization","@id":"https://jhrealestate.es/en/#organization","name":"JH Real Estate Mallorca","url":"https://jhrealestate.es/en/","logo":{"@type":"ImageObject","inLanguage":"en-US","@id":"https://jhrealestate.es/en/#/schema/logo/image/","url":"https://jhrealestate.es/wp-content/uploads/2021/11/Logo-JHRE.png","contentUrl":"https://jhrealestate.es/wp-content/uploads/2021/11/Logo-JHRE.png","width":252,"height":200,"caption":"JH Real Estate Mallorca"},"image":{"@id":"https://jhrealestate.es/en/#/schema/logo/image/"},"sameAs":["https://www.facebook.com/jh.realestatemallorca","https://www.instagram.com/jh.realestatemallorca","https://www.youtube.com/channel/UCwlku0kp0G8CPBZ61xelIHw","https://www.linkedin.com/in/joseheredia1973/"]}]}</script>
<!-- / Yoast SEO plugin. -->

AL-JHRE032 - Ground floor with large terrace and garden in Cas Català - 100m from the beach | JH Real Estate Mallorca

CAS CATALÀ - CALVIÀ
