{"id":10672,"date":"2014-03-20T19:36:32","date_gmt":"2014-03-20T18:36:32","guid":{"rendered":"https:\/\/jhrealestate.es\/propiedad\/ve-jhre044\/"},"modified":"2024-03-20T19:36:32","modified_gmt":"2024-03-20T18:36:32","slug":"ve-jhre044","status":"publish","type":"rem_property","link":"https:\/\/jhrealestate.es\/fr\/propriete\/ve-jhre044\/","title":{"rendered":"VE-JHRE044 &#8211; Rez-de-chauss\u00e9e d&rsquo;une chambre avec grande terrasse \u00e0 c\u00f4t\u00e9 du terrain de golf de Bendinat."},"content":{"rendered":"<p>\u00c0 vendre : Appartement \u00e9l\u00e9gant dans le complexe r\u00e9sidentiel Bendinat Golf, \u00e0 c\u00f4t\u00e9 du terrain de golf de Bendinat. <\/p>\n<p>L&rsquo;appartement est situ\u00e9 au rez-de-chauss\u00e9e du b\u00e2timent et a une surface construite de 65 m2 avec un grand espace ext\u00e9rieur avec porche et une grande terrasse d\u00e9couverte avec acc\u00e8s direct au terrain de golf. <\/p>\n<p>L&rsquo;appartement comprend :<br \/>&#8211; Salon\/salle \u00e0 manger avec chemin\u00e9e et acc\u00e8s \u00e0 la terrasse ext\u00e9rieure avec porche<br \/>&#8211; Grande chambre double avec placard encastr\u00e9 et acc\u00e8s \u00e0 une terrasse arri\u00e8re.<br \/>&#8211; Cuisine semi-ouverte enti\u00e8rement meubl\u00e9e et \u00e9quip\u00e9e. Possibilit\u00e9 d&rsquo;ouvrir compl\u00e8tement la cuisine et de l\u2019unir au salon\/salle \u00e0 manger<br \/>&#8211; Salle de bain compl\u00e8te avec douche<br \/>&#8211; Buanderie avec chaudi\u00e8re et espace de stockage<br \/>&#8211; Chauffage par radiateurs \u00e0 gaz<br \/>&#8211; Double vitrage<br \/>&#8211; Volets \u00e9lectriques<br \/>&#8211; 1 place de parking ext\u00e9rieure<br \/>&#8211; Immeuble avec ascenseur<\/p>\n<p>Le complexe r\u00e9sidentiel Bendinat Golf est tr\u00e8s exclusif et dispose de 2 piscines (une ext\u00e9rieure et une int\u00e9rieure\/ext\u00e9rieure chauff\u00e9e), d&rsquo;une salle de sport, ainsi que d&rsquo;un sauna et de vestiaires. Grands espaces verts et acc\u00e8s direct au terrain de golf de Bendinat.<\/p>\n<p>L&rsquo;urbanisation est situ\u00e9e entre Cas Catal\u00e0 et Bendinat, deux zones r\u00e9sidentielles tr\u00e8s pris\u00e9es pour leur exclusivit\u00e9 et leur proximit\u00e9 aux zones de loisirs de prestige telles que la marina de Puerto Portals avec son offre commerciale et gastronomique. Le centre de Palma est \u00e0 10 minutes en voiture, l&rsquo;a\u00e9roport de Palma \u00e0 maximum 20 minutes.<\/p>\n<p>MENTION L\u00c9GALE : Les informations fournies ont \u00e9t\u00e9 pr\u00e9sent\u00e9es avec toute la pr\u00e9cision possible. Cependant, JH Real Estate Mallorca d\u00e9cline toute responsabilit\u00e9 quant \u00e0 leur exactitude ou \u00e0 d&rsquo;\u00e9ventuelles omissions, et cela ne constitue donc pas un document contractuel. L\u2019agence n&rsquo;est pas non plus responsable de l&rsquo;utilisation que des tiers pourraient faire des informations contenues ici.<\/p>\n<p>Le prix n&rsquo;inclut pas les meubles, les taxes et les frais de transmission.<\/p>\n","protected":false},"excerpt":{"rendered":"<p>CALVI\u00c0 &#8211; BENDINAT<\/p>\n","protected":false},"author":3,"featured_media":10588,"parent":0,"menu_order":0,"template":"","rem_property_cat":[],"class_list":["post-10672","rem_property","type-rem_property","status-publish","has-post-thumbnail","hentry"],"yoast_head":"<!-- This site is optimized with the Yoast SEO plugin v26.9 - https:\/\/yoast.com\/product\/yoast-seo-wordpress\/ -->\n<title>VE-JHRE044 - Rez-de-chauss\u00e9e d&#039;une chambre avec grande terrasse \u00e0 c\u00f4t\u00e9 du terrain de golf de Bendinat. | JH Real Estate Mallorca<\/title>\n<meta name=\"robots\" content=\"index, follow, max-snippet:-1, max-image-preview:large, max-video-preview:-1\" \/>\n<link rel=\"canonical\" href=\"https:\/\/jhrealestate.es\/fr\/propriete\/ve-jhre044\/\" \/>\n<meta property=\"og:locale\" content=\"fr_FR\" \/>\n<meta property=\"og:type\" content=\"article\" \/>\n<meta property=\"og:title\" content=\"VE-JHRE044 - Rez-de-chauss\u00e9e d&#039;une chambre avec grande terrasse \u00e0 c\u00f4t\u00e9 du terrain de golf de Bendinat. | JH Real Estate Mallorca\" \/>\n<meta property=\"og:description\" content=\"CALVI\u00c0 - BENDINAT\" \/>\n<meta property=\"og:url\" content=\"https:\/\/jhrealestate.es\/fr\/propriete\/ve-jhre044\/\" \/>\n<meta property=\"og:site_name\" content=\"JH Real Estate Mallorca\" \/>\n<meta property=\"article:publisher\" content=\"https:\/\/www.facebook.com\/jh.realestatemallorca\" \/>\n<meta property=\"article:modified_time\" content=\"2024-03-20T18:36:32+00:00\" \/>\n<meta property=\"og:image\" content=\"https:\/\/jhrealestate.es\/wp-content\/uploads\/2024\/03\/VE-JHRE044-1-1024x576.jpg\" \/>\n<meta name=\"twitter:card\" content=\"summary_large_image\" \/>\n<meta name=\"twitter:label1\" content=\"Dur\u00e9e de lecture estim\u00e9e\" \/>\n\t<meta name=\"twitter:data1\" content=\"2 minutes\" \/>\n<script type=\"application\/ld+json\" class=\"yoast-schema-graph\">{\"@context\":\"https:\/\/schema.org\",\"@graph\":[{\"@type\":[\"WebPage\",\"RealEstateListing\"],\"@id\":\"https:\/\/jhrealestate.es\/fr\/propriete\/ve-jhre044\/\",\"url\":\"https:\/\/jhrealestate.es\/fr\/propriete\/ve-jhre044\/\",\"name\":\"VE-JHRE044 - Rez-de-chauss\u00e9e d'une chambre avec grande terrasse \u00e0 c\u00f4t\u00e9 du terrain de golf de Bendinat. | JH Real Estate Mallorca\",\"isPartOf\":{\"@id\":\"https:\/\/jhrealestate.es\/fr\/#website\"},\"primaryImageOfPage\":{\"@id\":\"https:\/\/jhrealestate.es\/fr\/propriete\/ve-jhre044\/#primaryimage\"},\"image\":{\"@id\":\"https:\/\/jhrealestate.es\/fr\/propriete\/ve-jhre044\/#primaryimage\"},\"thumbnailUrl\":\"https:\/\/jhrealestate.es\/wp-content\/uploads\/2024\/03\/VE-JHRE044-1.jpg\",\"datePublished\":\"2014-03-20T18:36:32+00:00\",\"dateModified\":\"2024-03-20T18:36:32+00:00\",\"breadcrumb\":{\"@id\":\"https:\/\/jhrealestate.es\/fr\/propriete\/ve-jhre044\/#breadcrumb\"},\"inLanguage\":\"fr-FR\",\"potentialAction\":[{\"@type\":\"ReadAction\",\"target\":[\"https:\/\/jhrealestate.es\/fr\/propriete\/ve-jhre044\/\"]}]},{\"@type\":\"ImageObject\",\"inLanguage\":\"fr-FR\",\"@id\":\"https:\/\/jhrealestate.es\/fr\/propriete\/ve-jhre044\/#primaryimage\",\"url\":\"https:\/\/jhrealestate.es\/wp-content\/uploads\/2024\/03\/VE-JHRE044-1.jpg\",\"contentUrl\":\"https:\/\/jhrealestate.es\/wp-content\/uploads\/2024\/03\/VE-JHRE044-1.jpg\",\"width\":1875,\"height\":1055},{\"@type\":\"BreadcrumbList\",\"@id\":\"https:\/\/jhrealestate.es\/fr\/propriete\/ve-jhre044\/#breadcrumb\",\"itemListElement\":[{\"@type\":\"ListItem\",\"position\":1,\"name\":\"Portada\",\"item\":\"https:\/\/jhrealestate.es\/fr\/\"},{\"@type\":\"ListItem\",\"position\":2,\"name\":\"Propri\u00e9t\u00e9s\",\"item\":\"https:\/\/jhrealestate.es\/fr\/propriete\/\"},{\"@type\":\"ListItem\",\"position\":3,\"name\":\"VE-JHRE044 &#8211; Rez-de-chauss\u00e9e d&rsquo;une chambre avec grande terrasse \u00e0 c\u00f4t\u00e9 du terrain de golf de Bendinat.\"}]},{\"@type\":\"WebSite\",\"@id\":\"https:\/\/jhrealestate.es\/fr\/#website\",\"url\":\"https:\/\/jhrealestate.es\/fr\/\",\"name\":\"JH Real Estate Mallorca\",\"description\":\"Real Estate en Mallorca\",\"publisher\":{\"@id\":\"https:\/\/jhrealestate.es\/fr\/#organization\"},\"potentialAction\":[{\"@type\":\"SearchAction\",\"target\":{\"@type\":\"EntryPoint\",\"urlTemplate\":\"https:\/\/jhrealestate.es\/fr\/?s={search_term_string}\"},\"query-input\":{\"@type\":\"PropertyValueSpecification\",\"valueRequired\":true,\"valueName\":\"search_term_string\"}}],\"inLanguage\":\"fr-FR\"},{\"@type\":\"Organization\",\"@id\":\"https:\/\/jhrealestate.es\/fr\/#organization\",\"name\":\"JH Real Estate Mallorca\",\"url\":\"https:\/\/jhrealestate.es\/fr\/\",\"logo\":{\"@type\":\"ImageObject\",\"inLanguage\":\"fr-FR\",\"@id\":\"https:\/\/jhrealestate.es\/fr\/#\/schema\/logo\/image\/\",\"url\":\"https:\/\/jhrealestate.es\/wp-content\/uploads\/2021\/11\/Logo-JHRE.png\",\"contentUrl\":\"https:\/\/jhrealestate.es\/wp-content\/uploads\/2021\/11\/Logo-JHRE.png\",\"width\":252,\"height\":200,\"caption\":\"JH Real Estate Mallorca\"},\"image\":{\"@id\":\"https:\/\/jhrealestate.es\/fr\/#\/schema\/logo\/image\/\"},\"sameAs\":[\"https:\/\/www.facebook.com\/jh.realestatemallorca\",\"https:\/\/www.instagram.com\/jh.realestatemallorca\",\"https:\/\/www.youtube.com\/channel\/UCwlku0kp0G8CPBZ61xelIHw\",\"https:\/\/www.linkedin.com\/in\/joseheredia1973\/\"]}]}<\/script>\n<!-- \/ Yoast SEO plugin. -->","yoast_head_json":{"title":"VE-JHRE044 - Rez-de-chauss\u00e9e d'une chambre avec grande terrasse \u00e0 c\u00f4t\u00e9 du terrain de golf de Bendinat. | JH Real Estate Mallorca","robots":{"index":"index","follow":"follow","max-snippet":"max-snippet:-1","max-image-preview":"max-image-preview:large","max-video-preview":"max-video-preview:-1"},"canonical":"https:\/\/jhrealestate.es\/fr\/propriete\/ve-jhre044\/","og_locale":"fr_FR","og_type":"article","og_title":"VE-JHRE044 - Rez-de-chauss\u00e9e d'une chambre avec grande terrasse \u00e0 c\u00f4t\u00e9 du terrain de golf de Bendinat. | JH Real Estate Mallorca","og_description":"CALVI\u00c0 - BENDINAT","og_url":"https:\/\/jhrealestate.es\/fr\/propriete\/ve-jhre044\/","og_site_name":"JH Real Estate Mallorca","article_publisher":"https:\/\/www.facebook.com\/jh.realestatemallorca","article_modified_time":"2024-03-20T18:36:32+00:00","og_image":[{"url":"https:\/\/jhrealestate.es\/wp-content\/uploads\/2024\/03\/VE-JHRE044-1-1024x576.jpg","type":"","width":"","height":""}],"twitter_card":"summary_large_image","twitter_misc":{"Dur\u00e9e de lecture estim\u00e9e":"2 minutes"},"schema":{"@context":"https:\/\/schema.org","@graph":[{"@type":["WebPage","RealEstateListing"],"@id":"https:\/\/jhrealestate.es\/fr\/propriete\/ve-jhre044\/","url":"https:\/\/jhrealestate.es\/fr\/propriete\/ve-jhre044\/","name":"VE-JHRE044 - Rez-de-chauss\u00e9e d'une chambre avec grande terrasse \u00e0 c\u00f4t\u00e9 du terrain de golf de Bendinat. | JH Real Estate Mallorca","isPartOf":{"@id":"https:\/\/jhrealestate.es\/fr\/#website"},"primaryImageOfPage":{"@id":"https:\/\/jhrealestate.es\/fr\/propriete\/ve-jhre044\/#primaryimage"},"image":{"@id":"https:\/\/jhrealestate.es\/fr\/propriete\/ve-jhre044\/#primaryimage"},"thumbnailUrl":"https:\/\/jhrealestate.es\/wp-content\/uploads\/2024\/03\/VE-JHRE044-1.jpg","datePublished":"2014-03-20T18:36:32+00:00","dateModified":"2024-03-20T18:36:32+00:00","breadcrumb":{"@id":"https:\/\/jhrealestate.es\/fr\/propriete\/ve-jhre044\/#breadcrumb"},"inLanguage":"fr-FR","potentialAction":[{"@type":"ReadAction","target":["https:\/\/jhrealestate.es\/fr\/propriete\/ve-jhre044\/"]}]},{"@type":"ImageObject","inLanguage":"fr-FR","@id":"https:\/\/jhrealestate.es\/fr\/propriete\/ve-jhre044\/#primaryimage","url":"https:\/\/jhrealestate.es\/wp-content\/uploads\/2024\/03\/VE-JHRE044-1.jpg","contentUrl":"https:\/\/jhrealestate.es\/wp-content\/uploads\/2024\/03\/VE-JHRE044-1.jpg","width":1875,"height":1055},{"@type":"BreadcrumbList","@id":"https:\/\/jhrealestate.es\/fr\/propriete\/ve-jhre044\/#breadcrumb","itemListElement":[{"@type":"ListItem","position":1,"name":"Portada","item":"https:\/\/jhrealestate.es\/fr\/"},{"@type":"ListItem","position":2,"name":"Propri\u00e9t\u00e9s","item":"https:\/\/jhrealestate.es\/fr\/propriete\/"},{"@type":"ListItem","position":3,"name":"VE-JHRE044 &#8211; Rez-de-chauss\u00e9e d&rsquo;une chambre avec grande terrasse \u00e0 c\u00f4t\u00e9 du terrain de golf de Bendinat."}]},{"@type":"WebSite","@id":"https:\/\/jhrealestate.es\/fr\/#website","url":"https:\/\/jhrealestate.es\/fr\/","name":"JH Real Estate Mallorca","description":"Real Estate en Mallorca","publisher":{"@id":"https:\/\/jhrealestate.es\/fr\/#organization"},"potentialAction":[{"@type":"SearchAction","target":{"@type":"EntryPoint","urlTemplate":"https:\/\/jhrealestate.es\/fr\/?s={search_term_string}"},"query-input":{"@type":"PropertyValueSpecification","valueRequired":true,"valueName":"search_term_string"}}],"inLanguage":"fr-FR"},{"@type":"Organization","@id":"https:\/\/jhrealestate.es\/fr\/#organization","name":"JH Real Estate Mallorca","url":"https:\/\/jhrealestate.es\/fr\/","logo":{"@type":"ImageObject","inLanguage":"fr-FR","@id":"https:\/\/jhrealestate.es\/fr\/#\/schema\/logo\/image\/","url":"https:\/\/jhrealestate.es\/wp-content\/uploads\/2021\/11\/Logo-JHRE.png","contentUrl":"https:\/\/jhrealestate.es\/wp-content\/uploads\/2021\/11\/Logo-JHRE.png","width":252,"height":200,"caption":"JH Real Estate Mallorca"},"image":{"@id":"https:\/\/jhrealestate.es\/fr\/#\/schema\/logo\/image\/"},"sameAs":["https:\/\/www.facebook.com\/jh.realestatemallorca","https:\/\/www.instagram.com\/jh.realestatemallorca","https:\/\/www.youtube.com\/channel\/UCwlku0kp0G8CPBZ61xelIHw","https:\/\/www.linkedin.com\/in\/joseheredia1973\/"]}]}},"_links":{"self":[{"href":"https:\/\/jhrealestate.es\/fr\/wp-json\/wp\/v2\/properties\/10672","targetHints":{"allow":["GET"]}}],"collection":[{"href":"https:\/\/jhrealestate.es\/fr\/wp-json\/wp\/v2\/properties"}],"about":[{"href":"https:\/\/jhrealestate.es\/fr\/wp-json\/wp\/v2\/types\/rem_property"}],"author":[{"embeddable":true,"href":"https:\/\/jhrealestate.es\/fr\/wp-json\/wp\/v2\/users\/3"}],"wp:featuredmedia":[{"embeddable":true,"href":"https:\/\/jhrealestate.es\/fr\/wp-json\/wp\/v2\/media\/10588"}],"wp:attachment":[{"href":"https:\/\/jhrealestate.es\/fr\/wp-json\/wp\/v2\/media?parent=10672"}],"wp:term":[{"taxonomy":"rem_property_cat","embeddable":true,"href":"https:\/\/jhrealestate.es\/fr\/wp-json\/wp\/v2\/rem_property_cat?post=10672"}],"curies":[{"name":"wp","href":"https:\/\/api.w.org\/{rel}","templated":true}]}}

VE-JHRE044 &#8211; Rez-de-chaussée d&rsquo;une chambre avec grande terrasse à côté du terrain de golf de Bendinat.

<p>À vendre : Appartement élégant dans le complexe résidentiel Bendinat Golf, à côté du terrain de golf de Bendinat. </p>
<p>L&rsquo;appartement est situé au rez-de-chaussée du bâtiment et a une surface construite de 65 m2 avec un grand espace extérieur avec porche et une grande terrasse découverte avec accès direct au terrain de golf. </p>
<p>L&rsquo;appartement comprend :<br />&#8211; Salon/salle à manger avec cheminée et accès à la terrasse extérieure avec porche<br />&#8211; Grande chambre double avec placard encastré et accès à une terrasse arrière.<br />&#8211; Cuisine semi-ouverte entièrement meublée et équipée. Possibilité d&rsquo;ouvrir complètement la cuisine et de l’unir au salon/salle à manger<br />&#8211; Salle de bain complète avec douche<br />&#8211; Buanderie avec chaudière et espace de stockage<br />&#8211; Chauffage par radiateurs à gaz<br />&#8211; Double vitrage<br />&#8211; Volets électriques<br />&#8211; 1 place de parking extérieure<br />&#8211; Immeuble avec ascenseur</p>
<p>Le complexe résidentiel Bendinat Golf est très exclusif et dispose de 2 piscines (une extérieure et une intérieure/extérieure chauffée), d&rsquo;une salle de sport, ainsi que d&rsquo;un sauna et de vestiaires. Grands espaces verts et accès direct au terrain de golf de Bendinat.</p>
<p>L&rsquo;urbanisation est située entre Cas Català et Bendinat, deux zones résidentielles très prisées pour leur exclusivité et leur proximité aux zones de loisirs de prestige telles que la marina de Puerto Portals avec son offre commerciale et gastronomique. Le centre de Palma est à 10 minutes en voiture, l&rsquo;aéroport de Palma à maximum 20 minutes.</p>
<p>MENTION LÉGALE : Les informations fournies ont été présentées avec toute la précision possible. Cependant, JH Real Estate Mallorca décline toute responsabilité quant à leur exactitude ou à d&rsquo;éventuelles omissions, et cela ne constitue donc pas un document contractuel. L’agence n&rsquo;est pas non plus responsable de l&rsquo;utilisation que des tiers pourraient faire des informations contenues ici.</p>
<p>Le prix n&rsquo;inclut pas les meubles, les taxes et les frais de transmission.</p>

<p>CALVIÀ &#8211; BENDINAT</p>

<!-- This site is optimized with the Yoast SEO plugin v26.9 - https://yoast.com/product/yoast-seo-wordpress/ -->
<title>VE-JHRE044 - Rez-de-chaussée d&#039;une chambre avec grande terrasse à côté du terrain de golf de Bendinat. | JH Real Estate Mallorca</title>
<meta name="robots" content="index, follow, max-snippet:-1, max-image-preview:large, max-video-preview:-1" />
<link rel="canonical" href="https://jhrealestate.es/fr/propriete/ve-jhre044/" />
<meta property="og:locale" content="fr_FR" />
<meta property="og:type" content="article" />
<meta property="og:title" content="VE-JHRE044 - Rez-de-chaussée d&#039;une chambre avec grande terrasse à côté du terrain de golf de Bendinat. | JH Real Estate Mallorca" />
<meta property="og:description" content="CALVIÀ - BENDINAT" />
<meta property="og:url" content="https://jhrealestate.es/fr/propriete/ve-jhre044/" />
<meta property="og:site_name" content="JH Real Estate Mallorca" />
<meta property="article:publisher" content="https://www.facebook.com/jh.realestatemallorca" />
<meta property="article:modified_time" content="2024-03-20T18:36:32+00:00" />
<meta property="og:image" content="https://jhrealestate.es/wp-content/uploads/2024/03/VE-JHRE044-1-1024x576.jpg" />
<meta name="twitter:card" content="summary_large_image" />
<meta name="twitter:label1" content="Durée de lecture estimée" />
	<meta name="twitter:data1" content="2 minutes" />
<script type="application/ld+json" class="yoast-schema-graph">{"@context":"https://schema.org","@graph":[{"@type":["WebPage","RealEstateListing"],"@id":"https://jhrealestate.es/fr/propriete/ve-jhre044/","url":"https://jhrealestate.es/fr/propriete/ve-jhre044/","name":"VE-JHRE044 - Rez-de-chaussée d'une chambre avec grande terrasse à côté du terrain de golf de Bendinat. | JH Real Estate Mallorca","isPartOf":{"@id":"https://jhrealestate.es/fr/#website"},"primaryImageOfPage":{"@id":"https://jhrealestate.es/fr/propriete/ve-jhre044/#primaryimage"},"image":{"@id":"https://jhrealestate.es/fr/propriete/ve-jhre044/#primaryimage"},"thumbnailUrl":"https://jhrealestate.es/wp-content/uploads/2024/03/VE-JHRE044-1.jpg","datePublished":"2014-03-20T18:36:32+00:00","dateModified":"2024-03-20T18:36:32+00:00","breadcrumb":{"@id":"https://jhrealestate.es/fr/propriete/ve-jhre044/#breadcrumb"},"inLanguage":"fr-FR","potentialAction":[{"@type":"ReadAction","target":["https://jhrealestate.es/fr/propriete/ve-jhre044/"]}]},{"@type":"ImageObject","inLanguage":"fr-FR","@id":"https://jhrealestate.es/fr/propriete/ve-jhre044/#primaryimage","url":"https://jhrealestate.es/wp-content/uploads/2024/03/VE-JHRE044-1.jpg","contentUrl":"https://jhrealestate.es/wp-content/uploads/2024/03/VE-JHRE044-1.jpg","width":1875,"height":1055},{"@type":"BreadcrumbList","@id":"https://jhrealestate.es/fr/propriete/ve-jhre044/#breadcrumb","itemListElement":[{"@type":"ListItem","position":1,"name":"Portada","item":"https://jhrealestate.es/fr/"},{"@type":"ListItem","position":2,"name":"Propriétés","item":"https://jhrealestate.es/fr/propriete/"},{"@type":"ListItem","position":3,"name":"VE-JHRE044 &#8211; Rez-de-chaussée d&rsquo;une chambre avec grande terrasse à côté du terrain de golf de Bendinat."}]},{"@type":"WebSite","@id":"https://jhrealestate.es/fr/#website","url":"https://jhrealestate.es/fr/","name":"JH Real Estate Mallorca","description":"Real Estate en Mallorca","publisher":{"@id":"https://jhrealestate.es/fr/#organization"},"potentialAction":[{"@type":"SearchAction","target":{"@type":"EntryPoint","urlTemplate":"https://jhrealestate.es/fr/?s={search_term_string}"},"query-input":{"@type":"PropertyValueSpecification","valueRequired":true,"valueName":"search_term_string"}}],"inLanguage":"fr-FR"},{"@type":"Organization","@id":"https://jhrealestate.es/fr/#organization","name":"JH Real Estate Mallorca","url":"https://jhrealestate.es/fr/","logo":{"@type":"ImageObject","inLanguage":"fr-FR","@id":"https://jhrealestate.es/fr/#/schema/logo/image/","url":"https://jhrealestate.es/wp-content/uploads/2021/11/Logo-JHRE.png","contentUrl":"https://jhrealestate.es/wp-content/uploads/2021/11/Logo-JHRE.png","width":252,"height":200,"caption":"JH Real Estate Mallorca"},"image":{"@id":"https://jhrealestate.es/fr/#/schema/logo/image/"},"sameAs":["https://www.facebook.com/jh.realestatemallorca","https://www.instagram.com/jh.realestatemallorca","https://www.youtube.com/channel/UCwlku0kp0G8CPBZ61xelIHw","https://www.linkedin.com/in/joseheredia1973/"]}]}</script>
<!-- / Yoast SEO plugin. -->

VE-JHRE044 - Rez-de-chaussée d'une chambre avec grande terrasse à côté du terrain de golf de Bendinat. | JH Real Estate Mallorca

CALVIÀ - BENDINAT

Propriétés
