{"id":12351,"date":"2024-11-12T14:35:04","date_gmt":"2024-11-12T13:35:04","guid":{"rendered":"https:\/\/jhrealestate.es\/propiedad\/al-jhre055\/"},"modified":"2025-01-06T11:49:50","modified_gmt":"2025-01-06T10:49:50","slug":"al-jhre055","status":"publish","type":"rem_property","link":"https:\/\/jhrealestate.es\/fr\/propriete\/al-jhre055\/","title":{"rendered":"AL-JHRE055 &#8211; Splendide appartement meubl\u00e9 de construction r\u00e9cente, avec 2 chambres, terrasse et parking"},"content":{"rendered":"<p>Splendide appartement meubl\u00e9 de construction r\u00e9cente, avec 2 chambres, 2 salles de bain, terrasse ext\u00e9rieure et parking dans le nouveau quartier de S\u2019Olivera.<\/p>\n<p>L&rsquo;appartement est situ\u00e9 au 3\u00e8me \u00e9tage d&rsquo;un complexe r\u00e9sidentiel. La r\u00e9sidence dispose d&rsquo;une salle de sport et d&rsquo;une piscine commune au centre, entour\u00e9e d&rsquo;un espace vert et d&rsquo;une grande terrasse.<\/p>\n<p>Le logement a une superficie construite de 81 m\u00b2, r\u00e9partie comme suit :<\/p>\n<p>.\u00a0 \u00a0Salon\/Salle \u00e0 manger : Enti\u00e8rement \u00e9quip\u00e9 avec acc\u00e8s \u00e0 une terrasse couverte d&rsquo;environ 5 m\u00b2.<br \/>.\u00a0 \u00a02 Chambres Doubles Ext\u00e9rieures avec armoires encastr\u00e9es.<br \/>.\u00a0 \u00a02 Salles de Bain Compl\u00e8tes (Une en suite avec douche, et l&rsquo;autre avec baignoire).<br \/>.\u00a0 \u00a0Cuisine Ouverte, Moderne et Enti\u00e8rement \u00c9quip\u00e9e avec r\u00e9frig\u00e9rateur, four, micro-ondes, plaque vitroc\u00e9ramique, lave-vaisselle, syst\u00e8me d&rsquo;osmose et cave \u00e0 vin.<br \/>.\u00a0 \u00a0Buanderie avec machine \u00e0 laver.<br \/>.\u00a0 \u00a0Parquet stratifi\u00e9 dans le salon, la cuisine, les chambres et les couloirs ; carrelage c\u00e9ramique dans les salles de bain.<br \/>.\u00a0 \u00a0Climatisation (chaud\/froid) par conduits.<br \/>.\u00a0 \u00a0Fen\u00eatres en aluminium avec double vitrage et volets en aluminium laqu\u00e9.<br \/>.\u00a0 \u00a0Pr\u00e9-installation de Fibre Optique pour Internet<br \/>.\u00a0 \u00a0Chauffage par radiateurs (gaz de ville).<br \/>.\u00a0 \u00a0Place de Parking Souterrain<br \/>.\u00a0 \u00a0Ann\u00e9e de Construction : 2018<br \/>.\u00a0 \u00a0Piscine Commune<br \/>.\u00a0 \u00a0Salle de Sport Commune<br \/>.\u00a0 \u00a0Immeuble avec Ascenseur<br \/>.\u00a0 \u00a0LES ANIMAUX DE COMPAGNIE NE SONT PAS ACCEPT\u00c9S<\/p>\n<p>\u00c0 proximit\u00e9 se trouve un grand parc avec une aire de jeux pour enfants, plusieurs \u00e9tablissements scolaires et sportifs, ainsi qu&rsquo;une large offre de commerces. Arr\u00eat de bus tr\u00e8s proche et acc\u00e8s facile \u00e0 l&rsquo;autoroute.<\/p>\n<p>Le logement est lou\u00e9 ENTI\u00c8REMENT MEUBL\u00c9. Le loyer comprend les frais de copropri\u00e9t\u00e9 et la taxe annuelle d&rsquo;ordures. Eau, \u00e9lectricit\u00e9 et gaz \u00e0 la charge des locataires.<\/p>\n<p>Conditions : 1 mois de caution + 1 mois de garantie suppl\u00e9mentaire.<\/p>\n<p>Nous recherchons des locataires de longue dur\u00e9e (minimum 1 an) avec de bonnes r\u00e9f\u00e9rences et garanties.<\/p>\n","protected":false},"excerpt":{"rendered":"<p>S&rsquo;OLIVERA &#8211; PALMA<\/p>\n","protected":false},"author":3,"featured_media":12239,"parent":0,"menu_order":0,"template":"","rem_property_cat":[],"class_list":["post-12351","rem_property","type-rem_property","status-publish","has-post-thumbnail","hentry"],"yoast_head":"<!-- This site is optimized with the Yoast SEO plugin v26.9 - https:\/\/yoast.com\/product\/yoast-seo-wordpress\/ -->\n<title>AL-JHRE055 - Splendide appartement meubl\u00e9 de construction r\u00e9cente, avec 2 chambres, terrasse et parking | JH Real Estate Mallorca<\/title>\n<meta name=\"robots\" content=\"index, follow, max-snippet:-1, max-image-preview:large, max-video-preview:-1\" \/>\n<link rel=\"canonical\" href=\"https:\/\/jhrealestate.es\/fr\/propriete\/al-jhre055\/\" \/>\n<meta property=\"og:locale\" content=\"fr_FR\" \/>\n<meta property=\"og:type\" content=\"article\" \/>\n<meta property=\"og:title\" content=\"AL-JHRE055 - Splendide appartement meubl\u00e9 de construction r\u00e9cente, avec 2 chambres, terrasse et parking | JH Real Estate Mallorca\" \/>\n<meta property=\"og:description\" content=\"S&#039;OLIVERA - PALMA\" \/>\n<meta property=\"og:url\" content=\"https:\/\/jhrealestate.es\/fr\/propriete\/al-jhre055\/\" \/>\n<meta property=\"og:site_name\" content=\"JH Real Estate Mallorca\" \/>\n<meta property=\"article:publisher\" content=\"https:\/\/www.facebook.com\/jh.realestatemallorca\" \/>\n<meta property=\"article:modified_time\" content=\"2025-01-06T10:49:50+00:00\" \/>\n<meta property=\"og:image\" content=\"https:\/\/jhrealestate.es\/wp-content\/uploads\/2024\/11\/AL-JHRE055-1-1024x576.jpg\" \/>\n<meta name=\"twitter:card\" content=\"summary_large_image\" \/>\n<meta name=\"twitter:label1\" content=\"Dur\u00e9e de lecture estim\u00e9e\" \/>\n\t<meta name=\"twitter:data1\" content=\"2 minutes\" \/>\n<script type=\"application\/ld+json\" class=\"yoast-schema-graph\">{\"@context\":\"https:\/\/schema.org\",\"@graph\":[{\"@type\":[\"WebPage\",\"RealEstateListing\"],\"@id\":\"https:\/\/jhrealestate.es\/fr\/propriete\/al-jhre055\/\",\"url\":\"https:\/\/jhrealestate.es\/fr\/propriete\/al-jhre055\/\",\"name\":\"AL-JHRE055 - Splendide appartement meubl\u00e9 de construction r\u00e9cente, avec 2 chambres, terrasse et parking | JH Real Estate Mallorca\",\"isPartOf\":{\"@id\":\"https:\/\/jhrealestate.es\/fr\/#website\"},\"primaryImageOfPage\":{\"@id\":\"https:\/\/jhrealestate.es\/fr\/propriete\/al-jhre055\/#primaryimage\"},\"image\":{\"@id\":\"https:\/\/jhrealestate.es\/fr\/propriete\/al-jhre055\/#primaryimage\"},\"thumbnailUrl\":\"https:\/\/jhrealestate.es\/wp-content\/uploads\/2024\/11\/AL-JHRE055-1.jpg\",\"datePublished\":\"2024-11-12T13:35:04+00:00\",\"dateModified\":\"2025-01-06T10:49:50+00:00\",\"breadcrumb\":{\"@id\":\"https:\/\/jhrealestate.es\/fr\/propriete\/al-jhre055\/#breadcrumb\"},\"inLanguage\":\"fr-FR\",\"potentialAction\":[{\"@type\":\"ReadAction\",\"target\":[\"https:\/\/jhrealestate.es\/fr\/propriete\/al-jhre055\/\"]}]},{\"@type\":\"ImageObject\",\"inLanguage\":\"fr-FR\",\"@id\":\"https:\/\/jhrealestate.es\/fr\/propriete\/al-jhre055\/#primaryimage\",\"url\":\"https:\/\/jhrealestate.es\/wp-content\/uploads\/2024\/11\/AL-JHRE055-1.jpg\",\"contentUrl\":\"https:\/\/jhrealestate.es\/wp-content\/uploads\/2024\/11\/AL-JHRE055-1.jpg\",\"width\":1600,\"height\":900},{\"@type\":\"BreadcrumbList\",\"@id\":\"https:\/\/jhrealestate.es\/fr\/propriete\/al-jhre055\/#breadcrumb\",\"itemListElement\":[{\"@type\":\"ListItem\",\"position\":1,\"name\":\"Portada\",\"item\":\"https:\/\/jhrealestate.es\/fr\/\"},{\"@type\":\"ListItem\",\"position\":2,\"name\":\"Propri\u00e9t\u00e9s\",\"item\":\"https:\/\/jhrealestate.es\/fr\/propriete\/\"},{\"@type\":\"ListItem\",\"position\":3,\"name\":\"AL-JHRE055 &#8211; Splendide appartement meubl\u00e9 de construction r\u00e9cente, avec 2 chambres, terrasse et parking\"}]},{\"@type\":\"WebSite\",\"@id\":\"https:\/\/jhrealestate.es\/fr\/#website\",\"url\":\"https:\/\/jhrealestate.es\/fr\/\",\"name\":\"JH Real Estate Mallorca\",\"description\":\"Real Estate en Mallorca\",\"publisher\":{\"@id\":\"https:\/\/jhrealestate.es\/fr\/#organization\"},\"potentialAction\":[{\"@type\":\"SearchAction\",\"target\":{\"@type\":\"EntryPoint\",\"urlTemplate\":\"https:\/\/jhrealestate.es\/fr\/?s={search_term_string}\"},\"query-input\":{\"@type\":\"PropertyValueSpecification\",\"valueRequired\":true,\"valueName\":\"search_term_string\"}}],\"inLanguage\":\"fr-FR\"},{\"@type\":\"Organization\",\"@id\":\"https:\/\/jhrealestate.es\/fr\/#organization\",\"name\":\"JH Real Estate Mallorca\",\"url\":\"https:\/\/jhrealestate.es\/fr\/\",\"logo\":{\"@type\":\"ImageObject\",\"inLanguage\":\"fr-FR\",\"@id\":\"https:\/\/jhrealestate.es\/fr\/#\/schema\/logo\/image\/\",\"url\":\"https:\/\/jhrealestate.es\/wp-content\/uploads\/2021\/11\/Logo-JHRE.png\",\"contentUrl\":\"https:\/\/jhrealestate.es\/wp-content\/uploads\/2021\/11\/Logo-JHRE.png\",\"width\":252,\"height\":200,\"caption\":\"JH Real Estate Mallorca\"},\"image\":{\"@id\":\"https:\/\/jhrealestate.es\/fr\/#\/schema\/logo\/image\/\"},\"sameAs\":[\"https:\/\/www.facebook.com\/jh.realestatemallorca\",\"https:\/\/www.instagram.com\/jh.realestatemallorca\",\"https:\/\/www.youtube.com\/channel\/UCwlku0kp0G8CPBZ61xelIHw\",\"https:\/\/www.linkedin.com\/in\/joseheredia1973\/\"]}]}<\/script>\n<!-- \/ Yoast SEO plugin. -->","yoast_head_json":{"title":"AL-JHRE055 - Splendide appartement meubl\u00e9 de construction r\u00e9cente, avec 2 chambres, terrasse et parking | JH Real Estate Mallorca","robots":{"index":"index","follow":"follow","max-snippet":"max-snippet:-1","max-image-preview":"max-image-preview:large","max-video-preview":"max-video-preview:-1"},"canonical":"https:\/\/jhrealestate.es\/fr\/propriete\/al-jhre055\/","og_locale":"fr_FR","og_type":"article","og_title":"AL-JHRE055 - Splendide appartement meubl\u00e9 de construction r\u00e9cente, avec 2 chambres, terrasse et parking | JH Real Estate Mallorca","og_description":"S'OLIVERA - PALMA","og_url":"https:\/\/jhrealestate.es\/fr\/propriete\/al-jhre055\/","og_site_name":"JH Real Estate Mallorca","article_publisher":"https:\/\/www.facebook.com\/jh.realestatemallorca","article_modified_time":"2025-01-06T10:49:50+00:00","og_image":[{"url":"https:\/\/jhrealestate.es\/wp-content\/uploads\/2024\/11\/AL-JHRE055-1-1024x576.jpg","type":"","width":"","height":""}],"twitter_card":"summary_large_image","twitter_misc":{"Dur\u00e9e de lecture estim\u00e9e":"2 minutes"},"schema":{"@context":"https:\/\/schema.org","@graph":[{"@type":["WebPage","RealEstateListing"],"@id":"https:\/\/jhrealestate.es\/fr\/propriete\/al-jhre055\/","url":"https:\/\/jhrealestate.es\/fr\/propriete\/al-jhre055\/","name":"AL-JHRE055 - Splendide appartement meubl\u00e9 de construction r\u00e9cente, avec 2 chambres, terrasse et parking | JH Real Estate Mallorca","isPartOf":{"@id":"https:\/\/jhrealestate.es\/fr\/#website"},"primaryImageOfPage":{"@id":"https:\/\/jhrealestate.es\/fr\/propriete\/al-jhre055\/#primaryimage"},"image":{"@id":"https:\/\/jhrealestate.es\/fr\/propriete\/al-jhre055\/#primaryimage"},"thumbnailUrl":"https:\/\/jhrealestate.es\/wp-content\/uploads\/2024\/11\/AL-JHRE055-1.jpg","datePublished":"2024-11-12T13:35:04+00:00","dateModified":"2025-01-06T10:49:50+00:00","breadcrumb":{"@id":"https:\/\/jhrealestate.es\/fr\/propriete\/al-jhre055\/#breadcrumb"},"inLanguage":"fr-FR","potentialAction":[{"@type":"ReadAction","target":["https:\/\/jhrealestate.es\/fr\/propriete\/al-jhre055\/"]}]},{"@type":"ImageObject","inLanguage":"fr-FR","@id":"https:\/\/jhrealestate.es\/fr\/propriete\/al-jhre055\/#primaryimage","url":"https:\/\/jhrealestate.es\/wp-content\/uploads\/2024\/11\/AL-JHRE055-1.jpg","contentUrl":"https:\/\/jhrealestate.es\/wp-content\/uploads\/2024\/11\/AL-JHRE055-1.jpg","width":1600,"height":900},{"@type":"BreadcrumbList","@id":"https:\/\/jhrealestate.es\/fr\/propriete\/al-jhre055\/#breadcrumb","itemListElement":[{"@type":"ListItem","position":1,"name":"Portada","item":"https:\/\/jhrealestate.es\/fr\/"},{"@type":"ListItem","position":2,"name":"Propri\u00e9t\u00e9s","item":"https:\/\/jhrealestate.es\/fr\/propriete\/"},{"@type":"ListItem","position":3,"name":"AL-JHRE055 &#8211; Splendide appartement meubl\u00e9 de construction r\u00e9cente, avec 2 chambres, terrasse et parking"}]},{"@type":"WebSite","@id":"https:\/\/jhrealestate.es\/fr\/#website","url":"https:\/\/jhrealestate.es\/fr\/","name":"JH Real Estate Mallorca","description":"Real Estate en Mallorca","publisher":{"@id":"https:\/\/jhrealestate.es\/fr\/#organization"},"potentialAction":[{"@type":"SearchAction","target":{"@type":"EntryPoint","urlTemplate":"https:\/\/jhrealestate.es\/fr\/?s={search_term_string}"},"query-input":{"@type":"PropertyValueSpecification","valueRequired":true,"valueName":"search_term_string"}}],"inLanguage":"fr-FR"},{"@type":"Organization","@id":"https:\/\/jhrealestate.es\/fr\/#organization","name":"JH Real Estate Mallorca","url":"https:\/\/jhrealestate.es\/fr\/","logo":{"@type":"ImageObject","inLanguage":"fr-FR","@id":"https:\/\/jhrealestate.es\/fr\/#\/schema\/logo\/image\/","url":"https:\/\/jhrealestate.es\/wp-content\/uploads\/2021\/11\/Logo-JHRE.png","contentUrl":"https:\/\/jhrealestate.es\/wp-content\/uploads\/2021\/11\/Logo-JHRE.png","width":252,"height":200,"caption":"JH Real Estate Mallorca"},"image":{"@id":"https:\/\/jhrealestate.es\/fr\/#\/schema\/logo\/image\/"},"sameAs":["https:\/\/www.facebook.com\/jh.realestatemallorca","https:\/\/www.instagram.com\/jh.realestatemallorca","https:\/\/www.youtube.com\/channel\/UCwlku0kp0G8CPBZ61xelIHw","https:\/\/www.linkedin.com\/in\/joseheredia1973\/"]}]}},"_links":{"self":[{"href":"https:\/\/jhrealestate.es\/fr\/wp-json\/wp\/v2\/properties\/12351","targetHints":{"allow":["GET"]}}],"collection":[{"href":"https:\/\/jhrealestate.es\/fr\/wp-json\/wp\/v2\/properties"}],"about":[{"href":"https:\/\/jhrealestate.es\/fr\/wp-json\/wp\/v2\/types\/rem_property"}],"author":[{"embeddable":true,"href":"https:\/\/jhrealestate.es\/fr\/wp-json\/wp\/v2\/users\/3"}],"wp:featuredmedia":[{"embeddable":true,"href":"https:\/\/jhrealestate.es\/fr\/wp-json\/wp\/v2\/media\/12239"}],"wp:attachment":[{"href":"https:\/\/jhrealestate.es\/fr\/wp-json\/wp\/v2\/media?parent=12351"}],"wp:term":[{"taxonomy":"rem_property_cat","embeddable":true,"href":"https:\/\/jhrealestate.es\/fr\/wp-json\/wp\/v2\/rem_property_cat?post=12351"}],"curies":[{"name":"wp","href":"https:\/\/api.w.org\/{rel}","templated":true}]}}

AL-JHRE055 &#8211; Splendide appartement meublé de construction récente, avec 2 chambres, terrasse et parking

<p>Splendide appartement meublé de construction récente, avec 2 chambres, 2 salles de bain, terrasse extérieure et parking dans le nouveau quartier de S’Olivera.</p>
<p>L&rsquo;appartement est situé au 3ème étage d&rsquo;un complexe résidentiel. La résidence dispose d&rsquo;une salle de sport et d&rsquo;une piscine commune au centre, entourée d&rsquo;un espace vert et d&rsquo;une grande terrasse.</p>
<p>Le logement a une superficie construite de 81 m², répartie comme suit :</p>
<p>.   Salon/Salle à manger : Entièrement équipé avec accès à une terrasse couverte d&rsquo;environ 5 m².<br />.   2 Chambres Doubles Extérieures avec armoires encastrées.<br />.   2 Salles de Bain Complètes (Une en suite avec douche, et l&rsquo;autre avec baignoire).<br />.   Cuisine Ouverte, Moderne et Entièrement Équipée avec réfrigérateur, four, micro-ondes, plaque vitrocéramique, lave-vaisselle, système d&rsquo;osmose et cave à vin.<br />.   Buanderie avec machine à laver.<br />.   Parquet stratifié dans le salon, la cuisine, les chambres et les couloirs ; carrelage céramique dans les salles de bain.<br />.   Climatisation (chaud/froid) par conduits.<br />.   Fenêtres en aluminium avec double vitrage et volets en aluminium laqué.<br />.   Pré-installation de Fibre Optique pour Internet<br />.   Chauffage par radiateurs (gaz de ville).<br />.   Place de Parking Souterrain<br />.   Année de Construction : 2018<br />.   Piscine Commune<br />.   Salle de Sport Commune<br />.   Immeuble avec Ascenseur<br />.   LES ANIMAUX DE COMPAGNIE NE SONT PAS ACCEPTÉS</p>
<p>À proximité se trouve un grand parc avec une aire de jeux pour enfants, plusieurs établissements scolaires et sportifs, ainsi qu&rsquo;une large offre de commerces. Arrêt de bus très proche et accès facile à l&rsquo;autoroute.</p>
<p>Le logement est loué ENTIÈREMENT MEUBLÉ. Le loyer comprend les frais de copropriété et la taxe annuelle d&rsquo;ordures. Eau, électricité et gaz à la charge des locataires.</p>
<p>Conditions : 1 mois de caution + 1 mois de garantie supplémentaire.</p>
<p>Nous recherchons des locataires de longue durée (minimum 1 an) avec de bonnes références et garanties.</p>

<!-- This site is optimized with the Yoast SEO plugin v26.9 - https://yoast.com/product/yoast-seo-wordpress/ -->
<title>AL-JHRE055 - Splendide appartement meublé de construction récente, avec 2 chambres, terrasse et parking | JH Real Estate Mallorca</title>
<meta name="robots" content="index, follow, max-snippet:-1, max-image-preview:large, max-video-preview:-1" />
<link rel="canonical" href="https://jhrealestate.es/fr/propriete/al-jhre055/" />
<meta property="og:locale" content="fr_FR" />
<meta property="og:type" content="article" />
<meta property="og:title" content="AL-JHRE055 - Splendide appartement meublé de construction récente, avec 2 chambres, terrasse et parking | JH Real Estate Mallorca" />
<meta property="og:description" content="S&#039;OLIVERA - PALMA" />
<meta property="og:url" content="https://jhrealestate.es/fr/propriete/al-jhre055/" />
<meta property="og:site_name" content="JH Real Estate Mallorca" />
<meta property="article:publisher" content="https://www.facebook.com/jh.realestatemallorca" />
<meta property="article:modified_time" content="2025-01-06T10:49:50+00:00" />
<meta property="og:image" content="https://jhrealestate.es/wp-content/uploads/2024/11/AL-JHRE055-1-1024x576.jpg" />
<meta name="twitter:card" content="summary_large_image" />
<meta name="twitter:label1" content="Durée de lecture estimée" />
	<meta name="twitter:data1" content="2 minutes" />
<script type="application/ld+json" class="yoast-schema-graph">{"@context":"https://schema.org","@graph":[{"@type":["WebPage","RealEstateListing"],"@id":"https://jhrealestate.es/fr/propriete/al-jhre055/","url":"https://jhrealestate.es/fr/propriete/al-jhre055/","name":"AL-JHRE055 - Splendide appartement meublé de construction récente, avec 2 chambres, terrasse et parking | JH Real Estate Mallorca","isPartOf":{"@id":"https://jhrealestate.es/fr/#website"},"primaryImageOfPage":{"@id":"https://jhrealestate.es/fr/propriete/al-jhre055/#primaryimage"},"image":{"@id":"https://jhrealestate.es/fr/propriete/al-jhre055/#primaryimage"},"thumbnailUrl":"https://jhrealestate.es/wp-content/uploads/2024/11/AL-JHRE055-1.jpg","datePublished":"2024-11-12T13:35:04+00:00","dateModified":"2025-01-06T10:49:50+00:00","breadcrumb":{"@id":"https://jhrealestate.es/fr/propriete/al-jhre055/#breadcrumb"},"inLanguage":"fr-FR","potentialAction":[{"@type":"ReadAction","target":["https://jhrealestate.es/fr/propriete/al-jhre055/"]}]},{"@type":"ImageObject","inLanguage":"fr-FR","@id":"https://jhrealestate.es/fr/propriete/al-jhre055/#primaryimage","url":"https://jhrealestate.es/wp-content/uploads/2024/11/AL-JHRE055-1.jpg","contentUrl":"https://jhrealestate.es/wp-content/uploads/2024/11/AL-JHRE055-1.jpg","width":1600,"height":900},{"@type":"BreadcrumbList","@id":"https://jhrealestate.es/fr/propriete/al-jhre055/#breadcrumb","itemListElement":[{"@type":"ListItem","position":1,"name":"Portada","item":"https://jhrealestate.es/fr/"},{"@type":"ListItem","position":2,"name":"Propriétés","item":"https://jhrealestate.es/fr/propriete/"},{"@type":"ListItem","position":3,"name":"AL-JHRE055 &#8211; Splendide appartement meublé de construction récente, avec 2 chambres, terrasse et parking"}]},{"@type":"WebSite","@id":"https://jhrealestate.es/fr/#website","url":"https://jhrealestate.es/fr/","name":"JH Real Estate Mallorca","description":"Real Estate en Mallorca","publisher":{"@id":"https://jhrealestate.es/fr/#organization"},"potentialAction":[{"@type":"SearchAction","target":{"@type":"EntryPoint","urlTemplate":"https://jhrealestate.es/fr/?s={search_term_string}"},"query-input":{"@type":"PropertyValueSpecification","valueRequired":true,"valueName":"search_term_string"}}],"inLanguage":"fr-FR"},{"@type":"Organization","@id":"https://jhrealestate.es/fr/#organization","name":"JH Real Estate Mallorca","url":"https://jhrealestate.es/fr/","logo":{"@type":"ImageObject","inLanguage":"fr-FR","@id":"https://jhrealestate.es/fr/#/schema/logo/image/","url":"https://jhrealestate.es/wp-content/uploads/2021/11/Logo-JHRE.png","contentUrl":"https://jhrealestate.es/wp-content/uploads/2021/11/Logo-JHRE.png","width":252,"height":200,"caption":"JH Real Estate Mallorca"},"image":{"@id":"https://jhrealestate.es/fr/#/schema/logo/image/"},"sameAs":["https://www.facebook.com/jh.realestatemallorca","https://www.instagram.com/jh.realestatemallorca","https://www.youtube.com/channel/UCwlku0kp0G8CPBZ61xelIHw","https://www.linkedin.com/in/joseheredia1973/"]}]}</script>
<!-- / Yoast SEO plugin. -->

AL-JHRE055 - Splendide appartement meublé de construction récente, avec 2 chambres, terrasse et parking | JH Real Estate Mallorca

Propriétés
