{"id":15492,"date":"2025-11-08T17:04:37","date_gmt":"2025-11-08T16:04:37","guid":{"rendered":"https:\/\/jhrealestate.es\/propiedad\/ve-jhre064\/"},"modified":"2026-03-22T12:32:18","modified_gmt":"2026-03-22T11:32:18","slug":"ve-jhre064","status":"publish","type":"rem_property","link":"https:\/\/jhrealestate.es\/fr\/propriete\/ve-jhre064\/","title":{"rendered":"VE-JHRE064 &#8211; Grand appartement de 4 chambres avec 2 terrasses et parking dans le quartier de Son Armadans."},"content":{"rendered":"<p>Le logement se situe au 3\u1d49 \u00e9tage d\u2019une copropri\u00e9t\u00e9 de 8 voisins et dispose d\u2019une surface totale d\u2019environ 141 m\u00b2 (terrasses non inclues), r\u00e9partie comme suit :<\/p>\n<p>\u2022 4 chambres avec armoires encastr\u00e9es. La chambre principale dispose d\u2019une salle de bain attenante et l\u2019une des chambres comprend un petit salon attenant, id\u00e9al pour am\u00e9nager un bureau.<br \/>\u2022 Grand salon-salle \u00e0 manger tr\u00e8s lumineux sur deux niveaux avec acc\u00e8s \u00e0 deux grandes terrasses.<br \/>\u2022 Grand hall d\u2019entr\u00e9e avec placard.<br \/>\u2022 2 salles de bain compl\u00e8tes (toutes deux avec baignoire\/douche).<br \/>\u2022 Sol en parquet (carrelage dans la cuisine et les salles de bain).<br \/>\u2022 Cuisine ind\u00e9pendante, meubl\u00e9e et enti\u00e8rement \u00e9quip\u00e9e (r\u00e9frig\u00e9rateur, lave-vaisselle, four, plaque vitroc\u00e9ramique, micro-ondes) avec cellier.<br \/>\u2022 Grande buanderie avec grande armoire de rangement.<br \/>\u2022 Fen\u00eatre et porte fen\u00eatre ext\u00e9rieure \u00e0 double vitrage.<br \/>\u2022 Chauffage au gaz par radiateurs dans tout l\u2019appartement.<br \/>\u2022 Immeuble avec ascenseur.<br \/>\u2022 Ann\u00e9e de construction : 1977.<br \/>\u2022 Place de parking incluse.<br \/>\u2022 Grand d\u00e9barras d\u2019environ 9 m\u00b2 avec 3 m\u00e8tres de hauteur.<\/p>\n<p>Situ\u00e9 dans un quartier r\u00e9sidentiel du centre de Palma, \u00e0 quelques pas du Paseo Mar\u00edtimo et du quartier de Santa Catalina. Les environs offrent une large gamme de services, de centres de sant\u00e9 et sportifs, ainsi que des supermarch\u00e9s. Tr\u00e8s proche de la zone des \u00e9coles et du lyc\u00e9e fran\u00e7ais. Arr\u00eat de bus \u00e0 moins de 100 m\u00e8tres et acc\u00e8s facile \u00e0 la rocade (Via de Cintura).<\/p>\n<p>Copropri\u00e9t\u00e9 tr\u00e8s calme de seulement 8 voisins (un par \u00e9tage) avec un agr\u00e9able jardin bien entretenu.<\/p>\n<p>Contactez-nous pour plus d\u2019informations et pour organiser une visite !<\/p>\n<p>AVERTISSEMENT : Les informations fournies ont \u00e9t\u00e9 pr\u00e9sent\u00e9es avec la plus grande pr\u00e9cision possible. Cependant, JH Real Estate Mallorca ne peut \u00eatre tenu responsable de leur exactitude ou d\u2019\u00e9ventuelles omissions, et ces informations ne constituent pas un document contractuel. L\u2019agence ne saurait non plus \u00eatre tenue responsable de l\u2019usage que des tiers pourraient faire des informations contenues dans cette annonce.<\/p>\n<p>Le prix n\u2019inclut pas les imp\u00f4ts ni les frais de transmission.<\/p>\n<p>Agence immobili\u00e8re inscrite au ROAIIB (Registre officiel des agents immobiliers des \u00celes Bal\u00e9ares) GOIBE586263\/2024.<\/p>\n","protected":false},"excerpt":{"rendered":"<p>SON ARMADANS &#8211; PALMA<\/p>\n","protected":false},"author":3,"featured_media":15296,"parent":0,"menu_order":0,"template":"","rem_property_cat":[36],"class_list":["post-15492","rem_property","type-rem_property","status-publish","has-post-thumbnail","hentry","rem_property_cat-vente"],"yoast_head":"<!-- This site is optimized with the Yoast SEO plugin v26.9 - https:\/\/yoast.com\/product\/yoast-seo-wordpress\/ -->\n<title>VE-JHRE064 - Grand appartement de 4 chambres avec 2 terrasses et parking dans le quartier de Son Armadans. | JH Real Estate Mallorca<\/title>\n<meta name=\"robots\" content=\"index, follow, max-snippet:-1, max-image-preview:large, max-video-preview:-1\" \/>\n<link rel=\"canonical\" href=\"https:\/\/jhrealestate.es\/fr\/propriete\/ve-jhre064\/\" \/>\n<meta property=\"og:locale\" content=\"fr_FR\" \/>\n<meta property=\"og:type\" content=\"article\" \/>\n<meta property=\"og:title\" content=\"VE-JHRE064 - Grand appartement de 4 chambres avec 2 terrasses et parking dans le quartier de Son Armadans. | JH Real Estate Mallorca\" \/>\n<meta property=\"og:description\" content=\"SON ARMADANS - PALMA\" \/>\n<meta property=\"og:url\" content=\"https:\/\/jhrealestate.es\/fr\/propriete\/ve-jhre064\/\" \/>\n<meta property=\"og:site_name\" content=\"JH Real Estate Mallorca\" \/>\n<meta property=\"article:publisher\" content=\"https:\/\/www.facebook.com\/jh.realestatemallorca\" \/>\n<meta property=\"article:modified_time\" content=\"2026-03-22T11:32:18+00:00\" \/>\n<meta property=\"og:image\" content=\"https:\/\/jhrealestate.es\/wp-content\/uploads\/2025\/11\/VE-JHRE064-1-1024x576.jpg\" \/>\n<meta name=\"twitter:card\" content=\"summary_large_image\" \/>\n<meta name=\"twitter:label1\" content=\"Dur\u00e9e de lecture estim\u00e9e\" \/>\n\t<meta name=\"twitter:data1\" content=\"2 minutes\" \/>\n<script type=\"application\/ld+json\" class=\"yoast-schema-graph\">{\"@context\":\"https:\/\/schema.org\",\"@graph\":[{\"@type\":[\"WebPage\",\"RealEstateListing\"],\"@id\":\"https:\/\/jhrealestate.es\/fr\/propriete\/ve-jhre064\/\",\"url\":\"https:\/\/jhrealestate.es\/fr\/propriete\/ve-jhre064\/\",\"name\":\"VE-JHRE064 - Grand appartement de 4 chambres avec 2 terrasses et parking dans le quartier de Son Armadans. | JH Real Estate Mallorca\",\"isPartOf\":{\"@id\":\"https:\/\/jhrealestate.es\/fr\/#website\"},\"primaryImageOfPage\":{\"@id\":\"https:\/\/jhrealestate.es\/fr\/propriete\/ve-jhre064\/#primaryimage\"},\"image\":{\"@id\":\"https:\/\/jhrealestate.es\/fr\/propriete\/ve-jhre064\/#primaryimage\"},\"thumbnailUrl\":\"https:\/\/jhrealestate.es\/wp-content\/uploads\/2025\/11\/VE-JHRE064-1.jpg\",\"datePublished\":\"2025-11-08T16:04:37+00:00\",\"dateModified\":\"2026-03-22T11:32:18+00:00\",\"breadcrumb\":{\"@id\":\"https:\/\/jhrealestate.es\/fr\/propriete\/ve-jhre064\/#breadcrumb\"},\"inLanguage\":\"fr-FR\",\"potentialAction\":[{\"@type\":\"ReadAction\",\"target\":[\"https:\/\/jhrealestate.es\/fr\/propriete\/ve-jhre064\/\"]}]},{\"@type\":\"ImageObject\",\"inLanguage\":\"fr-FR\",\"@id\":\"https:\/\/jhrealestate.es\/fr\/propriete\/ve-jhre064\/#primaryimage\",\"url\":\"https:\/\/jhrealestate.es\/wp-content\/uploads\/2025\/11\/VE-JHRE064-1.jpg\",\"contentUrl\":\"https:\/\/jhrealestate.es\/wp-content\/uploads\/2025\/11\/VE-JHRE064-1.jpg\",\"width\":1600,\"height\":900},{\"@type\":\"BreadcrumbList\",\"@id\":\"https:\/\/jhrealestate.es\/fr\/propriete\/ve-jhre064\/#breadcrumb\",\"itemListElement\":[{\"@type\":\"ListItem\",\"position\":1,\"name\":\"Portada\",\"item\":\"https:\/\/jhrealestate.es\/fr\/\"},{\"@type\":\"ListItem\",\"position\":2,\"name\":\"Propri\u00e9t\u00e9s\",\"item\":\"https:\/\/jhrealestate.es\/fr\/propriete\/\"},{\"@type\":\"ListItem\",\"position\":3,\"name\":\"VE-JHRE064 &#8211; Grand appartement de 4 chambres avec 2 terrasses et parking dans le quartier de Son Armadans.\"}]},{\"@type\":\"WebSite\",\"@id\":\"https:\/\/jhrealestate.es\/fr\/#website\",\"url\":\"https:\/\/jhrealestate.es\/fr\/\",\"name\":\"JH Real Estate Mallorca\",\"description\":\"Real Estate en Mallorca\",\"publisher\":{\"@id\":\"https:\/\/jhrealestate.es\/fr\/#organization\"},\"potentialAction\":[{\"@type\":\"SearchAction\",\"target\":{\"@type\":\"EntryPoint\",\"urlTemplate\":\"https:\/\/jhrealestate.es\/fr\/?s={search_term_string}\"},\"query-input\":{\"@type\":\"PropertyValueSpecification\",\"valueRequired\":true,\"valueName\":\"search_term_string\"}}],\"inLanguage\":\"fr-FR\"},{\"@type\":\"Organization\",\"@id\":\"https:\/\/jhrealestate.es\/fr\/#organization\",\"name\":\"JH Real Estate Mallorca\",\"url\":\"https:\/\/jhrealestate.es\/fr\/\",\"logo\":{\"@type\":\"ImageObject\",\"inLanguage\":\"fr-FR\",\"@id\":\"https:\/\/jhrealestate.es\/fr\/#\/schema\/logo\/image\/\",\"url\":\"https:\/\/jhrealestate.es\/wp-content\/uploads\/2021\/11\/Logo-JHRE.png\",\"contentUrl\":\"https:\/\/jhrealestate.es\/wp-content\/uploads\/2021\/11\/Logo-JHRE.png\",\"width\":252,\"height\":200,\"caption\":\"JH Real Estate Mallorca\"},\"image\":{\"@id\":\"https:\/\/jhrealestate.es\/fr\/#\/schema\/logo\/image\/\"},\"sameAs\":[\"https:\/\/www.facebook.com\/jh.realestatemallorca\",\"https:\/\/www.instagram.com\/jh.realestatemallorca\",\"https:\/\/www.youtube.com\/channel\/UCwlku0kp0G8CPBZ61xelIHw\",\"https:\/\/www.linkedin.com\/in\/joseheredia1973\/\"]}]}<\/script>\n<!-- \/ Yoast SEO plugin. -->","yoast_head_json":{"title":"VE-JHRE064 - Grand appartement de 4 chambres avec 2 terrasses et parking dans le quartier de Son Armadans. | JH Real Estate Mallorca","robots":{"index":"index","follow":"follow","max-snippet":"max-snippet:-1","max-image-preview":"max-image-preview:large","max-video-preview":"max-video-preview:-1"},"canonical":"https:\/\/jhrealestate.es\/fr\/propriete\/ve-jhre064\/","og_locale":"fr_FR","og_type":"article","og_title":"VE-JHRE064 - Grand appartement de 4 chambres avec 2 terrasses et parking dans le quartier de Son Armadans. | JH Real Estate Mallorca","og_description":"SON ARMADANS - PALMA","og_url":"https:\/\/jhrealestate.es\/fr\/propriete\/ve-jhre064\/","og_site_name":"JH Real Estate Mallorca","article_publisher":"https:\/\/www.facebook.com\/jh.realestatemallorca","article_modified_time":"2026-03-22T11:32:18+00:00","og_image":[{"url":"https:\/\/jhrealestate.es\/wp-content\/uploads\/2025\/11\/VE-JHRE064-1-1024x576.jpg","type":"","width":"","height":""}],"twitter_card":"summary_large_image","twitter_misc":{"Dur\u00e9e de lecture estim\u00e9e":"2 minutes"},"schema":{"@context":"https:\/\/schema.org","@graph":[{"@type":["WebPage","RealEstateListing"],"@id":"https:\/\/jhrealestate.es\/fr\/propriete\/ve-jhre064\/","url":"https:\/\/jhrealestate.es\/fr\/propriete\/ve-jhre064\/","name":"VE-JHRE064 - Grand appartement de 4 chambres avec 2 terrasses et parking dans le quartier de Son Armadans. | JH Real Estate Mallorca","isPartOf":{"@id":"https:\/\/jhrealestate.es\/fr\/#website"},"primaryImageOfPage":{"@id":"https:\/\/jhrealestate.es\/fr\/propriete\/ve-jhre064\/#primaryimage"},"image":{"@id":"https:\/\/jhrealestate.es\/fr\/propriete\/ve-jhre064\/#primaryimage"},"thumbnailUrl":"https:\/\/jhrealestate.es\/wp-content\/uploads\/2025\/11\/VE-JHRE064-1.jpg","datePublished":"2025-11-08T16:04:37+00:00","dateModified":"2026-03-22T11:32:18+00:00","breadcrumb":{"@id":"https:\/\/jhrealestate.es\/fr\/propriete\/ve-jhre064\/#breadcrumb"},"inLanguage":"fr-FR","potentialAction":[{"@type":"ReadAction","target":["https:\/\/jhrealestate.es\/fr\/propriete\/ve-jhre064\/"]}]},{"@type":"ImageObject","inLanguage":"fr-FR","@id":"https:\/\/jhrealestate.es\/fr\/propriete\/ve-jhre064\/#primaryimage","url":"https:\/\/jhrealestate.es\/wp-content\/uploads\/2025\/11\/VE-JHRE064-1.jpg","contentUrl":"https:\/\/jhrealestate.es\/wp-content\/uploads\/2025\/11\/VE-JHRE064-1.jpg","width":1600,"height":900},{"@type":"BreadcrumbList","@id":"https:\/\/jhrealestate.es\/fr\/propriete\/ve-jhre064\/#breadcrumb","itemListElement":[{"@type":"ListItem","position":1,"name":"Portada","item":"https:\/\/jhrealestate.es\/fr\/"},{"@type":"ListItem","position":2,"name":"Propri\u00e9t\u00e9s","item":"https:\/\/jhrealestate.es\/fr\/propriete\/"},{"@type":"ListItem","position":3,"name":"VE-JHRE064 &#8211; Grand appartement de 4 chambres avec 2 terrasses et parking dans le quartier de Son Armadans."}]},{"@type":"WebSite","@id":"https:\/\/jhrealestate.es\/fr\/#website","url":"https:\/\/jhrealestate.es\/fr\/","name":"JH Real Estate Mallorca","description":"Real Estate en Mallorca","publisher":{"@id":"https:\/\/jhrealestate.es\/fr\/#organization"},"potentialAction":[{"@type":"SearchAction","target":{"@type":"EntryPoint","urlTemplate":"https:\/\/jhrealestate.es\/fr\/?s={search_term_string}"},"query-input":{"@type":"PropertyValueSpecification","valueRequired":true,"valueName":"search_term_string"}}],"inLanguage":"fr-FR"},{"@type":"Organization","@id":"https:\/\/jhrealestate.es\/fr\/#organization","name":"JH Real Estate Mallorca","url":"https:\/\/jhrealestate.es\/fr\/","logo":{"@type":"ImageObject","inLanguage":"fr-FR","@id":"https:\/\/jhrealestate.es\/fr\/#\/schema\/logo\/image\/","url":"https:\/\/jhrealestate.es\/wp-content\/uploads\/2021\/11\/Logo-JHRE.png","contentUrl":"https:\/\/jhrealestate.es\/wp-content\/uploads\/2021\/11\/Logo-JHRE.png","width":252,"height":200,"caption":"JH Real Estate Mallorca"},"image":{"@id":"https:\/\/jhrealestate.es\/fr\/#\/schema\/logo\/image\/"},"sameAs":["https:\/\/www.facebook.com\/jh.realestatemallorca","https:\/\/www.instagram.com\/jh.realestatemallorca","https:\/\/www.youtube.com\/channel\/UCwlku0kp0G8CPBZ61xelIHw","https:\/\/www.linkedin.com\/in\/joseheredia1973\/"]}]}},"_links":{"self":[{"href":"https:\/\/jhrealestate.es\/fr\/wp-json\/wp\/v2\/properties\/15492","targetHints":{"allow":["GET"]}}],"collection":[{"href":"https:\/\/jhrealestate.es\/fr\/wp-json\/wp\/v2\/properties"}],"about":[{"href":"https:\/\/jhrealestate.es\/fr\/wp-json\/wp\/v2\/types\/rem_property"}],"author":[{"embeddable":true,"href":"https:\/\/jhrealestate.es\/fr\/wp-json\/wp\/v2\/users\/3"}],"wp:featuredmedia":[{"embeddable":true,"href":"https:\/\/jhrealestate.es\/fr\/wp-json\/wp\/v2\/media\/15296"}],"wp:attachment":[{"href":"https:\/\/jhrealestate.es\/fr\/wp-json\/wp\/v2\/media?parent=15492"}],"wp:term":[{"taxonomy":"rem_property_cat","embeddable":true,"href":"https:\/\/jhrealestate.es\/fr\/wp-json\/wp\/v2\/rem_property_cat?post=15492"}],"curies":[{"name":"wp","href":"https:\/\/api.w.org\/{rel}","templated":true}]}}

<p>Le logement se situe au 3ᵉ étage d’une copropriété de 8 voisins et dispose d’une surface totale d’environ 141 m² (terrasses non inclues), répartie comme suit :</p>
<p>• 4 chambres avec armoires encastrées. La chambre principale dispose d’une salle de bain attenante et l’une des chambres comprend un petit salon attenant, idéal pour aménager un bureau.<br />• Grand salon-salle à manger très lumineux sur deux niveaux avec accès à deux grandes terrasses.<br />• Grand hall d’entrée avec placard.<br />• 2 salles de bain complètes (toutes deux avec baignoire/douche).<br />• Sol en parquet (carrelage dans la cuisine et les salles de bain).<br />• Cuisine indépendante, meublée et entièrement équipée (réfrigérateur, lave-vaisselle, four, plaque vitrocéramique, micro-ondes) avec cellier.<br />• Grande buanderie avec grande armoire de rangement.<br />• Fenêtre et porte fenêtre extérieure à double vitrage.<br />• Chauffage au gaz par radiateurs dans tout l’appartement.<br />• Immeuble avec ascenseur.<br />• Année de construction : 1977.<br />• Place de parking incluse.<br />• Grand débarras d’environ 9 m² avec 3 mètres de hauteur.</p>
<p>Situé dans un quartier résidentiel du centre de Palma, à quelques pas du Paseo Marítimo et du quartier de Santa Catalina. Les environs offrent une large gamme de services, de centres de santé et sportifs, ainsi que des supermarchés. Très proche de la zone des écoles et du lycée français. Arrêt de bus à moins de 100 mètres et accès facile à la rocade (Via de Cintura).</p>
<p>Copropriété très calme de seulement 8 voisins (un par étage) avec un agréable jardin bien entretenu.</p>
<p>Contactez-nous pour plus d’informations et pour organiser une visite !</p>
<p>AVERTISSEMENT : Les informations fournies ont été présentées avec la plus grande précision possible. Cependant, JH Real Estate Mallorca ne peut être tenu responsable de leur exactitude ou d’éventuelles omissions, et ces informations ne constituent pas un document contractuel. L’agence ne saurait non plus être tenue responsable de l’usage que des tiers pourraient faire des informations contenues dans cette annonce.</p>
<p>Le prix n’inclut pas les impôts ni les frais de transmission.</p>
<p>Agence immobilière inscrite au ROAIIB (Registre officiel des agents immobiliers des Îles Baléares) GOIBE586263/2024.</p>

<!-- This site is optimized with the Yoast SEO plugin v26.9 - https://yoast.com/product/yoast-seo-wordpress/ -->
<title>VE-JHRE064 - Grand appartement de 4 chambres avec 2 terrasses et parking dans le quartier de Son Armadans. | JH Real Estate Mallorca</title>
<meta name="robots" content="index, follow, max-snippet:-1, max-image-preview:large, max-video-preview:-1" />
<link rel="canonical" href="https://jhrealestate.es/fr/propriete/ve-jhre064/" />
<meta property="og:locale" content="fr_FR" />
<meta property="og:type" content="article" />
<meta property="og:title" content="VE-JHRE064 - Grand appartement de 4 chambres avec 2 terrasses et parking dans le quartier de Son Armadans. | JH Real Estate Mallorca" />
<meta property="og:description" content="SON ARMADANS - PALMA" />
<meta property="og:url" content="https://jhrealestate.es/fr/propriete/ve-jhre064/" />
<meta property="og:site_name" content="JH Real Estate Mallorca" />
<meta property="article:publisher" content="https://www.facebook.com/jh.realestatemallorca" />
<meta property="article:modified_time" content="2026-03-22T11:32:18+00:00" />
<meta property="og:image" content="https://jhrealestate.es/wp-content/uploads/2025/11/VE-JHRE064-1-1024x576.jpg" />
<meta name="twitter:card" content="summary_large_image" />
<meta name="twitter:label1" content="Durée de lecture estimée" />
	<meta name="twitter:data1" content="2 minutes" />
<script type="application/ld+json" class="yoast-schema-graph">{"@context":"https://schema.org","@graph":[{"@type":["WebPage","RealEstateListing"],"@id":"https://jhrealestate.es/fr/propriete/ve-jhre064/","url":"https://jhrealestate.es/fr/propriete/ve-jhre064/","name":"VE-JHRE064 - Grand appartement de 4 chambres avec 2 terrasses et parking dans le quartier de Son Armadans. | JH Real Estate Mallorca","isPartOf":{"@id":"https://jhrealestate.es/fr/#website"},"primaryImageOfPage":{"@id":"https://jhrealestate.es/fr/propriete/ve-jhre064/#primaryimage"},"image":{"@id":"https://jhrealestate.es/fr/propriete/ve-jhre064/#primaryimage"},"thumbnailUrl":"https://jhrealestate.es/wp-content/uploads/2025/11/VE-JHRE064-1.jpg","datePublished":"2025-11-08T16:04:37+00:00","dateModified":"2026-03-22T11:32:18+00:00","breadcrumb":{"@id":"https://jhrealestate.es/fr/propriete/ve-jhre064/#breadcrumb"},"inLanguage":"fr-FR","potentialAction":[{"@type":"ReadAction","target":["https://jhrealestate.es/fr/propriete/ve-jhre064/"]}]},{"@type":"ImageObject","inLanguage":"fr-FR","@id":"https://jhrealestate.es/fr/propriete/ve-jhre064/#primaryimage","url":"https://jhrealestate.es/wp-content/uploads/2025/11/VE-JHRE064-1.jpg","contentUrl":"https://jhrealestate.es/wp-content/uploads/2025/11/VE-JHRE064-1.jpg","width":1600,"height":900},{"@type":"BreadcrumbList","@id":"https://jhrealestate.es/fr/propriete/ve-jhre064/#breadcrumb","itemListElement":[{"@type":"ListItem","position":1,"name":"Portada","item":"https://jhrealestate.es/fr/"},{"@type":"ListItem","position":2,"name":"Propriétés","item":"https://jhrealestate.es/fr/propriete/"},{"@type":"ListItem","position":3,"name":"VE-JHRE064 &#8211; Grand appartement de 4 chambres avec 2 terrasses et parking dans le quartier de Son Armadans."}]},{"@type":"WebSite","@id":"https://jhrealestate.es/fr/#website","url":"https://jhrealestate.es/fr/","name":"JH Real Estate Mallorca","description":"Real Estate en Mallorca","publisher":{"@id":"https://jhrealestate.es/fr/#organization"},"potentialAction":[{"@type":"SearchAction","target":{"@type":"EntryPoint","urlTemplate":"https://jhrealestate.es/fr/?s={search_term_string}"},"query-input":{"@type":"PropertyValueSpecification","valueRequired":true,"valueName":"search_term_string"}}],"inLanguage":"fr-FR"},{"@type":"Organization","@id":"https://jhrealestate.es/fr/#organization","name":"JH Real Estate Mallorca","url":"https://jhrealestate.es/fr/","logo":{"@type":"ImageObject","inLanguage":"fr-FR","@id":"https://jhrealestate.es/fr/#/schema/logo/image/","url":"https://jhrealestate.es/wp-content/uploads/2021/11/Logo-JHRE.png","contentUrl":"https://jhrealestate.es/wp-content/uploads/2021/11/Logo-JHRE.png","width":252,"height":200,"caption":"JH Real Estate Mallorca"},"image":{"@id":"https://jhrealestate.es/fr/#/schema/logo/image/"},"sameAs":["https://www.facebook.com/jh.realestatemallorca","https://www.instagram.com/jh.realestatemallorca","https://www.youtube.com/channel/UCwlku0kp0G8CPBZ61xelIHw","https://www.linkedin.com/in/joseheredia1973/"]}]}</script>
<!-- / Yoast SEO plugin. -->

Propriétés
