{"id":5204,"date":"2022-10-21T21:29:03","date_gmt":"2022-10-21T19:29:03","guid":{"rendered":"https:\/\/jhrealestate.es\/propiedad\/al-jhre030\/"},"modified":"2023-07-24T18:04:52","modified_gmt":"2023-07-24T16:04:52","slug":"al-jhre030","status":"publish","type":"rem_property","link":"https:\/\/jhrealestate.es\/fr\/propriete\/al-jhre030\/","title":{"rendered":"AL-JHRE030 &#8211; Dernier \u00c9tage avec terrasse couverte et piscine communautaire dans l&rsquo;urbanisation Los Colibris de Sa Torre"},"content":{"rendered":"<p>ATTENTION &#8211; DISPONIBLE DU 03\/11\/2022 AU 31\/03\/2023 (LOCATION MINIMUM 1 MOIS) Dernier \u00c9tage avec terrasse couverte et piscine communautaire dans l&rsquo;urbanisation Los Colibris de Sa Torre L\u2019appartement est situ\u00e9 au 2\u00e8me et dernier \u00e9tage de l&rsquo;immeuble et a une superficie construite de 55 m2 avec une terrasse de 12 m2 et se compose de \u2022\u00a0 \u00a0S\u00e9jour avec canap\u00e9-lit, coin TV et acc\u00e8s \u00e0 une terrasse couverte avec vue sur la piscine communautaire et le jardin \u2022\u00a0 \u00a0Cuisine enti\u00e8rement meubl\u00e9e et \u00e9quip\u00e9e avec bar pour les repas \u2022\u00a0 \u00a0Chambre double avec armoire int\u00e9gr\u00e9e et lit avec rangement \u2022\u00a0 \u00a0Solarium \u00e0 l&rsquo;\u00e9tage sup\u00e9rieur \u2022\u00a0 \u00a0Buanderie s\u00e9par\u00e9e avec machine \u00e0 laver \u2022\u00a0 \u00a0Salle de bain compl\u00e8te avec baignoire\/douche \u2022\u00a0 \u00a0Parking int\u00e9rieur non couvert inclus (Seulement pour un s\u00e9jour minimum de 2 mois &#8211; Stationnement facile dans la rue) \u2022\u00a0 \u00a0Climatisation (Froid\/Chaleur) dans le salon et la chambre \u2022\u00a0 \u00a0Immeuble avec ascenseur \u2022\u00a0 \u00a0LES ANIMAUX DE COMPAGNIE NE SONT PAS AUTORIS\u00c9S \u2022\u00a0 \u00a0Ann\u00e9e de construction 2005 A l&rsquo;ext\u00e9rieur, vous trouverez un grand jardin bien entretenu avec une piscine commune. L&rsquo;appartement est lou\u00e9 enti\u00e8rement meubl\u00e9 avec tous les ustensiles de cuisine, draps et serviettes de bain. Le loyer comprend les d\u00e9penses de la communaut\u00e9. Eau et \u00e9lectricit\u00e9 \u00e0 la charge des locataires.1 mois de caution Dans la r\u00e9gion, vous trouverez toutes sortes de services, des magasins, des supermarch\u00e9s, des \u00e9coles, des clubs de tennis et le Golf de Maioris. A 15 minutes de Palma et \u00e0 10 minutes de l&rsquo;a\u00e9roport.<\/p>\n","protected":false},"excerpt":{"rendered":"<p>SA TORRE &#8211; LLUCMAJOR <\/p>\n","protected":false},"author":3,"featured_media":5922,"parent":0,"menu_order":0,"template":"","rem_property_cat":[],"class_list":["post-5204","rem_property","type-rem_property","status-publish","has-post-thumbnail","hentry"],"yoast_head":"<!-- This site is optimized with the Yoast SEO plugin v26.9 - https:\/\/yoast.com\/product\/yoast-seo-wordpress\/ -->\n<title>AL-JHRE030 - Dernier \u00c9tage avec terrasse couverte et piscine communautaire dans l&#039;urbanisation Los Colibris de Sa Torre | JH Real Estate Mallorca<\/title>\n<meta name=\"robots\" content=\"index, follow, max-snippet:-1, max-image-preview:large, max-video-preview:-1\" \/>\n<link rel=\"canonical\" href=\"https:\/\/jhrealestate.es\/fr\/propriete\/al-jhre030\/\" \/>\n<meta property=\"og:locale\" content=\"fr_FR\" \/>\n<meta property=\"og:type\" content=\"article\" \/>\n<meta property=\"og:title\" content=\"AL-JHRE030 - Dernier \u00c9tage avec terrasse couverte et piscine communautaire dans l&#039;urbanisation Los Colibris de Sa Torre | JH Real Estate Mallorca\" \/>\n<meta property=\"og:description\" content=\"SA TORRE - LLUCMAJOR\" \/>\n<meta property=\"og:url\" content=\"https:\/\/jhrealestate.es\/fr\/propriete\/al-jhre030\/\" \/>\n<meta property=\"og:site_name\" content=\"JH Real Estate Mallorca\" \/>\n<meta property=\"article:publisher\" content=\"https:\/\/www.facebook.com\/jh.realestatemallorca\" \/>\n<meta property=\"article:modified_time\" content=\"2023-07-24T16:04:52+00:00\" \/>\n<meta property=\"og:image\" content=\"https:\/\/jhrealestate.es\/wp-content\/uploads\/2022\/10\/AL-JHRE030-1-1-1024x576.jpg\" \/>\n<meta name=\"twitter:card\" content=\"summary_large_image\" \/>\n<meta name=\"twitter:label1\" content=\"Dur\u00e9e de lecture estim\u00e9e\" \/>\n\t<meta name=\"twitter:data1\" content=\"1 minute\" \/>\n<script type=\"application\/ld+json\" class=\"yoast-schema-graph\">{\"@context\":\"https:\/\/schema.org\",\"@graph\":[{\"@type\":[\"WebPage\",\"RealEstateListing\"],\"@id\":\"https:\/\/jhrealestate.es\/fr\/propriete\/al-jhre030\/\",\"url\":\"https:\/\/jhrealestate.es\/fr\/propriete\/al-jhre030\/\",\"name\":\"AL-JHRE030 - Dernier \u00c9tage avec terrasse couverte et piscine communautaire dans l'urbanisation Los Colibris de Sa Torre | JH Real Estate Mallorca\",\"isPartOf\":{\"@id\":\"https:\/\/jhrealestate.es\/fr\/#website\"},\"primaryImageOfPage\":{\"@id\":\"https:\/\/jhrealestate.es\/fr\/propriete\/al-jhre030\/#primaryimage\"},\"image\":{\"@id\":\"https:\/\/jhrealestate.es\/fr\/propriete\/al-jhre030\/#primaryimage\"},\"thumbnailUrl\":\"https:\/\/jhrealestate.es\/wp-content\/uploads\/2022\/10\/AL-JHRE030-1-1.jpg\",\"datePublished\":\"2022-10-21T19:29:03+00:00\",\"dateModified\":\"2023-07-24T16:04:52+00:00\",\"breadcrumb\":{\"@id\":\"https:\/\/jhrealestate.es\/fr\/propriete\/al-jhre030\/#breadcrumb\"},\"inLanguage\":\"fr-FR\",\"potentialAction\":[{\"@type\":\"ReadAction\",\"target\":[\"https:\/\/jhrealestate.es\/fr\/propriete\/al-jhre030\/\"]}]},{\"@type\":\"ImageObject\",\"inLanguage\":\"fr-FR\",\"@id\":\"https:\/\/jhrealestate.es\/fr\/propriete\/al-jhre030\/#primaryimage\",\"url\":\"https:\/\/jhrealestate.es\/wp-content\/uploads\/2022\/10\/AL-JHRE030-1-1.jpg\",\"contentUrl\":\"https:\/\/jhrealestate.es\/wp-content\/uploads\/2022\/10\/AL-JHRE030-1-1.jpg\",\"width\":1600,\"height\":900},{\"@type\":\"BreadcrumbList\",\"@id\":\"https:\/\/jhrealestate.es\/fr\/propriete\/al-jhre030\/#breadcrumb\",\"itemListElement\":[{\"@type\":\"ListItem\",\"position\":1,\"name\":\"Portada\",\"item\":\"https:\/\/jhrealestate.es\/fr\/\"},{\"@type\":\"ListItem\",\"position\":2,\"name\":\"Propri\u00e9t\u00e9s\",\"item\":\"https:\/\/jhrealestate.es\/fr\/propriete\/\"},{\"@type\":\"ListItem\",\"position\":3,\"name\":\"AL-JHRE030 &#8211; Dernier \u00c9tage avec terrasse couverte et piscine communautaire dans l&rsquo;urbanisation Los Colibris de Sa Torre\"}]},{\"@type\":\"WebSite\",\"@id\":\"https:\/\/jhrealestate.es\/fr\/#website\",\"url\":\"https:\/\/jhrealestate.es\/fr\/\",\"name\":\"JH Real Estate Mallorca\",\"description\":\"Real Estate en Mallorca\",\"publisher\":{\"@id\":\"https:\/\/jhrealestate.es\/fr\/#organization\"},\"potentialAction\":[{\"@type\":\"SearchAction\",\"target\":{\"@type\":\"EntryPoint\",\"urlTemplate\":\"https:\/\/jhrealestate.es\/fr\/?s={search_term_string}\"},\"query-input\":{\"@type\":\"PropertyValueSpecification\",\"valueRequired\":true,\"valueName\":\"search_term_string\"}}],\"inLanguage\":\"fr-FR\"},{\"@type\":\"Organization\",\"@id\":\"https:\/\/jhrealestate.es\/fr\/#organization\",\"name\":\"JH Real Estate Mallorca\",\"url\":\"https:\/\/jhrealestate.es\/fr\/\",\"logo\":{\"@type\":\"ImageObject\",\"inLanguage\":\"fr-FR\",\"@id\":\"https:\/\/jhrealestate.es\/fr\/#\/schema\/logo\/image\/\",\"url\":\"https:\/\/jhrealestate.es\/wp-content\/uploads\/2021\/11\/Logo-JHRE.png\",\"contentUrl\":\"https:\/\/jhrealestate.es\/wp-content\/uploads\/2021\/11\/Logo-JHRE.png\",\"width\":252,\"height\":200,\"caption\":\"JH Real Estate Mallorca\"},\"image\":{\"@id\":\"https:\/\/jhrealestate.es\/fr\/#\/schema\/logo\/image\/\"},\"sameAs\":[\"https:\/\/www.facebook.com\/jh.realestatemallorca\",\"https:\/\/www.instagram.com\/jh.realestatemallorca\",\"https:\/\/www.youtube.com\/channel\/UCwlku0kp0G8CPBZ61xelIHw\",\"https:\/\/www.linkedin.com\/in\/joseheredia1973\/\"]}]}<\/script>\n<!-- \/ Yoast SEO plugin. -->","yoast_head_json":{"title":"AL-JHRE030 - Dernier \u00c9tage avec terrasse couverte et piscine communautaire dans l'urbanisation Los Colibris de Sa Torre | JH Real Estate Mallorca","robots":{"index":"index","follow":"follow","max-snippet":"max-snippet:-1","max-image-preview":"max-image-preview:large","max-video-preview":"max-video-preview:-1"},"canonical":"https:\/\/jhrealestate.es\/fr\/propriete\/al-jhre030\/","og_locale":"fr_FR","og_type":"article","og_title":"AL-JHRE030 - Dernier \u00c9tage avec terrasse couverte et piscine communautaire dans l'urbanisation Los Colibris de Sa Torre | JH Real Estate Mallorca","og_description":"SA TORRE - LLUCMAJOR","og_url":"https:\/\/jhrealestate.es\/fr\/propriete\/al-jhre030\/","og_site_name":"JH Real Estate Mallorca","article_publisher":"https:\/\/www.facebook.com\/jh.realestatemallorca","article_modified_time":"2023-07-24T16:04:52+00:00","og_image":[{"url":"https:\/\/jhrealestate.es\/wp-content\/uploads\/2022\/10\/AL-JHRE030-1-1-1024x576.jpg","type":"","width":"","height":""}],"twitter_card":"summary_large_image","twitter_misc":{"Dur\u00e9e de lecture estim\u00e9e":"1 minute"},"schema":{"@context":"https:\/\/schema.org","@graph":[{"@type":["WebPage","RealEstateListing"],"@id":"https:\/\/jhrealestate.es\/fr\/propriete\/al-jhre030\/","url":"https:\/\/jhrealestate.es\/fr\/propriete\/al-jhre030\/","name":"AL-JHRE030 - Dernier \u00c9tage avec terrasse couverte et piscine communautaire dans l'urbanisation Los Colibris de Sa Torre | JH Real Estate Mallorca","isPartOf":{"@id":"https:\/\/jhrealestate.es\/fr\/#website"},"primaryImageOfPage":{"@id":"https:\/\/jhrealestate.es\/fr\/propriete\/al-jhre030\/#primaryimage"},"image":{"@id":"https:\/\/jhrealestate.es\/fr\/propriete\/al-jhre030\/#primaryimage"},"thumbnailUrl":"https:\/\/jhrealestate.es\/wp-content\/uploads\/2022\/10\/AL-JHRE030-1-1.jpg","datePublished":"2022-10-21T19:29:03+00:00","dateModified":"2023-07-24T16:04:52+00:00","breadcrumb":{"@id":"https:\/\/jhrealestate.es\/fr\/propriete\/al-jhre030\/#breadcrumb"},"inLanguage":"fr-FR","potentialAction":[{"@type":"ReadAction","target":["https:\/\/jhrealestate.es\/fr\/propriete\/al-jhre030\/"]}]},{"@type":"ImageObject","inLanguage":"fr-FR","@id":"https:\/\/jhrealestate.es\/fr\/propriete\/al-jhre030\/#primaryimage","url":"https:\/\/jhrealestate.es\/wp-content\/uploads\/2022\/10\/AL-JHRE030-1-1.jpg","contentUrl":"https:\/\/jhrealestate.es\/wp-content\/uploads\/2022\/10\/AL-JHRE030-1-1.jpg","width":1600,"height":900},{"@type":"BreadcrumbList","@id":"https:\/\/jhrealestate.es\/fr\/propriete\/al-jhre030\/#breadcrumb","itemListElement":[{"@type":"ListItem","position":1,"name":"Portada","item":"https:\/\/jhrealestate.es\/fr\/"},{"@type":"ListItem","position":2,"name":"Propri\u00e9t\u00e9s","item":"https:\/\/jhrealestate.es\/fr\/propriete\/"},{"@type":"ListItem","position":3,"name":"AL-JHRE030 &#8211; Dernier \u00c9tage avec terrasse couverte et piscine communautaire dans l&rsquo;urbanisation Los Colibris de Sa Torre"}]},{"@type":"WebSite","@id":"https:\/\/jhrealestate.es\/fr\/#website","url":"https:\/\/jhrealestate.es\/fr\/","name":"JH Real Estate Mallorca","description":"Real Estate en Mallorca","publisher":{"@id":"https:\/\/jhrealestate.es\/fr\/#organization"},"potentialAction":[{"@type":"SearchAction","target":{"@type":"EntryPoint","urlTemplate":"https:\/\/jhrealestate.es\/fr\/?s={search_term_string}"},"query-input":{"@type":"PropertyValueSpecification","valueRequired":true,"valueName":"search_term_string"}}],"inLanguage":"fr-FR"},{"@type":"Organization","@id":"https:\/\/jhrealestate.es\/fr\/#organization","name":"JH Real Estate Mallorca","url":"https:\/\/jhrealestate.es\/fr\/","logo":{"@type":"ImageObject","inLanguage":"fr-FR","@id":"https:\/\/jhrealestate.es\/fr\/#\/schema\/logo\/image\/","url":"https:\/\/jhrealestate.es\/wp-content\/uploads\/2021\/11\/Logo-JHRE.png","contentUrl":"https:\/\/jhrealestate.es\/wp-content\/uploads\/2021\/11\/Logo-JHRE.png","width":252,"height":200,"caption":"JH Real Estate Mallorca"},"image":{"@id":"https:\/\/jhrealestate.es\/fr\/#\/schema\/logo\/image\/"},"sameAs":["https:\/\/www.facebook.com\/jh.realestatemallorca","https:\/\/www.instagram.com\/jh.realestatemallorca","https:\/\/www.youtube.com\/channel\/UCwlku0kp0G8CPBZ61xelIHw","https:\/\/www.linkedin.com\/in\/joseheredia1973\/"]}]}},"_links":{"self":[{"href":"https:\/\/jhrealestate.es\/fr\/wp-json\/wp\/v2\/properties\/5204","targetHints":{"allow":["GET"]}}],"collection":[{"href":"https:\/\/jhrealestate.es\/fr\/wp-json\/wp\/v2\/properties"}],"about":[{"href":"https:\/\/jhrealestate.es\/fr\/wp-json\/wp\/v2\/types\/rem_property"}],"author":[{"embeddable":true,"href":"https:\/\/jhrealestate.es\/fr\/wp-json\/wp\/v2\/users\/3"}],"wp:featuredmedia":[{"embeddable":true,"href":"https:\/\/jhrealestate.es\/fr\/wp-json\/wp\/v2\/media\/5922"}],"wp:attachment":[{"href":"https:\/\/jhrealestate.es\/fr\/wp-json\/wp\/v2\/media?parent=5204"}],"wp:term":[{"taxonomy":"rem_property_cat","embeddable":true,"href":"https:\/\/jhrealestate.es\/fr\/wp-json\/wp\/v2\/rem_property_cat?post=5204"}],"curies":[{"name":"wp","href":"https:\/\/api.w.org\/{rel}","templated":true}]}}

AL-JHRE030 &#8211; Dernier Étage avec terrasse couverte et piscine communautaire dans l&rsquo;urbanisation Los Colibris de Sa Torre

<p>ATTENTION &#8211; DISPONIBLE DU 03/11/2022 AU 31/03/2023 (LOCATION MINIMUM 1 MOIS) Dernier Étage avec terrasse couverte et piscine communautaire dans l&rsquo;urbanisation Los Colibris de Sa Torre L’appartement est situé au 2ème et dernier étage de l&rsquo;immeuble et a une superficie construite de 55 m2 avec une terrasse de 12 m2 et se compose de •   Séjour avec canapé-lit, coin TV et accès à une terrasse couverte avec vue sur la piscine communautaire et le jardin •   Cuisine entièrement meublée et équipée avec bar pour les repas •   Chambre double avec armoire intégrée et lit avec rangement •   Solarium à l&rsquo;étage supérieur •   Buanderie séparée avec machine à laver •   Salle de bain complète avec baignoire/douche •   Parking intérieur non couvert inclus (Seulement pour un séjour minimum de 2 mois &#8211; Stationnement facile dans la rue) •   Climatisation (Froid/Chaleur) dans le salon et la chambre •   Immeuble avec ascenseur •   LES ANIMAUX DE COMPAGNIE NE SONT PAS AUTORISÉS •   Année de construction 2005 A l&rsquo;extérieur, vous trouverez un grand jardin bien entretenu avec une piscine commune. L&rsquo;appartement est loué entièrement meublé avec tous les ustensiles de cuisine, draps et serviettes de bain. Le loyer comprend les dépenses de la communauté. Eau et électricité à la charge des locataires.1 mois de caution Dans la région, vous trouverez toutes sortes de services, des magasins, des supermarchés, des écoles, des clubs de tennis et le Golf de Maioris. A 15 minutes de Palma et à 10 minutes de l&rsquo;aéroport.</p>

<!-- This site is optimized with the Yoast SEO plugin v26.9 - https://yoast.com/product/yoast-seo-wordpress/ -->
<title>AL-JHRE030 - Dernier Étage avec terrasse couverte et piscine communautaire dans l&#039;urbanisation Los Colibris de Sa Torre | JH Real Estate Mallorca</title>
<meta name="robots" content="index, follow, max-snippet:-1, max-image-preview:large, max-video-preview:-1" />
<link rel="canonical" href="https://jhrealestate.es/fr/propriete/al-jhre030/" />
<meta property="og:locale" content="fr_FR" />
<meta property="og:type" content="article" />
<meta property="og:title" content="AL-JHRE030 - Dernier Étage avec terrasse couverte et piscine communautaire dans l&#039;urbanisation Los Colibris de Sa Torre | JH Real Estate Mallorca" />
<meta property="og:description" content="SA TORRE - LLUCMAJOR" />
<meta property="og:url" content="https://jhrealestate.es/fr/propriete/al-jhre030/" />
<meta property="og:site_name" content="JH Real Estate Mallorca" />
<meta property="article:publisher" content="https://www.facebook.com/jh.realestatemallorca" />
<meta property="article:modified_time" content="2023-07-24T16:04:52+00:00" />
<meta property="og:image" content="https://jhrealestate.es/wp-content/uploads/2022/10/AL-JHRE030-1-1-1024x576.jpg" />
<meta name="twitter:card" content="summary_large_image" />
<meta name="twitter:label1" content="Durée de lecture estimée" />
	<meta name="twitter:data1" content="1 minute" />
<script type="application/ld+json" class="yoast-schema-graph">{"@context":"https://schema.org","@graph":[{"@type":["WebPage","RealEstateListing"],"@id":"https://jhrealestate.es/fr/propriete/al-jhre030/","url":"https://jhrealestate.es/fr/propriete/al-jhre030/","name":"AL-JHRE030 - Dernier Étage avec terrasse couverte et piscine communautaire dans l'urbanisation Los Colibris de Sa Torre | JH Real Estate Mallorca","isPartOf":{"@id":"https://jhrealestate.es/fr/#website"},"primaryImageOfPage":{"@id":"https://jhrealestate.es/fr/propriete/al-jhre030/#primaryimage"},"image":{"@id":"https://jhrealestate.es/fr/propriete/al-jhre030/#primaryimage"},"thumbnailUrl":"https://jhrealestate.es/wp-content/uploads/2022/10/AL-JHRE030-1-1.jpg","datePublished":"2022-10-21T19:29:03+00:00","dateModified":"2023-07-24T16:04:52+00:00","breadcrumb":{"@id":"https://jhrealestate.es/fr/propriete/al-jhre030/#breadcrumb"},"inLanguage":"fr-FR","potentialAction":[{"@type":"ReadAction","target":["https://jhrealestate.es/fr/propriete/al-jhre030/"]}]},{"@type":"ImageObject","inLanguage":"fr-FR","@id":"https://jhrealestate.es/fr/propriete/al-jhre030/#primaryimage","url":"https://jhrealestate.es/wp-content/uploads/2022/10/AL-JHRE030-1-1.jpg","contentUrl":"https://jhrealestate.es/wp-content/uploads/2022/10/AL-JHRE030-1-1.jpg","width":1600,"height":900},{"@type":"BreadcrumbList","@id":"https://jhrealestate.es/fr/propriete/al-jhre030/#breadcrumb","itemListElement":[{"@type":"ListItem","position":1,"name":"Portada","item":"https://jhrealestate.es/fr/"},{"@type":"ListItem","position":2,"name":"Propriétés","item":"https://jhrealestate.es/fr/propriete/"},{"@type":"ListItem","position":3,"name":"AL-JHRE030 &#8211; Dernier Étage avec terrasse couverte et piscine communautaire dans l&rsquo;urbanisation Los Colibris de Sa Torre"}]},{"@type":"WebSite","@id":"https://jhrealestate.es/fr/#website","url":"https://jhrealestate.es/fr/","name":"JH Real Estate Mallorca","description":"Real Estate en Mallorca","publisher":{"@id":"https://jhrealestate.es/fr/#organization"},"potentialAction":[{"@type":"SearchAction","target":{"@type":"EntryPoint","urlTemplate":"https://jhrealestate.es/fr/?s={search_term_string}"},"query-input":{"@type":"PropertyValueSpecification","valueRequired":true,"valueName":"search_term_string"}}],"inLanguage":"fr-FR"},{"@type":"Organization","@id":"https://jhrealestate.es/fr/#organization","name":"JH Real Estate Mallorca","url":"https://jhrealestate.es/fr/","logo":{"@type":"ImageObject","inLanguage":"fr-FR","@id":"https://jhrealestate.es/fr/#/schema/logo/image/","url":"https://jhrealestate.es/wp-content/uploads/2021/11/Logo-JHRE.png","contentUrl":"https://jhrealestate.es/wp-content/uploads/2021/11/Logo-JHRE.png","width":252,"height":200,"caption":"JH Real Estate Mallorca"},"image":{"@id":"https://jhrealestate.es/fr/#/schema/logo/image/"},"sameAs":["https://www.facebook.com/jh.realestatemallorca","https://www.instagram.com/jh.realestatemallorca","https://www.youtube.com/channel/UCwlku0kp0G8CPBZ61xelIHw","https://www.linkedin.com/in/joseheredia1973/"]}]}</script>
<!-- / Yoast SEO plugin. -->

AL-JHRE030 - Dernier Étage avec terrasse couverte et piscine communautaire dans l'urbanisation Los Colibris de Sa Torre | JH Real Estate Mallorca

Propriétés
