{"id":5704,"date":"2022-09-01T22:39:52","date_gmt":"2022-09-01T20:39:52","guid":{"rendered":"https:\/\/jhrealestate.es\/propiedad\/al-jhre035\/"},"modified":"2023-07-24T18:08:22","modified_gmt":"2023-07-24T16:08:22","slug":"al-jhre035","status":"publish","type":"rem_property","link":"https:\/\/jhrealestate.es\/fr\/propriete\/al-jhre035\/","title":{"rendered":"AL-JHRE035 &#8211; Spacieux appartement de 3 chambres enti\u00e8rement r\u00e9nov\u00e9 sur la Plaza Madrid"},"content":{"rendered":"<p>L\u2019appartement est situ\u00e9 au 6\u00e8me \u00e9tage d&rsquo;un immeuble dans le quartier tr\u00e8s central de Camp de Serralta, \u00e0 moins de 10 minutes \u00e0 pied du Paseo Mallorca.<br \/>L&rsquo;appartement est en parfait \u00e9tat et a une superficie totale construite de 112 m2 (91 m\u00e8tres utiles avec une terrasse d&rsquo;environ 8 m2) distribu\u00e9s entre<\/p>\n<p>\u2022\u00a0 \u00a03 chambres doubles (toutes ext\u00e9rieures, la principale a une armoire int\u00e9gr\u00e9e)<br \/>\u2022\u00a0 \u00a0Salle \u00e0 manger tr\u00e8s lumineuse d&rsquo;environ 23 m2 avec acc\u00e8s \u00e0 une grande terrasse.<br \/>\u2022\u00a0 \u00a0Cuisine meubl\u00e9e et \u00e9quip\u00e9e enti\u00e8rement r\u00e9nov\u00e9e (\u00e9lectrom\u00e9nagers neufs) et avec acc\u00e8s \u00e0 une buanderie\/garde-manger avec lave-linge et chaudi\u00e8re \u00e0 gaz.<br \/>\u2022\u00a0 \u00a02 salles de bains enti\u00e8rement \u00e9quip\u00e9es, toutes deux avec douche<br \/>\u2022\u00a0 \u00a0Mat\u00e9riaux de haute qualit\u00e9<br \/>\u2022\u00a0 \u00a0Chauffage par radiateurs \u00e9lectriques<br \/>\u2022\u00a0 \u00a0Sol stratifi\u00e9, carrelage dans la cuisine et les salles de bain.<br \/>\u2022\u00a0 \u00a0Fen\u00eatres en aluminium blanc \u00e0 double vitrage.<br \/>\u2022\u00a0 \u00a0Logement adapt\u00e9 aux personnes \u00e0 mobilit\u00e9 r\u00e9duite<br \/>\u2022\u00a0 \u00a0Communaut\u00e9 calme avec seulement 13 voisins avec ascenseur<br \/>\u2022\u00a0 \u00a0Pr\u00e9-installation Internet fibre optique<br \/>\u2022\u00a0 \u00a0Les animaux domestiques ne sont pas accept\u00e9s.<br \/>\u2022\u00a0 \u00a0Parking disponible \u00e0 partir du 01\/09\/2023 \u00e0 100m sur la Plaza Madrid \u2013 Suppl\u00e9ment de 100 EUR\/mois.<\/p>\n<p>L\u2019appartement est lou\u00e9e ENTI\u00c8REMENT MEUBL\u00c9. Le loyer comprend les frais de communaut\u00e9 et l&rsquo;eau. Frais d&rsquo;\u00e9lectricit\u00e9, de gaz et d&rsquo;ordures m\u00e9nag\u00e8res \u00e0 la charge des locataires.<br \/>Dans les alentours vous trouverez une large gamme de services, commerces, supermarch\u00e9s, banques, pharmacies, etc&#8230; Arr\u00eat de bus \u00e0 50m.<\/p>\n<p>Conditions : 1 mois de caution<br \/>Honoraires agence immobili\u00e8re : 1 mois + 21% TVA<br \/>Nous recherchons des locataires longue dur\u00e9e (minimum 1 an) avec de bonnes r\u00e9f\u00e9rences et garanties. <\/p>\n","protected":false},"excerpt":{"rendered":"<p>CAMP D&rsquo;EN SERRALTA &#8211; PALMA<\/p>\n","protected":false},"author":3,"featured_media":5886,"parent":0,"menu_order":0,"template":"","rem_property_cat":[],"class_list":["post-5704","rem_property","type-rem_property","status-publish","has-post-thumbnail","hentry"],"yoast_head":"<!-- This site is optimized with the Yoast SEO plugin v26.9 - https:\/\/yoast.com\/product\/yoast-seo-wordpress\/ -->\n<title>AL-JHRE035 - Spacieux appartement de 3 chambres enti\u00e8rement r\u00e9nov\u00e9 sur la Plaza Madrid | JH Real Estate Mallorca<\/title>\n<meta name=\"robots\" content=\"index, follow, max-snippet:-1, max-image-preview:large, max-video-preview:-1\" \/>\n<link rel=\"canonical\" href=\"https:\/\/jhrealestate.es\/fr\/propriete\/al-jhre035\/\" \/>\n<meta property=\"og:locale\" content=\"fr_FR\" \/>\n<meta property=\"og:type\" content=\"article\" \/>\n<meta property=\"og:title\" content=\"AL-JHRE035 - Spacieux appartement de 3 chambres enti\u00e8rement r\u00e9nov\u00e9 sur la Plaza Madrid | JH Real Estate Mallorca\" \/>\n<meta property=\"og:description\" content=\"CAMP D&#039;EN SERRALTA - PALMA\" \/>\n<meta property=\"og:url\" content=\"https:\/\/jhrealestate.es\/fr\/propriete\/al-jhre035\/\" \/>\n<meta property=\"og:site_name\" content=\"JH Real Estate Mallorca\" \/>\n<meta property=\"article:publisher\" content=\"https:\/\/www.facebook.com\/jh.realestatemallorca\" \/>\n<meta property=\"article:modified_time\" content=\"2023-07-24T16:08:22+00:00\" \/>\n<meta property=\"og:image\" content=\"https:\/\/jhrealestate.es\/wp-content\/uploads\/2022\/12\/AL-JHRE035-1-2-1024x576.jpg\" \/>\n<meta name=\"twitter:card\" content=\"summary_large_image\" \/>\n<meta name=\"twitter:label1\" content=\"Dur\u00e9e de lecture estim\u00e9e\" \/>\n\t<meta name=\"twitter:data1\" content=\"1 minute\" \/>\n<script type=\"application\/ld+json\" class=\"yoast-schema-graph\">{\"@context\":\"https:\/\/schema.org\",\"@graph\":[{\"@type\":[\"WebPage\",\"RealEstateListing\"],\"@id\":\"https:\/\/jhrealestate.es\/fr\/propriete\/al-jhre035\/\",\"url\":\"https:\/\/jhrealestate.es\/fr\/propriete\/al-jhre035\/\",\"name\":\"AL-JHRE035 - Spacieux appartement de 3 chambres enti\u00e8rement r\u00e9nov\u00e9 sur la Plaza Madrid | JH Real Estate Mallorca\",\"isPartOf\":{\"@id\":\"https:\/\/jhrealestate.es\/fr\/#website\"},\"primaryImageOfPage\":{\"@id\":\"https:\/\/jhrealestate.es\/fr\/propriete\/al-jhre035\/#primaryimage\"},\"image\":{\"@id\":\"https:\/\/jhrealestate.es\/fr\/propriete\/al-jhre035\/#primaryimage\"},\"thumbnailUrl\":\"https:\/\/jhrealestate.es\/wp-content\/uploads\/2022\/12\/AL-JHRE035-1-1.jpg\",\"datePublished\":\"2022-09-01T20:39:52+00:00\",\"dateModified\":\"2023-07-24T16:08:22+00:00\",\"breadcrumb\":{\"@id\":\"https:\/\/jhrealestate.es\/fr\/propriete\/al-jhre035\/#breadcrumb\"},\"inLanguage\":\"fr-FR\",\"potentialAction\":[{\"@type\":\"ReadAction\",\"target\":[\"https:\/\/jhrealestate.es\/fr\/propriete\/al-jhre035\/\"]}]},{\"@type\":\"ImageObject\",\"inLanguage\":\"fr-FR\",\"@id\":\"https:\/\/jhrealestate.es\/fr\/propriete\/al-jhre035\/#primaryimage\",\"url\":\"https:\/\/jhrealestate.es\/wp-content\/uploads\/2022\/12\/AL-JHRE035-1-1.jpg\",\"contentUrl\":\"https:\/\/jhrealestate.es\/wp-content\/uploads\/2022\/12\/AL-JHRE035-1-1.jpg\",\"width\":1600,\"height\":900},{\"@type\":\"BreadcrumbList\",\"@id\":\"https:\/\/jhrealestate.es\/fr\/propriete\/al-jhre035\/#breadcrumb\",\"itemListElement\":[{\"@type\":\"ListItem\",\"position\":1,\"name\":\"Portada\",\"item\":\"https:\/\/jhrealestate.es\/fr\/\"},{\"@type\":\"ListItem\",\"position\":2,\"name\":\"Propri\u00e9t\u00e9s\",\"item\":\"https:\/\/jhrealestate.es\/fr\/propriete\/\"},{\"@type\":\"ListItem\",\"position\":3,\"name\":\"AL-JHRE035 &#8211; Spacieux appartement de 3 chambres enti\u00e8rement r\u00e9nov\u00e9 sur la Plaza Madrid\"}]},{\"@type\":\"WebSite\",\"@id\":\"https:\/\/jhrealestate.es\/fr\/#website\",\"url\":\"https:\/\/jhrealestate.es\/fr\/\",\"name\":\"JH Real Estate Mallorca\",\"description\":\"Real Estate en Mallorca\",\"publisher\":{\"@id\":\"https:\/\/jhrealestate.es\/fr\/#organization\"},\"potentialAction\":[{\"@type\":\"SearchAction\",\"target\":{\"@type\":\"EntryPoint\",\"urlTemplate\":\"https:\/\/jhrealestate.es\/fr\/?s={search_term_string}\"},\"query-input\":{\"@type\":\"PropertyValueSpecification\",\"valueRequired\":true,\"valueName\":\"search_term_string\"}}],\"inLanguage\":\"fr-FR\"},{\"@type\":\"Organization\",\"@id\":\"https:\/\/jhrealestate.es\/fr\/#organization\",\"name\":\"JH Real Estate Mallorca\",\"url\":\"https:\/\/jhrealestate.es\/fr\/\",\"logo\":{\"@type\":\"ImageObject\",\"inLanguage\":\"fr-FR\",\"@id\":\"https:\/\/jhrealestate.es\/fr\/#\/schema\/logo\/image\/\",\"url\":\"https:\/\/jhrealestate.es\/wp-content\/uploads\/2021\/11\/Logo-JHRE.png\",\"contentUrl\":\"https:\/\/jhrealestate.es\/wp-content\/uploads\/2021\/11\/Logo-JHRE.png\",\"width\":252,\"height\":200,\"caption\":\"JH Real Estate Mallorca\"},\"image\":{\"@id\":\"https:\/\/jhrealestate.es\/fr\/#\/schema\/logo\/image\/\"},\"sameAs\":[\"https:\/\/www.facebook.com\/jh.realestatemallorca\",\"https:\/\/www.instagram.com\/jh.realestatemallorca\",\"https:\/\/www.youtube.com\/channel\/UCwlku0kp0G8CPBZ61xelIHw\",\"https:\/\/www.linkedin.com\/in\/joseheredia1973\/\"]}]}<\/script>\n<!-- \/ Yoast SEO plugin. -->","yoast_head_json":{"title":"AL-JHRE035 - Spacieux appartement de 3 chambres enti\u00e8rement r\u00e9nov\u00e9 sur la Plaza Madrid | JH Real Estate Mallorca","robots":{"index":"index","follow":"follow","max-snippet":"max-snippet:-1","max-image-preview":"max-image-preview:large","max-video-preview":"max-video-preview:-1"},"canonical":"https:\/\/jhrealestate.es\/fr\/propriete\/al-jhre035\/","og_locale":"fr_FR","og_type":"article","og_title":"AL-JHRE035 - Spacieux appartement de 3 chambres enti\u00e8rement r\u00e9nov\u00e9 sur la Plaza Madrid | JH Real Estate Mallorca","og_description":"CAMP D'EN SERRALTA - PALMA","og_url":"https:\/\/jhrealestate.es\/fr\/propriete\/al-jhre035\/","og_site_name":"JH Real Estate Mallorca","article_publisher":"https:\/\/www.facebook.com\/jh.realestatemallorca","article_modified_time":"2023-07-24T16:08:22+00:00","og_image":[{"url":"https:\/\/jhrealestate.es\/wp-content\/uploads\/2022\/12\/AL-JHRE035-1-2-1024x576.jpg","type":"","width":"","height":""}],"twitter_card":"summary_large_image","twitter_misc":{"Dur\u00e9e de lecture estim\u00e9e":"1 minute"},"schema":{"@context":"https:\/\/schema.org","@graph":[{"@type":["WebPage","RealEstateListing"],"@id":"https:\/\/jhrealestate.es\/fr\/propriete\/al-jhre035\/","url":"https:\/\/jhrealestate.es\/fr\/propriete\/al-jhre035\/","name":"AL-JHRE035 - Spacieux appartement de 3 chambres enti\u00e8rement r\u00e9nov\u00e9 sur la Plaza Madrid | JH Real Estate Mallorca","isPartOf":{"@id":"https:\/\/jhrealestate.es\/fr\/#website"},"primaryImageOfPage":{"@id":"https:\/\/jhrealestate.es\/fr\/propriete\/al-jhre035\/#primaryimage"},"image":{"@id":"https:\/\/jhrealestate.es\/fr\/propriete\/al-jhre035\/#primaryimage"},"thumbnailUrl":"https:\/\/jhrealestate.es\/wp-content\/uploads\/2022\/12\/AL-JHRE035-1-1.jpg","datePublished":"2022-09-01T20:39:52+00:00","dateModified":"2023-07-24T16:08:22+00:00","breadcrumb":{"@id":"https:\/\/jhrealestate.es\/fr\/propriete\/al-jhre035\/#breadcrumb"},"inLanguage":"fr-FR","potentialAction":[{"@type":"ReadAction","target":["https:\/\/jhrealestate.es\/fr\/propriete\/al-jhre035\/"]}]},{"@type":"ImageObject","inLanguage":"fr-FR","@id":"https:\/\/jhrealestate.es\/fr\/propriete\/al-jhre035\/#primaryimage","url":"https:\/\/jhrealestate.es\/wp-content\/uploads\/2022\/12\/AL-JHRE035-1-1.jpg","contentUrl":"https:\/\/jhrealestate.es\/wp-content\/uploads\/2022\/12\/AL-JHRE035-1-1.jpg","width":1600,"height":900},{"@type":"BreadcrumbList","@id":"https:\/\/jhrealestate.es\/fr\/propriete\/al-jhre035\/#breadcrumb","itemListElement":[{"@type":"ListItem","position":1,"name":"Portada","item":"https:\/\/jhrealestate.es\/fr\/"},{"@type":"ListItem","position":2,"name":"Propri\u00e9t\u00e9s","item":"https:\/\/jhrealestate.es\/fr\/propriete\/"},{"@type":"ListItem","position":3,"name":"AL-JHRE035 &#8211; Spacieux appartement de 3 chambres enti\u00e8rement r\u00e9nov\u00e9 sur la Plaza Madrid"}]},{"@type":"WebSite","@id":"https:\/\/jhrealestate.es\/fr\/#website","url":"https:\/\/jhrealestate.es\/fr\/","name":"JH Real Estate Mallorca","description":"Real Estate en Mallorca","publisher":{"@id":"https:\/\/jhrealestate.es\/fr\/#organization"},"potentialAction":[{"@type":"SearchAction","target":{"@type":"EntryPoint","urlTemplate":"https:\/\/jhrealestate.es\/fr\/?s={search_term_string}"},"query-input":{"@type":"PropertyValueSpecification","valueRequired":true,"valueName":"search_term_string"}}],"inLanguage":"fr-FR"},{"@type":"Organization","@id":"https:\/\/jhrealestate.es\/fr\/#organization","name":"JH Real Estate Mallorca","url":"https:\/\/jhrealestate.es\/fr\/","logo":{"@type":"ImageObject","inLanguage":"fr-FR","@id":"https:\/\/jhrealestate.es\/fr\/#\/schema\/logo\/image\/","url":"https:\/\/jhrealestate.es\/wp-content\/uploads\/2021\/11\/Logo-JHRE.png","contentUrl":"https:\/\/jhrealestate.es\/wp-content\/uploads\/2021\/11\/Logo-JHRE.png","width":252,"height":200,"caption":"JH Real Estate Mallorca"},"image":{"@id":"https:\/\/jhrealestate.es\/fr\/#\/schema\/logo\/image\/"},"sameAs":["https:\/\/www.facebook.com\/jh.realestatemallorca","https:\/\/www.instagram.com\/jh.realestatemallorca","https:\/\/www.youtube.com\/channel\/UCwlku0kp0G8CPBZ61xelIHw","https:\/\/www.linkedin.com\/in\/joseheredia1973\/"]}]}},"_links":{"self":[{"href":"https:\/\/jhrealestate.es\/fr\/wp-json\/wp\/v2\/properties\/5704","targetHints":{"allow":["GET"]}}],"collection":[{"href":"https:\/\/jhrealestate.es\/fr\/wp-json\/wp\/v2\/properties"}],"about":[{"href":"https:\/\/jhrealestate.es\/fr\/wp-json\/wp\/v2\/types\/rem_property"}],"author":[{"embeddable":true,"href":"https:\/\/jhrealestate.es\/fr\/wp-json\/wp\/v2\/users\/3"}],"wp:featuredmedia":[{"embeddable":true,"href":"https:\/\/jhrealestate.es\/fr\/wp-json\/wp\/v2\/media\/5886"}],"wp:attachment":[{"href":"https:\/\/jhrealestate.es\/fr\/wp-json\/wp\/v2\/media?parent=5704"}],"wp:term":[{"taxonomy":"rem_property_cat","embeddable":true,"href":"https:\/\/jhrealestate.es\/fr\/wp-json\/wp\/v2\/rem_property_cat?post=5704"}],"curies":[{"name":"wp","href":"https:\/\/api.w.org\/{rel}","templated":true}]}}

AL-JHRE035 &#8211; Spacieux appartement de 3 chambres entièrement rénové sur la Plaza Madrid

<p>L’appartement est situé au 6ème étage d&rsquo;un immeuble dans le quartier très central de Camp de Serralta, à moins de 10 minutes à pied du Paseo Mallorca.<br />L&rsquo;appartement est en parfait état et a une superficie totale construite de 112 m2 (91 mètres utiles avec une terrasse d&rsquo;environ 8 m2) distribués entre</p>
<p>•   3 chambres doubles (toutes extérieures, la principale a une armoire intégrée)<br />•   Salle à manger très lumineuse d&rsquo;environ 23 m2 avec accès à une grande terrasse.<br />•   Cuisine meublée et équipée entièrement rénovée (électroménagers neufs) et avec accès à une buanderie/garde-manger avec lave-linge et chaudière à gaz.<br />•   2 salles de bains entièrement équipées, toutes deux avec douche<br />•   Matériaux de haute qualité<br />•   Chauffage par radiateurs électriques<br />•   Sol stratifié, carrelage dans la cuisine et les salles de bain.<br />•   Fenêtres en aluminium blanc à double vitrage.<br />•   Logement adapté aux personnes à mobilité réduite<br />•   Communauté calme avec seulement 13 voisins avec ascenseur<br />•   Pré-installation Internet fibre optique<br />•   Les animaux domestiques ne sont pas acceptés.<br />•   Parking disponible à partir du 01/09/2023 à 100m sur la Plaza Madrid – Supplément de 100 EUR/mois.</p>
<p>L’appartement est louée ENTIÈREMENT MEUBLÉ. Le loyer comprend les frais de communauté et l&rsquo;eau. Frais d&rsquo;électricité, de gaz et d&rsquo;ordures ménagères à la charge des locataires.<br />Dans les alentours vous trouverez une large gamme de services, commerces, supermarchés, banques, pharmacies, etc&#8230; Arrêt de bus à 50m.</p>
<p>Conditions : 1 mois de caution<br />Honoraires agence immobilière : 1 mois + 21% TVA<br />Nous recherchons des locataires longue durée (minimum 1 an) avec de bonnes références et garanties. </p>

<!-- This site is optimized with the Yoast SEO plugin v26.9 - https://yoast.com/product/yoast-seo-wordpress/ -->
<title>AL-JHRE035 - Spacieux appartement de 3 chambres entièrement rénové sur la Plaza Madrid | JH Real Estate Mallorca</title>
<meta name="robots" content="index, follow, max-snippet:-1, max-image-preview:large, max-video-preview:-1" />
<link rel="canonical" href="https://jhrealestate.es/fr/propriete/al-jhre035/" />
<meta property="og:locale" content="fr_FR" />
<meta property="og:type" content="article" />
<meta property="og:title" content="AL-JHRE035 - Spacieux appartement de 3 chambres entièrement rénové sur la Plaza Madrid | JH Real Estate Mallorca" />
<meta property="og:description" content="CAMP D&#039;EN SERRALTA - PALMA" />
<meta property="og:url" content="https://jhrealestate.es/fr/propriete/al-jhre035/" />
<meta property="og:site_name" content="JH Real Estate Mallorca" />
<meta property="article:publisher" content="https://www.facebook.com/jh.realestatemallorca" />
<meta property="article:modified_time" content="2023-07-24T16:08:22+00:00" />
<meta property="og:image" content="https://jhrealestate.es/wp-content/uploads/2022/12/AL-JHRE035-1-2-1024x576.jpg" />
<meta name="twitter:card" content="summary_large_image" />
<meta name="twitter:label1" content="Durée de lecture estimée" />
	<meta name="twitter:data1" content="1 minute" />
<script type="application/ld+json" class="yoast-schema-graph">{"@context":"https://schema.org","@graph":[{"@type":["WebPage","RealEstateListing"],"@id":"https://jhrealestate.es/fr/propriete/al-jhre035/","url":"https://jhrealestate.es/fr/propriete/al-jhre035/","name":"AL-JHRE035 - Spacieux appartement de 3 chambres entièrement rénové sur la Plaza Madrid | JH Real Estate Mallorca","isPartOf":{"@id":"https://jhrealestate.es/fr/#website"},"primaryImageOfPage":{"@id":"https://jhrealestate.es/fr/propriete/al-jhre035/#primaryimage"},"image":{"@id":"https://jhrealestate.es/fr/propriete/al-jhre035/#primaryimage"},"thumbnailUrl":"https://jhrealestate.es/wp-content/uploads/2022/12/AL-JHRE035-1-1.jpg","datePublished":"2022-09-01T20:39:52+00:00","dateModified":"2023-07-24T16:08:22+00:00","breadcrumb":{"@id":"https://jhrealestate.es/fr/propriete/al-jhre035/#breadcrumb"},"inLanguage":"fr-FR","potentialAction":[{"@type":"ReadAction","target":["https://jhrealestate.es/fr/propriete/al-jhre035/"]}]},{"@type":"ImageObject","inLanguage":"fr-FR","@id":"https://jhrealestate.es/fr/propriete/al-jhre035/#primaryimage","url":"https://jhrealestate.es/wp-content/uploads/2022/12/AL-JHRE035-1-1.jpg","contentUrl":"https://jhrealestate.es/wp-content/uploads/2022/12/AL-JHRE035-1-1.jpg","width":1600,"height":900},{"@type":"BreadcrumbList","@id":"https://jhrealestate.es/fr/propriete/al-jhre035/#breadcrumb","itemListElement":[{"@type":"ListItem","position":1,"name":"Portada","item":"https://jhrealestate.es/fr/"},{"@type":"ListItem","position":2,"name":"Propriétés","item":"https://jhrealestate.es/fr/propriete/"},{"@type":"ListItem","position":3,"name":"AL-JHRE035 &#8211; Spacieux appartement de 3 chambres entièrement rénové sur la Plaza Madrid"}]},{"@type":"WebSite","@id":"https://jhrealestate.es/fr/#website","url":"https://jhrealestate.es/fr/","name":"JH Real Estate Mallorca","description":"Real Estate en Mallorca","publisher":{"@id":"https://jhrealestate.es/fr/#organization"},"potentialAction":[{"@type":"SearchAction","target":{"@type":"EntryPoint","urlTemplate":"https://jhrealestate.es/fr/?s={search_term_string}"},"query-input":{"@type":"PropertyValueSpecification","valueRequired":true,"valueName":"search_term_string"}}],"inLanguage":"fr-FR"},{"@type":"Organization","@id":"https://jhrealestate.es/fr/#organization","name":"JH Real Estate Mallorca","url":"https://jhrealestate.es/fr/","logo":{"@type":"ImageObject","inLanguage":"fr-FR","@id":"https://jhrealestate.es/fr/#/schema/logo/image/","url":"https://jhrealestate.es/wp-content/uploads/2021/11/Logo-JHRE.png","contentUrl":"https://jhrealestate.es/wp-content/uploads/2021/11/Logo-JHRE.png","width":252,"height":200,"caption":"JH Real Estate Mallorca"},"image":{"@id":"https://jhrealestate.es/fr/#/schema/logo/image/"},"sameAs":["https://www.facebook.com/jh.realestatemallorca","https://www.instagram.com/jh.realestatemallorca","https://www.youtube.com/channel/UCwlku0kp0G8CPBZ61xelIHw","https://www.linkedin.com/in/joseheredia1973/"]}]}</script>
<!-- / Yoast SEO plugin. -->

AL-JHRE035 - Spacieux appartement de 3 chambres entièrement rénové sur la Plaza Madrid | JH Real Estate Mallorca

Propriétés
