{"id":7250,"date":"2013-04-07T11:09:56","date_gmt":"2013-04-07T09:09:56","guid":{"rendered":"https:\/\/jhrealestate.es\/propiedad\/ve-jhre033\/"},"modified":"2023-07-20T17:17:22","modified_gmt":"2023-07-20T15:17:22","slug":"ve-jhre033","status":"publish","type":"rem_property","link":"https:\/\/jhrealestate.es\/fr\/propriete\/ve-jhre033\/","title":{"rendered":"VE-JHRE033 &#8211; Bel appartement de 2 chambres entre le Paseo Mallorca et Jaime III"},"content":{"rendered":"<p>Bel appartement enti\u00e8rement r\u00e9nov\u00e9 d&rsquo;environ 71 m2 dans une rue centrale de Palma entre Paseo Mallorca et Jaime III. C&rsquo;est le seul appartement situ\u00e9 au 2\u00e8me \u00e9tage de cet immeuble avec 11 voisins<\/p>\n<p>L\u2019entr\u00e9e \u00e0 la maison se fait par un petit hall. \u00c0 gauche, nous trouvons 2 chambres doubles, la principale est tr\u00e8s spacieuse avec une superficie d&rsquo;environ 16 m2 et une grande armoire int\u00e9gr\u00e9e faite sur mesure et la deuxi\u00e8me chambre un peu plus petite a une armoire int\u00e9gr\u00e9e et un acc\u00e8s \u00e0 une balcon avec vue sur la promenade du Paso Mallorca.<\/p>\n<p>\u2022 Salle de bain enti\u00e8rement \u00e9quip\u00e9e et meubl\u00e9e avec baignoire\/douche.<br \/>\u2022 Grande salle \u00e0 manger lumineuse avec deux espaces : salle \u00e0 manger et salon.<br \/>\u2022 Cuisine ind\u00e9pendante enti\u00e8rement \u00e9quip\u00e9e en \u00e9lectrom\u00e9nagers (r\u00e9frig\u00e9rateur, four, micro-ondes et plaques de gaz, emplacement pour lave-vaisselle &#8211; non inclus) et acc\u00e8s \u00e0 une petite buanderie avec lave-linge.<br \/>\u2022 Climatisation (chaud\/froid) dans le salon\/salle \u00e0 manger et pr\u00e9-installation dans les deux chambres<br \/>\u2022 Fen\u00eatres en PVC avec double vitrage, volets roulants \u00e9lectriques dans le s\u00e9jour et la chambre parentale.<br \/>\u2022 Sol stratifi\u00e9 (carrelage dans la salle de bain et la cuisine)<br \/>\u2022 Gaz de ville <br \/>\u2022 Immeuble avec ascenseur<\/p>\n<p>Dans les environs, vous trouverez toutes sortes de commerces et de boutiques, des magasins de mode, des galeries d&rsquo;art, des mus\u00e9es et une large offre gastronomique.<br \/>Le prix comprend les meubles que l&rsquo;on peut voir sur les photos, mais n&rsquo;inclut pas les taxes et frais inh\u00e9rents \u00e0 l&rsquo;achat.<\/p>\n<p>Contactez-nous pour plus d&rsquo;informations et programmer une visite!<\/p>\n","protected":false},"excerpt":{"rendered":"<p>PALMA &#8211; PASEO MALLORCA<\/p>\n","protected":false},"author":3,"featured_media":7150,"parent":0,"menu_order":0,"template":"","rem_property_cat":[],"class_list":["post-7250","rem_property","type-rem_property","status-publish","has-post-thumbnail","hentry"],"yoast_head":"<!-- This site is optimized with the Yoast SEO plugin v26.9 - https:\/\/yoast.com\/product\/yoast-seo-wordpress\/ -->\n<title>VE-JHRE033 - Bel appartement de 2 chambres entre le Paseo Mallorca et Jaime III | JH Real Estate Mallorca<\/title>\n<meta name=\"robots\" content=\"index, follow, max-snippet:-1, max-image-preview:large, max-video-preview:-1\" \/>\n<link rel=\"canonical\" href=\"https:\/\/jhrealestate.es\/fr\/propriete\/ve-jhre033\/\" \/>\n<meta property=\"og:locale\" content=\"fr_FR\" \/>\n<meta property=\"og:type\" content=\"article\" \/>\n<meta property=\"og:title\" content=\"VE-JHRE033 - Bel appartement de 2 chambres entre le Paseo Mallorca et Jaime III | JH Real Estate Mallorca\" \/>\n<meta property=\"og:description\" content=\"PALMA - PASEO MALLORCA\" \/>\n<meta property=\"og:url\" content=\"https:\/\/jhrealestate.es\/fr\/propriete\/ve-jhre033\/\" \/>\n<meta property=\"og:site_name\" content=\"JH Real Estate Mallorca\" \/>\n<meta property=\"article:publisher\" content=\"https:\/\/www.facebook.com\/jh.realestatemallorca\" \/>\n<meta property=\"article:modified_time\" content=\"2023-07-20T15:17:22+00:00\" \/>\n<meta property=\"og:image\" content=\"https:\/\/jhrealestate.es\/wp-content\/uploads\/2023\/04\/VE-JHRE033-1-1024x576.jpg\" \/>\n<meta name=\"twitter:card\" content=\"summary_large_image\" \/>\n<meta name=\"twitter:label1\" content=\"Dur\u00e9e de lecture estim\u00e9e\" \/>\n\t<meta name=\"twitter:data1\" content=\"1 minute\" \/>\n<script type=\"application\/ld+json\" class=\"yoast-schema-graph\">{\"@context\":\"https:\/\/schema.org\",\"@graph\":[{\"@type\":[\"WebPage\",\"RealEstateListing\"],\"@id\":\"https:\/\/jhrealestate.es\/fr\/propriete\/ve-jhre033\/\",\"url\":\"https:\/\/jhrealestate.es\/fr\/propriete\/ve-jhre033\/\",\"name\":\"VE-JHRE033 - Bel appartement de 2 chambres entre le Paseo Mallorca et Jaime III | JH Real Estate Mallorca\",\"isPartOf\":{\"@id\":\"https:\/\/jhrealestate.es\/fr\/#website\"},\"primaryImageOfPage\":{\"@id\":\"https:\/\/jhrealestate.es\/fr\/propriete\/ve-jhre033\/#primaryimage\"},\"image\":{\"@id\":\"https:\/\/jhrealestate.es\/fr\/propriete\/ve-jhre033\/#primaryimage\"},\"thumbnailUrl\":\"https:\/\/jhrealestate.es\/wp-content\/uploads\/2023\/04\/VE-JHRE033-1.jpg\",\"datePublished\":\"2013-04-07T09:09:56+00:00\",\"dateModified\":\"2023-07-20T15:17:22+00:00\",\"breadcrumb\":{\"@id\":\"https:\/\/jhrealestate.es\/fr\/propriete\/ve-jhre033\/#breadcrumb\"},\"inLanguage\":\"fr-FR\",\"potentialAction\":[{\"@type\":\"ReadAction\",\"target\":[\"https:\/\/jhrealestate.es\/fr\/propriete\/ve-jhre033\/\"]}]},{\"@type\":\"ImageObject\",\"inLanguage\":\"fr-FR\",\"@id\":\"https:\/\/jhrealestate.es\/fr\/propriete\/ve-jhre033\/#primaryimage\",\"url\":\"https:\/\/jhrealestate.es\/wp-content\/uploads\/2023\/04\/VE-JHRE033-1.jpg\",\"contentUrl\":\"https:\/\/jhrealestate.es\/wp-content\/uploads\/2023\/04\/VE-JHRE033-1.jpg\",\"width\":1600,\"height\":900},{\"@type\":\"BreadcrumbList\",\"@id\":\"https:\/\/jhrealestate.es\/fr\/propriete\/ve-jhre033\/#breadcrumb\",\"itemListElement\":[{\"@type\":\"ListItem\",\"position\":1,\"name\":\"Portada\",\"item\":\"https:\/\/jhrealestate.es\/fr\/\"},{\"@type\":\"ListItem\",\"position\":2,\"name\":\"Propri\u00e9t\u00e9s\",\"item\":\"https:\/\/jhrealestate.es\/fr\/propriete\/\"},{\"@type\":\"ListItem\",\"position\":3,\"name\":\"VE-JHRE033 &#8211; Bel appartement de 2 chambres entre le Paseo Mallorca et Jaime III\"}]},{\"@type\":\"WebSite\",\"@id\":\"https:\/\/jhrealestate.es\/fr\/#website\",\"url\":\"https:\/\/jhrealestate.es\/fr\/\",\"name\":\"JH Real Estate Mallorca\",\"description\":\"Real Estate en Mallorca\",\"publisher\":{\"@id\":\"https:\/\/jhrealestate.es\/fr\/#organization\"},\"potentialAction\":[{\"@type\":\"SearchAction\",\"target\":{\"@type\":\"EntryPoint\",\"urlTemplate\":\"https:\/\/jhrealestate.es\/fr\/?s={search_term_string}\"},\"query-input\":{\"@type\":\"PropertyValueSpecification\",\"valueRequired\":true,\"valueName\":\"search_term_string\"}}],\"inLanguage\":\"fr-FR\"},{\"@type\":\"Organization\",\"@id\":\"https:\/\/jhrealestate.es\/fr\/#organization\",\"name\":\"JH Real Estate Mallorca\",\"url\":\"https:\/\/jhrealestate.es\/fr\/\",\"logo\":{\"@type\":\"ImageObject\",\"inLanguage\":\"fr-FR\",\"@id\":\"https:\/\/jhrealestate.es\/fr\/#\/schema\/logo\/image\/\",\"url\":\"https:\/\/jhrealestate.es\/wp-content\/uploads\/2021\/11\/Logo-JHRE.png\",\"contentUrl\":\"https:\/\/jhrealestate.es\/wp-content\/uploads\/2021\/11\/Logo-JHRE.png\",\"width\":252,\"height\":200,\"caption\":\"JH Real Estate Mallorca\"},\"image\":{\"@id\":\"https:\/\/jhrealestate.es\/fr\/#\/schema\/logo\/image\/\"},\"sameAs\":[\"https:\/\/www.facebook.com\/jh.realestatemallorca\",\"https:\/\/www.instagram.com\/jh.realestatemallorca\",\"https:\/\/www.youtube.com\/channel\/UCwlku0kp0G8CPBZ61xelIHw\",\"https:\/\/www.linkedin.com\/in\/joseheredia1973\/\"]}]}<\/script>\n<!-- \/ Yoast SEO plugin. -->","yoast_head_json":{"title":"VE-JHRE033 - Bel appartement de 2 chambres entre le Paseo Mallorca et Jaime III | JH Real Estate Mallorca","robots":{"index":"index","follow":"follow","max-snippet":"max-snippet:-1","max-image-preview":"max-image-preview:large","max-video-preview":"max-video-preview:-1"},"canonical":"https:\/\/jhrealestate.es\/fr\/propriete\/ve-jhre033\/","og_locale":"fr_FR","og_type":"article","og_title":"VE-JHRE033 - Bel appartement de 2 chambres entre le Paseo Mallorca et Jaime III | JH Real Estate Mallorca","og_description":"PALMA - PASEO MALLORCA","og_url":"https:\/\/jhrealestate.es\/fr\/propriete\/ve-jhre033\/","og_site_name":"JH Real Estate Mallorca","article_publisher":"https:\/\/www.facebook.com\/jh.realestatemallorca","article_modified_time":"2023-07-20T15:17:22+00:00","og_image":[{"url":"https:\/\/jhrealestate.es\/wp-content\/uploads\/2023\/04\/VE-JHRE033-1-1024x576.jpg","type":"","width":"","height":""}],"twitter_card":"summary_large_image","twitter_misc":{"Dur\u00e9e de lecture estim\u00e9e":"1 minute"},"schema":{"@context":"https:\/\/schema.org","@graph":[{"@type":["WebPage","RealEstateListing"],"@id":"https:\/\/jhrealestate.es\/fr\/propriete\/ve-jhre033\/","url":"https:\/\/jhrealestate.es\/fr\/propriete\/ve-jhre033\/","name":"VE-JHRE033 - Bel appartement de 2 chambres entre le Paseo Mallorca et Jaime III | JH Real Estate Mallorca","isPartOf":{"@id":"https:\/\/jhrealestate.es\/fr\/#website"},"primaryImageOfPage":{"@id":"https:\/\/jhrealestate.es\/fr\/propriete\/ve-jhre033\/#primaryimage"},"image":{"@id":"https:\/\/jhrealestate.es\/fr\/propriete\/ve-jhre033\/#primaryimage"},"thumbnailUrl":"https:\/\/jhrealestate.es\/wp-content\/uploads\/2023\/04\/VE-JHRE033-1.jpg","datePublished":"2013-04-07T09:09:56+00:00","dateModified":"2023-07-20T15:17:22+00:00","breadcrumb":{"@id":"https:\/\/jhrealestate.es\/fr\/propriete\/ve-jhre033\/#breadcrumb"},"inLanguage":"fr-FR","potentialAction":[{"@type":"ReadAction","target":["https:\/\/jhrealestate.es\/fr\/propriete\/ve-jhre033\/"]}]},{"@type":"ImageObject","inLanguage":"fr-FR","@id":"https:\/\/jhrealestate.es\/fr\/propriete\/ve-jhre033\/#primaryimage","url":"https:\/\/jhrealestate.es\/wp-content\/uploads\/2023\/04\/VE-JHRE033-1.jpg","contentUrl":"https:\/\/jhrealestate.es\/wp-content\/uploads\/2023\/04\/VE-JHRE033-1.jpg","width":1600,"height":900},{"@type":"BreadcrumbList","@id":"https:\/\/jhrealestate.es\/fr\/propriete\/ve-jhre033\/#breadcrumb","itemListElement":[{"@type":"ListItem","position":1,"name":"Portada","item":"https:\/\/jhrealestate.es\/fr\/"},{"@type":"ListItem","position":2,"name":"Propri\u00e9t\u00e9s","item":"https:\/\/jhrealestate.es\/fr\/propriete\/"},{"@type":"ListItem","position":3,"name":"VE-JHRE033 &#8211; Bel appartement de 2 chambres entre le Paseo Mallorca et Jaime III"}]},{"@type":"WebSite","@id":"https:\/\/jhrealestate.es\/fr\/#website","url":"https:\/\/jhrealestate.es\/fr\/","name":"JH Real Estate Mallorca","description":"Real Estate en Mallorca","publisher":{"@id":"https:\/\/jhrealestate.es\/fr\/#organization"},"potentialAction":[{"@type":"SearchAction","target":{"@type":"EntryPoint","urlTemplate":"https:\/\/jhrealestate.es\/fr\/?s={search_term_string}"},"query-input":{"@type":"PropertyValueSpecification","valueRequired":true,"valueName":"search_term_string"}}],"inLanguage":"fr-FR"},{"@type":"Organization","@id":"https:\/\/jhrealestate.es\/fr\/#organization","name":"JH Real Estate Mallorca","url":"https:\/\/jhrealestate.es\/fr\/","logo":{"@type":"ImageObject","inLanguage":"fr-FR","@id":"https:\/\/jhrealestate.es\/fr\/#\/schema\/logo\/image\/","url":"https:\/\/jhrealestate.es\/wp-content\/uploads\/2021\/11\/Logo-JHRE.png","contentUrl":"https:\/\/jhrealestate.es\/wp-content\/uploads\/2021\/11\/Logo-JHRE.png","width":252,"height":200,"caption":"JH Real Estate Mallorca"},"image":{"@id":"https:\/\/jhrealestate.es\/fr\/#\/schema\/logo\/image\/"},"sameAs":["https:\/\/www.facebook.com\/jh.realestatemallorca","https:\/\/www.instagram.com\/jh.realestatemallorca","https:\/\/www.youtube.com\/channel\/UCwlku0kp0G8CPBZ61xelIHw","https:\/\/www.linkedin.com\/in\/joseheredia1973\/"]}]}},"_links":{"self":[{"href":"https:\/\/jhrealestate.es\/fr\/wp-json\/wp\/v2\/properties\/7250","targetHints":{"allow":["GET"]}}],"collection":[{"href":"https:\/\/jhrealestate.es\/fr\/wp-json\/wp\/v2\/properties"}],"about":[{"href":"https:\/\/jhrealestate.es\/fr\/wp-json\/wp\/v2\/types\/rem_property"}],"author":[{"embeddable":true,"href":"https:\/\/jhrealestate.es\/fr\/wp-json\/wp\/v2\/users\/3"}],"wp:featuredmedia":[{"embeddable":true,"href":"https:\/\/jhrealestate.es\/fr\/wp-json\/wp\/v2\/media\/7150"}],"wp:attachment":[{"href":"https:\/\/jhrealestate.es\/fr\/wp-json\/wp\/v2\/media?parent=7250"}],"wp:term":[{"taxonomy":"rem_property_cat","embeddable":true,"href":"https:\/\/jhrealestate.es\/fr\/wp-json\/wp\/v2\/rem_property_cat?post=7250"}],"curies":[{"name":"wp","href":"https:\/\/api.w.org\/{rel}","templated":true}]}}

<p>Bel appartement entièrement rénové d&rsquo;environ 71 m2 dans une rue centrale de Palma entre Paseo Mallorca et Jaime III. C&rsquo;est le seul appartement situé au 2ème étage de cet immeuble avec 11 voisins</p>
<p>L’entrée à la maison se fait par un petit hall. À gauche, nous trouvons 2 chambres doubles, la principale est très spacieuse avec une superficie d&rsquo;environ 16 m2 et une grande armoire intégrée faite sur mesure et la deuxième chambre un peu plus petite a une armoire intégrée et un accès à une balcon avec vue sur la promenade du Paso Mallorca.</p>
<p>• Salle de bain entièrement équipée et meublée avec baignoire/douche.<br />• Grande salle à manger lumineuse avec deux espaces : salle à manger et salon.<br />• Cuisine indépendante entièrement équipée en électroménagers (réfrigérateur, four, micro-ondes et plaques de gaz, emplacement pour lave-vaisselle &#8211; non inclus) et accès à une petite buanderie avec lave-linge.<br />• Climatisation (chaud/froid) dans le salon/salle à manger et pré-installation dans les deux chambres<br />• Fenêtres en PVC avec double vitrage, volets roulants électriques dans le séjour et la chambre parentale.<br />• Sol stratifié (carrelage dans la salle de bain et la cuisine)<br />• Gaz de ville <br />• Immeuble avec ascenseur</p>
<p>Dans les environs, vous trouverez toutes sortes de commerces et de boutiques, des magasins de mode, des galeries d&rsquo;art, des musées et une large offre gastronomique.<br />Le prix comprend les meubles que l&rsquo;on peut voir sur les photos, mais n&rsquo;inclut pas les taxes et frais inhérents à l&rsquo;achat.</p>
<p>Contactez-nous pour plus d&rsquo;informations et programmer une visite!</p>

<!-- This site is optimized with the Yoast SEO plugin v26.9 - https://yoast.com/product/yoast-seo-wordpress/ -->
<title>VE-JHRE033 - Bel appartement de 2 chambres entre le Paseo Mallorca et Jaime III | JH Real Estate Mallorca</title>
<meta name="robots" content="index, follow, max-snippet:-1, max-image-preview:large, max-video-preview:-1" />
<link rel="canonical" href="https://jhrealestate.es/fr/propriete/ve-jhre033/" />
<meta property="og:locale" content="fr_FR" />
<meta property="og:type" content="article" />
<meta property="og:title" content="VE-JHRE033 - Bel appartement de 2 chambres entre le Paseo Mallorca et Jaime III | JH Real Estate Mallorca" />
<meta property="og:description" content="PALMA - PASEO MALLORCA" />
<meta property="og:url" content="https://jhrealestate.es/fr/propriete/ve-jhre033/" />
<meta property="og:site_name" content="JH Real Estate Mallorca" />
<meta property="article:publisher" content="https://www.facebook.com/jh.realestatemallorca" />
<meta property="article:modified_time" content="2023-07-20T15:17:22+00:00" />
<meta property="og:image" content="https://jhrealestate.es/wp-content/uploads/2023/04/VE-JHRE033-1-1024x576.jpg" />
<meta name="twitter:card" content="summary_large_image" />
<meta name="twitter:label1" content="Durée de lecture estimée" />
	<meta name="twitter:data1" content="1 minute" />
<script type="application/ld+json" class="yoast-schema-graph">{"@context":"https://schema.org","@graph":[{"@type":["WebPage","RealEstateListing"],"@id":"https://jhrealestate.es/fr/propriete/ve-jhre033/","url":"https://jhrealestate.es/fr/propriete/ve-jhre033/","name":"VE-JHRE033 - Bel appartement de 2 chambres entre le Paseo Mallorca et Jaime III | JH Real Estate Mallorca","isPartOf":{"@id":"https://jhrealestate.es/fr/#website"},"primaryImageOfPage":{"@id":"https://jhrealestate.es/fr/propriete/ve-jhre033/#primaryimage"},"image":{"@id":"https://jhrealestate.es/fr/propriete/ve-jhre033/#primaryimage"},"thumbnailUrl":"https://jhrealestate.es/wp-content/uploads/2023/04/VE-JHRE033-1.jpg","datePublished":"2013-04-07T09:09:56+00:00","dateModified":"2023-07-20T15:17:22+00:00","breadcrumb":{"@id":"https://jhrealestate.es/fr/propriete/ve-jhre033/#breadcrumb"},"inLanguage":"fr-FR","potentialAction":[{"@type":"ReadAction","target":["https://jhrealestate.es/fr/propriete/ve-jhre033/"]}]},{"@type":"ImageObject","inLanguage":"fr-FR","@id":"https://jhrealestate.es/fr/propriete/ve-jhre033/#primaryimage","url":"https://jhrealestate.es/wp-content/uploads/2023/04/VE-JHRE033-1.jpg","contentUrl":"https://jhrealestate.es/wp-content/uploads/2023/04/VE-JHRE033-1.jpg","width":1600,"height":900},{"@type":"BreadcrumbList","@id":"https://jhrealestate.es/fr/propriete/ve-jhre033/#breadcrumb","itemListElement":[{"@type":"ListItem","position":1,"name":"Portada","item":"https://jhrealestate.es/fr/"},{"@type":"ListItem","position":2,"name":"Propriétés","item":"https://jhrealestate.es/fr/propriete/"},{"@type":"ListItem","position":3,"name":"VE-JHRE033 &#8211; Bel appartement de 2 chambres entre le Paseo Mallorca et Jaime III"}]},{"@type":"WebSite","@id":"https://jhrealestate.es/fr/#website","url":"https://jhrealestate.es/fr/","name":"JH Real Estate Mallorca","description":"Real Estate en Mallorca","publisher":{"@id":"https://jhrealestate.es/fr/#organization"},"potentialAction":[{"@type":"SearchAction","target":{"@type":"EntryPoint","urlTemplate":"https://jhrealestate.es/fr/?s={search_term_string}"},"query-input":{"@type":"PropertyValueSpecification","valueRequired":true,"valueName":"search_term_string"}}],"inLanguage":"fr-FR"},{"@type":"Organization","@id":"https://jhrealestate.es/fr/#organization","name":"JH Real Estate Mallorca","url":"https://jhrealestate.es/fr/","logo":{"@type":"ImageObject","inLanguage":"fr-FR","@id":"https://jhrealestate.es/fr/#/schema/logo/image/","url":"https://jhrealestate.es/wp-content/uploads/2021/11/Logo-JHRE.png","contentUrl":"https://jhrealestate.es/wp-content/uploads/2021/11/Logo-JHRE.png","width":252,"height":200,"caption":"JH Real Estate Mallorca"},"image":{"@id":"https://jhrealestate.es/fr/#/schema/logo/image/"},"sameAs":["https://www.facebook.com/jh.realestatemallorca","https://www.instagram.com/jh.realestatemallorca","https://www.youtube.com/channel/UCwlku0kp0G8CPBZ61xelIHw","https://www.linkedin.com/in/joseheredia1973/"]}]}</script>
<!-- / Yoast SEO plugin. -->

Propriétés
